000
CDUS41 KCLE 062116
CLIYNG


CLIMATE REPORT
NATIONAL WEATHER SERVICE CLEVELAND OH
516 PM EDT WED MAY 6 2015


...................................

...THE YOUNGSTOWN OH CLIMATE SUMMARY FOR MAY 6 2015...
VALID TODAY AS OF 0500 PM LOCAL TIME.

CLIMATE NORMAL PERIOD 1981 TO 2010
CLIMATE RECORD PERIOD 1897 TO 2015


WEATHER ITEM   OBSERVED TIME   RECORD YEAR NORMAL DEPARTURE LAST
                VALUE   (LST)  VALUE       VALUE  FROM      YEAR
                                                  NORMAL
..................................................................
TEMPERATURE (F)
 TODAY
  MAXIMUM         79    300 PM  90    1949  66     13       65
  MINIMUM         56    410 AM  28    1970  44     12       36
                                      1968
  AVERAGE         68                        55     13       51

PRECIPITATION (IN)
  TODAY            0.00                      0.12  -0.12     0.00
  MONTH TO DATE    0.05                      0.67  -0.62     0.10
  SINCE MAR 1      5.26                      6.97  -1.71     6.95
  SINCE JAN 1     10.49                     11.67  -1.18    11.64

SNOWFALL (IN)
  TODAY            0.0                       0.0    0.0      0.0
  MONTH TO DATE    0.0                       0.0    0.0      0.0
  SINCE MAR 1      9.5                      13.9   -4.4      9.1
  SINCE JUL 1     79.0                      62.7   16.3     90.1
  SNOW DEPTH       0

DEGREE DAYS
 HEATING
  TODAY            0                        10    -10       14
  MONTH TO DATE   26                        66    -40       86
  SINCE MAR 1   1457                      1445     12     1640
  SINCE JUL 1   6575                      6093    482     6708

 COOLING
  TODAY            3                         0      3        0
  MONTH TO DATE    8                         0      8        0
  SINCE MAR 1      8                         9     -1        0
  SINCE JAN 1      8                         9     -1        0
..................................................................


WIND (MPH)
  HIGHEST WIND SPEED    14   HIGHEST WIND DIRECTION     N (20)
  HIGHEST GUST SPEED    18   HIGHEST GUST DIRECTION     N (350)


SKY COVER
  POSSIBLE SUNSHINE  MM
  AVERAGE SKY COVER 0.9


WEATHER CONDITIONS
 THE FOLLOWING WEATHER WAS RECORDED TODAY.
  FOG


RELATIVE HUMIDITY (PERCENT)
 HIGHEST   100           200 AM
 LOWEST     52           200 PM
 AVERAGE    76

..........................................................


THE YOUNGSTOWN OH CLIMATE NORMALS FOR TOMORROW
                         NORMAL    RECORD    YEAR
 MAXIMUM TEMPERATURE (F)   67        85      2000
                                             1939
 MINIMUM TEMPERATURE (F)   44        24      1970


SUNRISE AND SUNSET
MAY  6 2015...........SUNRISE   614 AM EDT   SUNSET   825 PM EDT
MAY  7 2015...........SUNRISE   613 AM EDT   SUNSET   826 PM EDT


-  INDICATES NEGATIVE NUMBERS.
R  INDICATES RECORD WAS SET OR TIED.
MM INDICATES DATA IS MISSING.
T  INDICATES TRACE AMOUNT.




$$
