000
CDUS41 KCLE 272118
CLIYNG


CLIMATE REPORT
NATIONAL WEATHER SERVICE CLEVELAND OH
517 PM EDT MON APR 27 2015


...................................

...THE YOUNGSTOWN OH CLIMATE SUMMARY FOR APRIL 27 2015...
VALID TODAY AS OF 0500 PM LOCAL TIME.

CLIMATE NORMAL PERIOD 1981 TO 2010
CLIMATE RECORD PERIOD 1897 TO 2015


WEATHER ITEM   OBSERVED TIME   RECORD YEAR NORMAL DEPARTURE LAST
                VALUE   (LST)  VALUE       VALUE  FROM      YEAR
                                                  NORMAL
..................................................................
TEMPERATURE (F)
 TODAY
  MAXIMUM         43    359 PM  90    1942  64    -21       59
  MINIMUM         34    146 AM  24    1993  42     -8       29
  AVERAGE         39                        52    -13       44

PRECIPITATION (IN)
  TODAY            0.02                      0.11  -0.09     0.00
  MONTH TO DATE    2.81                      3.04  -0.23     3.09
  SINCE MAR 1      5.14                      5.98  -0.84     5.03
  SINCE JAN 1     10.37                     10.68  -0.31     9.72

SNOWFALL (IN)
  TODAY            0.0                       0.1   -0.1      0.0
  MONTH TO DATE    0.9                       3.0   -2.1      1.2
  SINCE MAR 1      9.5                      13.9   -4.4      9.1
  SINCE JUL 1     79.0                      62.7   16.3     90.1
  SNOW DEPTH       0

DEGREE DAYS
 HEATING
  TODAY           26                        13     13       21
  MONTH TO DATE  391                       465    -74      438
  SINCE MAR 1   1379                      1341     38     1516
  SINCE JUL 1   6497                      5989    508     6584

 COOLING
  TODAY            0                         0      0        0
  MONTH TO DATE    0                         0      0        0
  SINCE MAR 1      0                         1     -1        0
  SINCE JAN 1      0                         1     -1        0
..................................................................


WIND (MPH)
  HIGHEST WIND SPEED    18   HIGHEST WIND DIRECTION    NW (310)
  HIGHEST GUST SPEED    25   HIGHEST GUST DIRECTION    NW (320)


SKY COVER
  POSSIBLE SUNSHINE  MM
  AVERAGE SKY COVER 0.9


WEATHER CONDITIONS
 THE FOLLOWING WEATHER WAS RECORDED TODAY.
  LIGHT RAIN
  FOG
  HAZE


RELATIVE HUMIDITY (PERCENT)
 HIGHEST    89           400 AM
 LOWEST     76          1200 AM
 AVERAGE    83

..........................................................


THE YOUNGSTOWN OH CLIMATE NORMALS FOR TOMORROW
                         NORMAL    RECORD    YEAR
 MAXIMUM TEMPERATURE (F)   64        87      1990
                                             1986
 MINIMUM TEMPERATURE (F)   42        24      1946


SUNRISE AND SUNSET
APRIL 27 2015.........SUNRISE   626 AM EDT   SUNSET   815 PM EDT
APRIL 28 2015.........SUNRISE   625 AM EDT   SUNSET   816 PM EDT


-  INDICATES NEGATIVE NUMBERS.
R  INDICATES RECORD WAS SET OR TIED.
MM INDICATES DATA IS MISSING.
T  INDICATES TRACE AMOUNT.




$$
