000
CXUS51 KCLE 030041
CLMYNG


CLIMATE REPORT
NATIONAL WEATHER SERVICE CLEVELAND OH
736 PM EST MON MAR 2 2015

...................................

...THE YOUNGSTOWN OH CLIMATE SUMMARY FOR THE MONTH OF FEBRUARY 2015...

CLIMATE NORMAL PERIOD 1981 TO 2010
CLIMATE RECORD PERIOD 1897 TO 2015

WEATHER         OBSERVED          NORMAL  DEPART  LAST YEAR`S
                 VALUE   DATE(S)  VALUE   FROM    VALUE
                                          NORMAL
.............................................................
TEMPERATURE (F)
RECORD
 HIGH              73   02/26/2000
 LOW              -16   02/09/1934
HIGHEST            47   02/08
LOWEST            -16R  02/20
AVG. MAXIMUM     23.8              36.1   -12.3     29.7
AVG. MINIMUM      3.6              20.7   -17.1     12.0
MEAN             13.7              28.4   -14.7     20.9
DAYS MAX >= 90      0               0.0     0.0        0
DAYS MAX <= 32     22              10.7    11.3       20
DAYS MIN <= 32     28              23.6     4.4       26
DAYS MIN <= 0      12               0.9    11.1        6

PRECIPITATION (INCHES)
RECORD
 MAXIMUM         5.83   2008
 MINIMUM         0.55
TOTALS           2.07              2.15   -0.08     2.26
DAYS >= .01        17              14.3     2.7       17
DAYS >= .10         5               6.5    -1.5        6
DAYS >= .50         1               0.8     0.2        1
DAYS >= 1.00        0               0.1    -0.1        0
GREATEST
 24 HR. TOTAL    0.89   02/01 TO 02/02              0.54

SNOWFALL (INCHES)
RECORDS
 TOTAL           36.3   2010
TOTALS           27.9              12.8    15.1     23.4
SINCE 7/1        69.5              48.8    20.7     81.0
DAYS >= 1.0         7               4.3     2.7        8
GREATEST
 24 HR TOTAL      7.2   MM

DEGREE_DAYS
HEATING TOTAL    1432              1025     407     1229
 SINCE 7/1       5118              4648     470     5068
COOLING TOTAL       0                 0       0        0
 SINCE 1/1          0                 0       0        0
..............................................................

WIND (MPH)
AVERAGE WIND SPEED              9.3
HIGHEST WIND SPEED/DIRECTION    35/330    DATE  02/14
HIGHEST GUST SPEED/DIRECTION    41/330    DATE  02/14

SKY COVER
AVERAGE SKY COVER           0.70

AVERAGE RH (PERCENT)     71

WEATHER CONDITIONS. NUMBER OF DAYS WITH
THUNDERSTORM              0     MIXED PRECIP               1
HEAVY RAIN                0     RAIN                       0
LIGHT RAIN                3     FREEZING RAIN              0
LT FREEZING RAIN          4     HAIL                       0
HEAVY SNOW                3     SNOW                       9
LIGHT SNOW               22     SLEET                      0
FOG                      19     FOG W/VIS <= 1/4 MILE      5
HAZE                      3

-  INDICATES NEGATIVE NUMBERS.
R  INDICATES RECORD WAS SET OR TIED.
MM INDICATES DATA IS MISSING.
T  INDICATES TRACE AMOUNT.

$$
