000
CXUS56 KPQR 261200
CF6AST
PRELIMINARY LOCAL CLIMATOLOGICAL DATA (WS FORM: F-6)

                                          STATION:   ASTORIA OR
                                          MONTH:     APRIL
                                          YEAR:      2015
                                          LATITUDE:   46  9 N
                                          LONGITUDE: 123 53 W

  TEMPERATURE IN F:       :PCPN:    SNOW:  WIND      :SUNSHINE: SKY     :PK WND
================================================================================
1   2   3   4   5  6A  6B    7    8   9   10  11  12  13   14  15   16   17  18
                                     12Z  AVG MX 2MIN
DY MAX MIN AVG DEP HDD CDD  WTR  SNW DPTH SPD SPD DIR MIN PSBL S-S WX    SPD DR
================================================================================

 1  52  39  46  -2  19   0 0.13    M    0  5.5 17 290   M    M   7 1      23 290
 2  55  36  46  -2  19   0 0.02    M    0  4.8 14 300   M    M   3 1      17 230
 3  55  36  46  -2  19   0 0.19    M    0  5.6 15 260   M    M   5 1      20 250
 4  55  34  45  -3  20   0    T    M    0  6.0 18 240   M    M   3 1      23 230
 5  55  38  47  -1  18   0 0.03    M    0  5.5 14 290   M    M   4 13     17 300
 6  54  38  46  -2  19   0 0.18    M    0  4.6 14 120   M    M   6 1      16 120
 7  61  46  54   6  11   0 0.01    M    0  7.8 20  70   M    M   8        24  70
 8  58  41  50   2  15   0 0.00  0.0    0  5.3 15 250   M    M   4        19 240
 9  63  37  50   2  15   0 0.00  0.0    0  5.8 15 320   M    M   3 12     18 320
10  55  38  47  -1  18   0 0.86    M    0 10.1 24 180   M    M   6 1      34 190
11  53  42  48   0  17   0 0.03    M    0 10.7 26 280   M    M   6        33 270
12  56  41  49   1  16   0 0.14    M    0  5.5 17 300   M    M   3 1      22 300
13  51  41  46  -2  19   0 0.56    M    0  5.7 21 330   M    M   7 1      27 340
14  53  40  47  -1  18   0 0.18    M    0  7.7 21 260   M    M   5 1      26 260
15  57  37  47  -1  18   0 0.03    M    0  6.2 16 310   M    M   2 1      20 310
16  64  35  50   1  15   0 0.00  0.0    0  6.9 21 310   M    M   0        26 310
17  61  40  51   2  14   0 0.00  0.0    0 10.3 24 310   M    M   2 12     29 310
18  65  39  52   3  13   0 0.00  0.0    0  8.4 22 320   M    M   2 12     28 310
19  67  37  52   3  13   0 0.00  0.0    0  7.1 21 310   M    M   0 1      25 310
20  67  41  54   5  11   0 0.00  0.0    0  6.0 15 290   M    M   3 12     20 290
21  54  45  50   1  15   0 0.06    M    0 13.7 24 310   M    M   8 1      32 330
22  56  41  49   0  16   0 0.07    M    0  7.7 18 310   M    M   4 1      24 310
23  55  42  49   0  16   0 0.14    M    0  8.7 22 220   M    M   7 18     34 220
24  56  43  50   0  15   0 0.14    M    0  8.2 22 260   M    M   6        29 280
25  58  39  49  -1  16   0    T    M    0  5.7 14 300   M    M   2 12     20 300
================================================================================
SM 1436  986       405   0  2.77     0.0 179.5          M      106
================================================================================
AV 57.4 39.4                               7.2 FASTST   M    M   4    MAX(MPH)
                                 MISC ---->  # 26 280               # 34  190
================================================================================
NOTES:
# LAST OF SEVERAL OCCURRENCES

COLUMN 17 PEAK WIND IN M.P.H.

PRELIMINARY LOCAL CLIMATOLOGICAL DATA (WS FORM: F-6) , PAGE 2

                                          STATION:  ASTORIA OR
                                          MONTH:    APRIL
                                          YEAR:     2015
                                          LATITUDE:   46  9 N
                                          LONGITUDE: 123 53 W

[TEMPERATURE DATA]      [PRECIPITATION DATA]       SYMBOLS USED IN COLUMN 16

AVERAGE MONTHLY: 48.4   TOTAL FOR MONTH:   2.77    1 = FOG OR MIST
DPTR FM NORMAL:  -0.0   DPTR FM NORMAL:   -1.73    2 = FOG REDUCING VISIBILITY
HIGHEST:    67 ON 20,19 GRTST 24HR  0.88 ON 10-11      TO 1/4 MILE OR LESS
LOWEST:     34 ON  4                               3 = THUNDER
                        SNOW, ICE PELLETS, HAIL    4 = ICE PELLETS
                        TOTAL MONTH:   0.0 INCH    5 = HAIL
                        GRTST 24HR     0.0         6 = FREEZING RAIN OR DRIZZLE
                        GRTST DEPTH:   0           7 = DUSTSTORM OR SANDSTORM:
                                                       VSBY 1/2 MILE OR LESS
                                                   8 = SMOKE OR HAZE
[NO. OF DAYS WITH]      [WEATHER - DAYS WITH]      9 = BLOWING SNOW
                                                   X = TORNADO
MAX 32 OR BELOW:   0    0.01 INCH OR MORE:  16
MAX 90 OR ABOVE:   0    0.10 INCH OR MORE:   9
MIN 32 OR BELOW:   0    0.50 INCH OR MORE:   2
MIN  0 OR BELOW:   0    1.00 INCH OR MORE:   0

[HDD (BASE 65) ]
TOTAL THIS MO.   405    CLEAR  (SCALE 0-3)  11
DPTR FM NORMAL    -9    PTCLDY (SCALE 4-7)  14
TOTAL FM JUL 1  3414    CLOUDY (SCALE 8-10)  0
DPTR FM NORMAL  -920

[CDD (BASE 65) ]
TOTAL THIS MO.     0
DPTR FM NORMAL     0    [PRESSURE DATA]
TOTAL FM JAN 1     0    HIGHEST SLP M ON M
DPTR FM NORMAL     0    LOWEST  SLP 29.65 ON  5

[REMARKS]
