000
CXUS51 KBOX 241200
CF6BDL
PRELIMINARY LOCAL CLIMATOLOGICAL DATA (WS FORM: F-6)

                                          STATION:   HARTFORD CT
                                          MONTH:     APRIL
                                          YEAR:      2015
                                          LATITUDE:   41 55 N
                                          LONGITUDE:  72 41 W

  TEMPERATURE IN F:       :PCPN:    SNOW:  WIND      :SUNSHINE: SKY     :PK WND
================================================================================
1   2   3   4   5  6A  6B    7    8   9   10  11  12  13   14  15   16   17  18
                                     12Z  AVG MX 2MIN
DY MAX MIN AVG DEP HDD CDD  WTR  SNW DPTH SPD SPD DIR MIN PSBL S-S WX    SPD DR
================================================================================

 1  50  28  39  -5  26   0 0.00  0.0    0  8.2 21 330   M    M   4        26 330
 2  65  26  46   2  19   0    T  0.0    0 10.3 25 180   M    M   6        31 180
 3  62  49  56  11   9   0 0.29  0.0    0  5.9 16 190   M    M   9 1      20 180
 4  53  30  42  -3  23   0 0.25  0.0    0 16.3 38 300   M    M   5 12     49 300
 5  50  28  39  -6  26   0    T  0.0    0  7.1 21 270   M    M   6        27 250
 6  62  30  46   0  19   0 0.00  0.0    0  4.6 16 180   M    M   7 12     21 190
 7  49  41  45  -1  20   0 0.16  0.0    0  8.1 15  10   M    M  10 1      17  20
 8  43  35  39  -8  26   0 0.63  0.0    0  9.4 17  40   M    M  10 1      22  40
 9  40  34  37 -10  28   0 0.04  0.0    0  9.6 16  10   M    M  10 1      20  20
10  52  37  45  -2  20   0 0.29  0.0    0  5.7 14 200   M    M   8 1      18 190
11  57  38  48   0  17   0 0.00  0.0    0 13.1 29 290   M    M   4 1      36 310
12  72  32  52   4  13   0 0.00  0.0    0  5.6 15 180   M    M   0        18 310
13  71  34  53   4  12   0 0.00  0.0    0 10.2 25 180   M    M   5        32 200
14  69  49  59  10   6   0 0.04    M    0  7.6 22 320   M    M   8        29 330
15  71  40  56   7   9   0 0.00  0.0    0  8.9 26  30   M    M   2        37  30
16  68  34  51   1  14   0 0.00  0.0    0  8.1 22 180   M    M   5        27 190
17  68  48  58   8   7   0 0.10    M    0  8.0 16 230   M    M   8 1      22 240
18  81  42  62  11   3   0 0.00  0.0    0  8.7 31 260   M    M   2        40 260
19  64  43  54   3  11   0 0.00  0.0    0  8.7 20 160   M    M   5        24 170
20  51  43  47  -4  18   0 1.15  0.0    0  8.1 16 100   M    M   9 1      24 100
21  66  46  56   4   9   0 0.38    M    0  6.9 21 260   M    M   7 13     23 260
22  71  42  57   5   8   0 0.07  0.0    0 12.6 32 240   M    M   6        42 210
23  51  38  45  -7  20   0    T    T    0 12.0 26 320   M    M   7 8      39 300
================================================================================
SM 1386  867       363   0  3.40    T    203.7          M      143
================================================================================
AV 60.3 37.7                               8.9 FASTST   M    M   6    MAX(MPH)
                                 MISC ---->  # 38 300               # 49  300
================================================================================
NOTES:
# LAST OF SEVERAL OCCURRENCES

COLUMN 17 PEAK WIND IN M.P.H.

PRELIMINARY LOCAL CLIMATOLOGICAL DATA (WS FORM: F-6) , PAGE 2

                                          STATION:  HARTFORD CT
                                          MONTH:    APRIL
                                          YEAR:     2015
                                          LATITUDE:   41 55 N
                                          LONGITUDE:  72 41 W

[TEMPERATURE DATA]      [PRECIPITATION DATA]       SYMBOLS USED IN COLUMN 16

AVERAGE MONTHLY: 49.0   TOTAL FOR MONTH:   3.40    1 = FOG OR MIST
DPTR FM NORMAL:   0.8   DPTR FM NORMAL:    0.56    2 = FOG REDUCING VISIBILITY
HIGHEST:    81 ON 18    GRTST 24HR  1.47 ON 20-21      TO 1/4 MILE OR LESS
LOWEST:     26 ON  2                               3 = THUNDER
                        SNOW, ICE PELLETS, HAIL    4 = ICE PELLETS
                        TOTAL MONTH:    T          5 = HAIL
                        GRTST 24HR    T  ON 23-23  6 = FREEZING RAIN OR DRIZZLE
                        GRTST DEPTH:   0           7 = DUSTSTORM OR SANDSTORM:
                                                       VSBY 1/2 MILE OR LESS
                                                   8 = SMOKE OR HAZE
[NO. OF DAYS WITH]      [WEATHER - DAYS WITH]      9 = BLOWING SNOW
                                                   X = TORNADO
MAX 32 OR BELOW:   0    0.01 INCH OR MORE:  11
MAX 90 OR ABOVE:   0    0.10 INCH OR MORE:   8
MIN 32 OR BELOW:   6    0.50 INCH OR MORE:   2
MIN  0 OR BELOW:   0    1.00 INCH OR MORE:   1

[HDD (BASE 65) ]
TOTAL THIS MO.   363    CLEAR  (SCALE 0-3)   3
DPTR FM NORMAL   -29    PTCLDY (SCALE 4-7)  14
TOTAL FM JUL 1  6006    CLOUDY (SCALE 8-10)  6
DPTR FM NORMAL   333

[CDD (BASE 65) ]
TOTAL THIS MO.     0
DPTR FM NORMAL     0    [PRESSURE DATA]
TOTAL FM JAN 1     0    HIGHEST SLP M ON M
DPTR FM NORMAL     0    LOWEST  SLP 29.38 ON  4

[REMARKS]
