000
CXUS55 KCYS 271000
CF6BFF
PRELIMINARY LOCAL CLIMATOLOGICAL DATA (WS FORM: F-6)

                                          STATION:   SCOTTSBLUFF NE AIRPORT
                                          MONTH:     APRIL
                                          YEAR:      2015
                                          LATITUDE:   41 52 N
                                          LONGITUDE: 103 36 W

  TEMPERATURE IN F:       :PCPN:    SNOW:  WIND      :SUNSHINE: SKY     :PK WND
================================================================================
1   2   3   4   5  6A  6B    7    8   9   10  11  12  13   14  15   16   17  18
                                     12Z  AVG MX 2MIN
DY MAX MIN AVG DEP HDD CDD  WTR  SNW DPTH SPD SPD DIR MIN PSBL S-S WX    SPD DR
================================================================================

 1  74  32  53  11  12   0    T  0.0    0 13.5 31 290   M    M   0        41 320
 2  47  28  38  -5  27   0 0.01    T    0  9.2 20  10   M    M   6 18     25 360
 3  54  20  37  -6  28   0 0.00  0.0    0  7.8 21 280   M    M   2        29 280
 4  68  23  46   3  19   0 0.00  0.0    0  7.1 20 300   M    M   0        25 260
 5  77  24  51   8  14   0 0.00  0.0    0  7.5 23 200   M    M   0        30 220
 6  65  31  48   4  17   0 0.00  0.0    0 11.2 24  60   M    M   1 1      30  50
 7  54  37  46   2  19   0    T  0.0    0  8.2 18 110   M    M  10 138    22  90
 8  63  36  50   6  15   0 0.40  0.0    0 15.7 26 350   M    M   7 13     34 340
 9  53  32  43  -1  22   0 0.29  0.5    T  9.8 24 340   M    M   6 1      32 330
10  66  29  48   3  17   0 0.00  0.0    0  5.2 13 130   M    M   0        21 140
11  76  34  55  10  10   0 0.00  0.0    0  7.0 22 240   M    M   0        28 230
12  65  32  49   4  16   0 0.00  0.0    0 11.8 38 320   M    M   0        51 330
13  70  25  48   2  17   0 0.00  0.0    0  6.0 18 130   M    M   0        28 140
14  77  36  57  11   8   0 0.00  0.0    0 16.9 30 150   M    M   0        40 160
15  61  37  49   3  16   0 0.15  0.0    0 14.0 36 330   M    M   5 13     45 270
16  50  35  43  -4  22   0 0.09  0.0    0  9.8 23 300   M    M  10 1      28 290
17  48  42  45  -2  20   0 1.40  0.0    0 17.3 30  50   M    M   9 1      37  50
18  61  42  52   5  13   0 0.18  0.0    0  7.4 23 340   M    M   8 13     31 340
19  53  30  42  -6  23   0 0.00  0.0    0 18.2 32 330   M    M   5        40 330
20  57  30  44  -4  21   0 0.00  0.0    0 10.8 24 330   M    M   4        33 310
21  69  25  47  -1  18   0 0.00  0.0    0 10.7 28 330   M    M   1 8      37 340
22  72  31  52   3  13   0 0.00  0.0    0  8.0 14 140   M    M   1        27 100
23  74  37  56   7   9   0 0.00  0.0    0  8.2 22 180   M    M   1        30 190
24  74  39  57   8   8   0    T    M    0  7.2 23 240   M    M   2 3      29 240
25  72  39  56   6   9   0 0.06  0.0    0  8.0 25 260   M    M   2 38     32 270
26  50  44  47  -3  18   0 0.51  0.0    0 11.7 21 120   M    M  10 18     39 120
================================================================================
SM 1650  850       431   0  3.09     0.5 268.2          M       90
================================================================================
AV 63.5 32.7                              10.3 FASTST   M    M   3    MAX(MPH)
                                 MISC ---->  # 38 320               # 51  330
================================================================================
NOTES:
# LAST OF SEVERAL OCCURRENCES

COLUMN 17 PEAK WIND IN M.P.H.

PRELIMINARY LOCAL CLIMATOLOGICAL DATA (WS FORM: F-6) , PAGE 2

                                          STATION:  SCOTTSBLUFF NE AIRPORT
                                          MONTH:    APRIL
                                          YEAR:     2015
                                          LATITUDE:   41 52 N
                                          LONGITUDE: 103 36 W

[TEMPERATURE DATA]      [PRECIPITATION DATA]       SYMBOLS USED IN COLUMN 16

AVERAGE MONTHLY: 48.1   TOTAL FOR MONTH:   3.09    1 = FOG OR MIST
DPTR FM NORMAL:   2.1   DPTR FM NORMAL:    1.53    2 = FOG REDUCING VISIBILITY
HIGHEST:    77 ON 14, 5 GRTST 24HR  1.50 ON 17-18      TO 1/4 MILE OR LESS
LOWEST:     20 ON  3                               3 = THUNDER
                        SNOW, ICE PELLETS, HAIL    4 = ICE PELLETS
                        TOTAL MONTH:   0.5 INCH    5 = HAIL
                        GRTST 24HR   0.5 ON  9- 9  6 = FREEZING RAIN OR DRIZZLE
                        GRTST DEPTH:   T           7 = DUSTSTORM OR SANDSTORM:
                                                       VSBY 1/2 MILE OR LESS
                                                   8 = SMOKE OR HAZE
[NO. OF DAYS WITH]      [WEATHER - DAYS WITH]      9 = BLOWING SNOW
                                                   X = TORNADO
MAX 32 OR BELOW:   0    0.01 INCH OR MORE:   9
MAX 90 OR ABOVE:   0    0.10 INCH OR MORE:   6
MIN 32 OR BELOW:  14    0.50 INCH OR MORE:   2
MIN  0 OR BELOW:   0    1.00 INCH OR MORE:   1

[HDD (BASE 65) ]
TOTAL THIS MO.   431    CLEAR  (SCALE 0-3)  15
DPTR FM NORMAL   -64    PTCLDY (SCALE 4-7)   6
TOTAL FM JUL 1  5766    CLOUDY (SCALE 8-10)  5
DPTR FM NORMAL  -470

[CDD (BASE 65) ]
TOTAL THIS MO.     0
DPTR FM NORMAL     0    [PRESSURE DATA]
TOTAL FM JAN 1     0    HIGHEST SLP  0.00 ON M
DPTR FM NORMAL     0    LOWEST  SLP 29.47 ON  8

[REMARKS]
