000
CXUS51 KLWX 240620
CF6DMH
PRELIMINARY LOCAL CLIMATOLOGICAL DATA (WS FORM: F-6)

                                          STATION:   BALTIMORE INNER HARBOR MD
                                          MONTH:     APRIL
                                          YEAR:      2015
                                          LATITUDE:   39 16 N
                                          LONGITUDE:  76 37 W

  TEMPERATURE IN F:       :PCPN:    SNOW:  WIND      :SUNSHINE: SKY     :PK WND
================================================================================
1   2   3   4   5  6A  6B    7    8   9   10  11  12  13   14  15   16   17  18
                                     12Z  AVG MX 2MIN
DY MAX MIN AVG DEP HDD CDD  WTR  SNW DPTH SPD SPD DIR MIN PSBL S-S WX    SPD DR
================================================================================

 1  58  37  48  -4  17   0 0.00    M    M   M   M   M   M    M   M         M  M
 2  70  41  56   4   9   0 0.00    M    M   M   M   M   M    M   M         M  M
 3  69  57  63  11   2   0 0.07    M    M   M   M   M   M    M   M         M  M
 4  69  48  59   6   6   0 0.00    M    M   M   M   M   M    M   M         M  M
 5  67  43  55   2  10   0 0.00    M    M   M   M   M   M    M   M         M  M
 6  78  44  61   8   4   0 0.00    M    M   M   M   M   M    M   M         M  M
 7  67  48  58   4   7   0 0.04    M    M   M   M   M   M    M   M         M  M
 8  48  42  45  -9  20   0 0.40    M    M   M   M   M   M    M   M         M  M
 9  46  41  44 -10  21   0 0.26    M    M   M   M   M   M    M   M         M  M
10  62  43  53  -2  12   0 0.03    M    M   M   M   M   M    M   M         M  M
11  64  50  57   2   8   0 0.00    M    M   M   M   M   M    M   M         M  M
12  64  44  54  -1  11   0 0.00    M    M   M   M   M   M    M   M         M  M
13  76  50  63   7   2   0 0.00    M    M   M   M   M   M    M   M         M  M
14  64  55  60   4   5   0 0.17    M    M   M   M   M   M    M   M         M  M
15  67  53  60   4   5   0 0.00    M    M   M   M   M   M    M   M         M  M
16  71  54  63   6   2   0 0.00    M    M   M   M   M   M    M   M         M  M
17  75  56  66   9   0   1 0.11    M    M   M   M   M   M    M   M         M  M
18  79  62  71  14   0   6 0.00    M    M   M   M   M   M    M   M         M  M
19  70  52  61   3   4   0 0.08    M    M   M   M   M   M    M   M         M  M
20  78  53  66   8   0   1 1.75    M    M   M   M   M   M    M   M         M  M
21  68  54  61   3   4   0 0.04    M    M   M   M   M   M    M   M         M  M
22  73  49  61   2   4   0 0.00    M    M   M   M   M   M    M   M         M  M
23  54  43  49 -10  16   0 0.00    M    M   M   M   M   M    M   0         M  M
================================================================================
SM 1537 1119       169   8  2.95    M        M          M        0
================================================================================
AV 66.8 48.7                                 M FASTST   M    M   0    MAX(MPH)
                                 MISC ---->     M   M                  M    M
================================================================================
NOTES:
# LAST OF SEVERAL OCCURRENCES

COLUMN 17 PEAK WIND IN M.P.H.

PRELIMINARY LOCAL CLIMATOLOGICAL DATA (WS FORM: F-6) , PAGE 2

                                          STATION:  BALTIMORE INNER HARBOR MD
                                          MONTH:    APRIL
                                          YEAR:     2015
                                          LATITUDE:   39 16 N
                                          LONGITUDE:  76 37 W

[TEMPERATURE DATA]      [PRECIPITATION DATA]       SYMBOLS USED IN COLUMN 16

AVERAGE MONTHLY: 57.7   TOTAL FOR MONTH:   2.95    1 = FOG OR MIST
DPTR FM NORMAL:   2.4   DPTR FM NORMAL:    0.43    2 = FOG REDUCING VISIBILITY
HIGHEST:    79 ON 18    GRTST 24HR  1.83 ON 19-20      TO 1/4 MILE OR LESS
LOWEST:     37 ON  1                               3 = THUNDER
                        SNOW, ICE PELLETS, HAIL    4 = ICE PELLETS
                        TOTAL MONTH:    M          5 = HAIL
                        GRTST 24HR    M  ON   M    6 = FREEZING RAIN OR DRIZZLE
                        GRTST DEPTH:  M  ON   M    7 = DUSTSTORM OR SANDSTORM:
                                                       VSBY 1/2 MILE OR LESS
                                                   8 = SMOKE OR HAZE
[NO. OF DAYS WITH]      [WEATHER - DAYS WITH]      9 = BLOWING SNOW
                                                   X = TORNADO
MAX 32 OR BELOW:   0    0.01 INCH OR MORE:  10
MAX 90 OR ABOVE:   0    0.10 INCH OR MORE:   5
MIN 32 OR BELOW:   0    0.50 INCH OR MORE:   1
MIN  0 OR BELOW:   0    1.00 INCH OR MORE:   1

[HDD (BASE 65) ]
TOTAL THIS MO.   169    CLEAR  (SCALE 0-3)   1
DPTR FM NORMAL   -67    PTCLDY (SCALE 4-7)   0
TOTAL FM JUL 1  4292    CLOUDY (SCALE 8-10)  0
DPTR FM NORMAL   389

[CDD (BASE 65) ]
TOTAL THIS MO.     8
DPTR FM NORMAL    -8    [PRESSURE DATA]
TOTAL FM JAN 1     8    HIGHEST SLP M ON M
DPTR FM NORMAL    -9    LOWEST  SLP 29.50 ON 20

[REMARKS]
