000
CXUS55 KTBW 252118
CF6FMY
PRELIMINARY LOCAL CLIMATOLOGICAL DATA (WS FORM: F-6)

                                          STATION:   Fort Myers
                                          MONTH:     APRIL
                                          YEAR:      2015
                                          LATITUDE:   26 34 N
                                          LONGITUDE:  81 52 W

  TEMPERATURE IN F:       :PCPN:    SNOW:  WIND      :SUNSHINE: SKY     :PK WND
================================================================================
1   2   3   4   5  6A  6B    7    8   9   10  11  12  13   14  15   16   17  18
                                     12Z  AVG MX 2MIN
DY MAX MIN AVG DEP HDD CDD  WTR  SNW DPTH SPD SPD DIR MIN PSBL S-S WX    SPD DR
================================================================================

 1  84  60  72   0   0   7 0.00  0.0    0  4.7 16 240   M    M   0 1      20 250
 2  86  64  75   3   0  10 0.00  0.0    0  4.7 13 280   M    M   3        16 220
 3  86  63  75   3   0  10 0.00  0.0    0  5.0 16 280   M    M   2 1      18 270
 4  86  62  74   2   0   9 0.00  0.0    0  5.9 15 320   M    M   0        23 260
 5  90  65  78   6   0  13 0.00  0.0    0  6.3 16 260   M    M   1        19 250
 6  88  65  77   5   0  12    T  0.0    0  5.8 14 290   M    M   2        18 100
 7  89  67  78   5   0  13 0.24  0.0    0  6.1 14 270   M    M   3        22 160
 8  90  68  79   6   0  14 0.00  0.0    0  6.1 14  90   M    M   3        18 130
 9  91  67  79   6   0  14    T  0.0    0  6.5 14 250   M    M   4 3      19 120
10  89  68  79   6   0  14 0.00  0.0    0  7.5 16 260   M    M   2 3      21 270
11  89  69  79   6   0  14 0.00  0.0    0  5.6 16 240   M    M   2        21 240
12  89  69  79   6   0  14 0.01  0.0    0  6.9 20 150   M    M   4 3      25 150
13  88  70  79   6   0  14    T  0.0    0  7.3 16 200   M    M   4 3      23 200
14  90  69  80   6   0  15 0.00  0.0    0  6.4 15 250   M    M   1        21 170
15  89  70  80   6   0  15 0.00  0.0    0  5.5 14 260   M    M   2        19 190
16  91  72  82   8   0  17    T  0.0    0  5.9 14 240   M    M   4        17 260
17  86  70  78   4   0  13 0.00  0.0    0  5.7 14 220   M    M   1        17 240
18  89  72  81   7   0  16 0.00  0.0    0  6.2 16 260   M    M   2        23 230
19  90  71  81   7   0  16 0.00  0.0    0  7.5 20 220   M    M   1        26 210
20  90  73  82   8   0  17    T  0.0    0  8.8 20 220   M    M   2 1      27 220
21  87  71  79   4   0  14 0.65  0.0    0  4.6 13 250   M    M   5 13     17  20
22  86  73  80   5   0  15 0.01  0.0    0  3.7 10 250   M    M   6        14 250
23  91  74  83   8   0  18 0.01  0.0    0  5.6 18  30   M    M   4 1      27 260
24  91  73  82   7   0  17 0.00  0.0    0  7.1 17 270   M    M   4        21 290
================================================================================
SM 2125 1645         0 331  0.92     0.0 145.4          M       62
================================================================================
AV 88.5 68.5                               6.1 FASTST   M    M   3    MAX(MPH)
                                 MISC ---->  # 20 150               # 27  220
================================================================================
NOTES:
# LAST OF SEVERAL OCCURRENCES

COLUMN 17 PEAK WIND IN M.P.H.

PRELIMINARY LOCAL CLIMATOLOGICAL DATA (WS FORM: F-6) , PAGE 2

                                          STATION:  Fort Myers
                                          MONTH:    APRIL
                                          YEAR:     2015
                                          LATITUDE:   26 34 N
                                          LONGITUDE:  81 52 W

[TEMPERATURE DATA]      [PRECIPITATION DATA]       SYMBOLS USED IN COLUMN 16

AVERAGE MONTHLY: 78.5   TOTAL FOR MONTH:   0.92    1 = FOG OR MIST
DPTR FM NORMAL:   5.2   DPTR FM NORMAL:   -0.84    2 = FOG REDUCING VISIBILITY
HIGHEST:    91 ON 24,23 GRTST 24HR  0.66 ON 21-22      TO 1/4 MILE OR LESS
LOWEST:     60 ON  1                               3 = THUNDER
                        SNOW, ICE PELLETS, HAIL    4 = ICE PELLETS
                        TOTAL MONTH:   0.0 INCH    5 = HAIL
                        GRTST 24HR     0.0         6 = FREEZING RAIN OR DRIZZLE
                        GRTST DEPTH:   0           7 = DUSTSTORM OR SANDSTORM:
                                                       VSBY 1/2 MILE OR LESS
                                                   8 = SMOKE OR HAZE
[NO. OF DAYS WITH]      [WEATHER - DAYS WITH]      9 = BLOWING SNOW
                                                   X = TORNADO
MAX 32 OR BELOW:   0    0.01 INCH OR MORE:   5
MAX 90 OR ABOVE:   9    0.10 INCH OR MORE:   2
MIN 32 OR BELOW:   0    0.50 INCH OR MORE:   1
MIN  0 OR BELOW:   0    1.00 INCH OR MORE:   0

[HDD (BASE 65) ]
TOTAL THIS MO.     0    CLEAR  (SCALE 0-3)  16
DPTR FM NORMAL     0    PTCLDY (SCALE 4-7)   8
TOTAL FM JUL 1   231    CLOUDY (SCALE 8-10)  0
DPTR FM NORMAL   -53

[CDD (BASE 65) ]
TOTAL THIS MO.   331
DPTR FM NORMAL   127    [PRESSURE DATA]
TOTAL FM JAN 1   784    HIGHEST SLP M ON M
DPTR FM NORMAL   219    LOWEST  SLP 29.85 ON 20

[REMARKS]
