000
CXUS54 KFWD 180730
CF6GOP
PRELIMINARY LOCAL CLIMATOLOGICAL DATA (WS FORM: F-6)

                                          STATION:   GATESVILLE
                                          MONTH:     APRIL
                                          YEAR:      2015
                                          LATITUDE:   31 25 N
                                          LONGITUDE:  97 48 W

  TEMPERATURE IN F:       :PCPN:    SNOW:  WIND      :SUNSHINE: SKY     :PK WND
================================================================================
1   2   3   4   5  6A  6B    7    8   9   10  11  12  13   14  15   16   17  18
                                     12Z  AVG MX 2MIN
DY MAX MIN AVG DEP HDD CDD  WTR  SNW DPTH SPD SPD DIR MIN PSBL S-S WX    SPD DR
================================================================================

 1  81  64  73  13   0   8 0.00  0.0    0  8.3 18 200   M    M   1 13     23 190
 2  88  70  79  19   0  14 0.00  0.0    0 12.4 18 200   M    M   3        23 200
 3  81  61  71  10   0   6 0.00  0.0    0 11.2 17 350   M    M   3 8      22 330
 4  70  52  61   0   4   0 0.09  0.0    0  7.6 14  80   M    M   2 3      20  70
 5  59  54  57  -4   8   0 0.00  0.0    0  2.7  7 120   M    M  10 12      M  M
 6  84  59  72  10   0   7 0.00  0.0    0 10.7 17 200   M    M   2 12     27 190
 7  84  68  76  14   0  11 0.00  0.0    0  9.7 15 200   M    M   5 1      20 200
 8  75  66  71   9   0   6 0.00  0.0    0  9.3 21 170   M    M   3 18     27 160
 9  86  64  75  13   0  10 0.00  0.0    0  5.8 16 200   M    M   2 1      21 200
10  72  55  64   1   1   0 0.00  0.0    0  4.6  9  50   M    M   0         M  M
11  72  54  63   0   2   0 0.00  0.0    0  1.3  6  90   M    M   7 18      M  M
12  81  64  73  10   0   8 0.00  0.0    0  5.9 12 160   M    M   5 1       M  M
13  86  63  75  11   0  10 0.00  0.0    0  6.1 14  30   M    M   4 1      21  30
14  64  52  58  -6   7   0 0.00  0.0    0  6.5 10 360   M    M   8 1      16 340
15  82  45  64   0   1   0 0.00  0.0    0  3.0  9 150   M    M   0         M  M
16  79  63  71   7   0   6 0.93  0.0    0  4.2 13 160   M    M   3 138    27 330
17  75  63  69   4   0   4 0.01  0.0    0  4.5 10 160   M    M   5 13     18 160
================================================================================
SM 1319 1017        23  90  1.03     0.0 113.8          M       63
================================================================================
AV 77.6 59.8                               6.7 FASTST   M    M   4    MAX(MPH)
                                 MISC ---->    21   M               # 27  190
================================================================================
NOTES:
# LAST OF SEVERAL OCCURRENCES

COLUMN 17 PEAK WIND IN M.P.H.

PRELIMINARY LOCAL CLIMATOLOGICAL DATA (WS FORM: F-6) , PAGE 2

                                          STATION:  GATESVILLE
                                          MONTH:    APRIL
                                          YEAR:     2015
                                          LATITUDE:   31 25 N
                                          LONGITUDE:  97 48 W

[TEMPERATURE DATA]      [PRECIPITATION DATA]       SYMBOLS USED IN COLUMN 16

AVERAGE MONTHLY: 68.7   TOTAL FOR MONTH:   1.03    1 = FOG OR MIST
DPTR FM NORMAL:   6.3   DPTR FM NORMAL:       M    2 = FOG REDUCING VISIBILITY
HIGHEST:    88 ON  2    GRTST 24HR  0.93 ON 16-16      TO 1/4 MILE OR LESS
LOWEST:     45 ON 15                               3 = THUNDER
                        SNOW, ICE PELLETS, HAIL    4 = ICE PELLETS
                        TOTAL MONTH:   0.0 INCH    5 = HAIL
                        GRTST 24HR     0.0         6 = FREEZING RAIN OR DRIZZLE
                        GRTST DEPTH:   0           7 = DUSTSTORM OR SANDSTORM:
                                                       VSBY 1/2 MILE OR LESS
                                                   8 = SMOKE OR HAZE
[NO. OF DAYS WITH]      [WEATHER - DAYS WITH]      9 = BLOWING SNOW
                                                   X = TORNADO
MAX 32 OR BELOW:   0    0.01 INCH OR MORE:   3
MAX 90 OR ABOVE:   0    0.10 INCH OR MORE:   1
MIN 32 OR BELOW:   0    0.50 INCH OR MORE:   1
MIN  0 OR BELOW:   0    1.00 INCH OR MORE:   0

[HDD (BASE 65) ]
TOTAL THIS MO.    23    CLEAR  (SCALE 0-3)   7
DPTR FM NORMAL   -53    PTCLDY (SCALE 4-7)   9
TOTAL FM JUL 1  2056    CLOUDY (SCALE 8-10)  1
DPTR FM NORMAL  -362

[CDD (BASE 65) ]
TOTAL THIS MO.    90
DPTR FM NORMAL    57    [PRESSURE DATA]
TOTAL FM JAN 1   140    HIGHEST SLP M ON M
DPTR FM NORMAL    85    LOWEST  SLP M ON M

[REMARKS]
