000
CXUS53 KBIS 262033
CF6HEI
PRELIMINARY LOCAL CLIMATOLOGICAL DATA (WS FORM: F-6)

                                          STATION:   HETTINGER ND
                                          MONTH:     APRIL
                                          YEAR:      2015
                                          LATITUDE:   46  0 N
                                          LONGITUDE: 102 39 W

  TEMPERATURE IN F:       :PCPN:    SNOW:  WIND      :SUNSHINE: SKY     :PK WND
================================================================================
1   2   3   4   5  6A  6B    7    8   9   10  11  12  13   14  15   16   17  18
                                     12Z  AVG MX 2MIN
DY MAX MIN AVG DEP HDD CDD  WTR  SNW DPTH SPD SPD DIR MIN PSBL S-S WX    SPD DR
================================================================================

 1  62  26  44   8  21   0 0.00    M    M 19.3 40 290   M    M   1        51 280
 2  42  17  30  -6  35   0 0.00    M    M 20.7 41 300   M    M   4        52 310
 3  52  12  32  -5  33   0 0.00    M    M  9.0 31 280   M    M   2        38 290
 4  61  14  38   1  27   0    T    M    M  6.4 24  70   M    M   4        33  70
 5  55  26  41   3  24   0    T    M    M 16.5 24  70   M    M   2        30  80
 6  41  23  32  -6  33   0 0.00    M    M 16.5 25  90   M    M   7        33  80
 7  57  31  44   5  21   0    T    M    M  8.0 20 110   M    M   6 1      24 110
 8  37  33  35  -4  30   0 0.21    M    M 11.6 23  60   M    M  10 12     28  30
 9  55  29  42   3  23   0 0.00    M    M 15.9 29 280   M    M   3 1      36 280
10  63  19  41   1  24   0 0.00    M    M  4.8 16 160   M    M   0        22 160
11  76  35  56  16   9   0 0.00    M    M  8.8 28 220   M    M   0        35 220
12  57  23  40  -1  25   0 0.00    M    M 18.3 35 300   M    M   6        42 300
13  60  24  42   1  23   0 0.00    M    M 11.4 28 270   M    M   1        33 280
14  81  37  59  18   6   0 0.00    M    M 16.7 30 160   M    M   0        39 150
15  62  41  52  10  13   0 0.00    M    M 10.5 28 160   M    M   3        36 150
16  62  29  46   4  19   0 0.00    M    M 10.9 22 360   M    M   6        26  10
17  69  22  46   4  19   0 0.00    M    M  3.3 10  80   M    M   0        15  20
18  60  28  44   1  21   0 0.05    M    M  5.8 21 330   M    M   7 1      26 330
19  49  21  35  -8  30   0 0.00    M    M 19.2 37 330   M    M   4        46 320
20  52  20  36  -8  29   0 0.00    M    M 14.4 33 330   M    M   3        42 330
21  49  16  33 -11  32   0 0.00    M    M 11.0 18 350   M    M   3        24 360
22  54  12  33 -11  32   0 0.00    M    M  7.4 15 110   M    M   0        20 110
23  61  29  45   0  20   0 0.00    M    M 14.0 28 140   M    M   2        35 130
24  71  26  49   4  16   0 0.00    M    M  7.1 18  80   M    M   0        26  60
25  50  36  43  -3  22   0 0.01    M    M 10.1 18 110   M    M   9 12     22 110
================================================================================
SM 1438  629       587   0  0.27    M    297.6          M       83
================================================================================
AV 57.5 25.2                              11.9 FASTST   M    M   3    MAX(MPH)
                                 MISC ---->  # 41 300               # 52  310
================================================================================
NOTES:
# LAST OF SEVERAL OCCURRENCES

COLUMN 17 PEAK WIND IN M.P.H.

PRELIMINARY LOCAL CLIMATOLOGICAL DATA (WS FORM: F-6) , PAGE 2

                                          STATION:  HETTINGER ND
                                          MONTH:    APRIL
                                          YEAR:     2015
                                          LATITUDE:   46  0 N
                                          LONGITUDE: 102 39 W

[TEMPERATURE DATA]      [PRECIPITATION DATA]       SYMBOLS USED IN COLUMN 16

AVERAGE MONTHLY: 41.3   TOTAL FOR MONTH:   0.27    1 = FOG OR MIST
DPTR FM NORMAL:   0.5   DPTR FM NORMAL:   -0.84    2 = FOG REDUCING VISIBILITY
HIGHEST:    81 ON 14    GRTST 24HR  0.21 ON  7- 8      TO 1/4 MILE OR LESS
LOWEST:     12 ON 22, 3                            3 = THUNDER
                        SNOW, ICE PELLETS, HAIL    4 = ICE PELLETS
                        TOTAL MONTH:    M          5 = HAIL
                        GRTST 24HR    M  ON   M    6 = FREEZING RAIN OR DRIZZLE
                        GRTST DEPTH:  M  ON   M    7 = DUSTSTORM OR SANDSTORM:
                                                       VSBY 1/2 MILE OR LESS
                                                   8 = SMOKE OR HAZE
[NO. OF DAYS WITH]      [WEATHER - DAYS WITH]      9 = BLOWING SNOW
                                                   X = TORNADO
MAX 32 OR BELOW:   0    0.01 INCH OR MORE:   3
MAX 90 OR ABOVE:   0    0.10 INCH OR MORE:   1
MIN 32 OR BELOW:  20    0.50 INCH OR MORE:   0
MIN  0 OR BELOW:   0    1.00 INCH OR MORE:   0

[HDD (BASE 65) ]
TOTAL THIS MO.   587    CLEAR  (SCALE 0-3)  14
DPTR FM NORMAL   -16    PTCLDY (SCALE 4-7)   9
TOTAL FM JUL 1  7637    CLOUDY (SCALE 8-10)  2
DPTR FM NORMAL  -375

[CDD (BASE 65) ]
TOTAL THIS MO.     0
DPTR FM NORMAL     0    [PRESSURE DATA]
TOTAL FM JAN 1     0    HIGHEST SLP M ON M
DPTR FM NORMAL     0    LOWEST  SLP 29.35 ON  1

[REMARKS]
