000
CXUS55 KLBF 011309
CF6LBF
PRELIMINARY LOCAL CLIMATOLOGICAL DATA (WS FORM: F-6)

                                          STATION:   NORTH PLATTE NE
                                          MONTH:     MARCH
                                          YEAR:      2015
                                          LATITUDE:   41  7 N
                                          LONGITUDE: 100 41 W

  TEMPERATURE IN F:       :PCPN:    SNOW:  WIND      :SUNSHINE: SKY     :PK WND
================================================================================
1   2   3   4   5  6A  6B    7    8   9   10  11  12  13   14  15   16   17  18
                                     12Z  AVG MX 2MIN
DY MAX MIN AVG DEP HDD CDD  WTR  SNW DPTH SPD SPD DIR MIN PSBL S-S WX    SPD DR
================================================================================

 1  40  15  28  -5  37   0 0.00  0.0    0  4.2 15 320   M    M   3        18 340
 2  40  20  30  -4  35   0 0.00  0.0    0 15.0 30 180   M    M   6        40 180
 3  31  16  24 -10  41   0 0.01  0.2    0 13.2 31 360   M    M   8 1      42 340
 4  31   5  18 -16  47   0    T    T    0  9.9 29 320   M    M   1        36 330
 5  50  -1  25  -9  40   0 0.00  0.0    0  6.8 20 250   M    M   0        24 270
 6  63  12  38   3  27   0 0.00  0.0    0  9.2 24 290   M    M   0        30 320
 7  64  20  42   7  23   0 0.00  0.0    0  6.3 14 290   M    M   0        17 250
 8  58  22  40   4  25   0 0.00  0.0    0  7.3 17  40   M    M   0        21 360
 9  67  20  44   8  21   0 0.00  0.0    0  6.6 23 210   M    M   1        30 180
10  71  21  46  10  19   0 0.00  0.0    0  5.8 17 360   M    M   0        23 350
11  74  21  48  12  17   0 0.00  0.0    0  6.8 20 210   M    M   0        29 180
12  75  31  53  16  12   0 0.00  0.0    0  6.0 15 150   M    M   0        21 160
13  70  38  54  17  11   0 0.00  0.0    0 11.8 24 360   M    M   1        33  30
14  66  20  43   5  22   0 0.00  0.0    0  6.6 16 190   M    M   0        21 160
15  85  38  62  24   3   0 0.00  0.0    0  9.1 18 230   M    M   0        25 230
16  91  34  63  25   2   0 0.00  0.0    0 14.2 36  30   M    M   0        43  20
17  49  25  37  -1  28   0 0.00  0.0    0 10.8 26  30   M    M   2        33  40
18  58  23  41   2  24   0 0.00  0.0    0  9.4 20 170   M    M   0        28 170
19  66  28  47   8  18   0 0.00  0.0    0  5.3 23 310   M    M   4        28 310
20  75  20  48   9  17   0 0.00  0.0    0  7.0 22 270   M    M   0        29 290
21  73  27  50  10  15   0 0.00  0.0    0 10.3 21 160   M    M   0        27 120
22  64  32  48   8  17   0 0.00  0.0    0  8.7 22 360   M    M   0        28 360
23  62  23  43   3  22   0 0.00  0.0    0  7.4 21 130   M    M   2        26 120
24  66  29  48   8  17   0    T  0.0    0  9.4 25 250   M    M   3 1      33 250
25  54  21  38  -3  27   0 0.00  0.0    0 11.5 22  10   M    M   5        27  10
26  60  17  39  -2  26   0    T  0.0    0 10.5 29 310   M    M   7        40 300
27  68  30  49   8  16   0    T    T    0  7.9 18 220   M    M   7 1      24 220
28  77  27  52  10  13   0    T  0.0    0  9.0 26 180   M    M   1 3      34 180
29  64  33  49   7  16   0 0.00  0.0    0 13.9 37 320   M    M   0        49 340
30  78  32  55  13  10   0 0.00  0.0    0  8.6 23 310   M    M   0        28 310
31  80  27  54  11  11   0 0.00  0.0    0  8.1 21 170   M    M   0        28 160
================================================================================
SM 1970  726       659   0  0.01     0.2 276.6          M       51
================================================================================
AV 63.5 23.4                               8.9 FASTST   M    M   2    MAX(MPH)
                                 MISC ---->  # 37 320               # 49  340
================================================================================
NOTES:
# LAST OF SEVERAL OCCURRENCES

COLUMN 17 PEAK WIND IN M.P.H.

PRELIMINARY LOCAL CLIMATOLOGICAL DATA (WS FORM: F-6) , PAGE 2

                                          STATION:  NORTH PLATTE NE
                                          MONTH:    MARCH
                                          YEAR:     2015
                                          LATITUDE:   41  7 N
                                          LONGITUDE: 100 41 W

[TEMPERATURE DATA]      [PRECIPITATION DATA]       SYMBOLS USED IN COLUMN 16

AVERAGE MONTHLY: 43.5   TOTAL FOR MONTH:   0.01    1 = FOG OR MIST
DPTR FM NORMAL:   5.5   DPTR FM NORMAL:   -1.04    2 = FOG REDUCING VISIBILITY
HIGHEST:    91 ON 16    GRTST 24HR  0.01 ON  3- 3      TO 1/4 MILE OR LESS
LOWEST:     -1 ON  5                               3 = THUNDER
                        SNOW, ICE PELLETS, HAIL    4 = ICE PELLETS
                        TOTAL MONTH:   0.2 INCH    5 = HAIL
                        GRTST 24HR   0.2 ON   M    6 = FREEZING RAIN OR DRIZZLE
                        GRTST DEPTH:   0           7 = DUSTSTORM OR SANDSTORM:
                                                       VSBY 1/2 MILE OR LESS
                                                   8 = SMOKE OR HAZE
[NO. OF DAYS WITH]      [WEATHER - DAYS WITH]      9 = BLOWING SNOW
                                                   X = TORNADO
MAX 32 OR BELOW:   2    0.01 INCH OR MORE:   1
MAX 90 OR ABOVE:   1    0.10 INCH OR MORE:   0
MIN 32 OR BELOW:  27    0.50 INCH OR MORE:   0
MIN  0 OR BELOW:   1    1.00 INCH OR MORE:   0

[HDD (BASE 65) ]
TOTAL THIS MO.   659    CLEAR  (SCALE 0-3)  24
DPTR FM NORMAL  -178    PTCLDY (SCALE 4-7)   6
TOTAL FM JUL 1  5548    CLOUDY (SCALE 8-10)  1
DPTR FM NORMAL  -317

[CDD (BASE 65) ]
TOTAL THIS MO.     0
DPTR FM NORMAL     0    [PRESSURE DATA]
TOTAL FM JAN 1     0    HIGHEST SLP M ON M
DPTR FM NORMAL     0    LOWEST  SLP 29.63 ON  3

[REMARKS]
#FINAL-03-15#
