000
CXUS54 KLZK 261330
CF6LLQ
PRELIMINARY LOCAL CLIMATOLOGICAL DATA (WS FORM: F-6)

                                          STATION:   Monticello
                                          MONTH:     APRIL
                                          YEAR:      2015
                                          LATITUDE:   33 37 N
                                          LONGITUDE:  91 45 W

  TEMPERATURE IN F:       :PCPN:    SNOW:  WIND      :SUNSHINE: SKY     :PK WND
================================================================================
1   2   3   4   5  6A  6B    7    8   9   10  11  12  13   14  15   16   17  18
                                     12Z  AVG MX 2MIN
DY MAX MIN AVG DEP HDD CDD  WTR  SNW DPTH SPD SPD DIR MIN PSBL S-S WX    SPD DR
================================================================================

 1  84  57  71  12   0   6 0.00  0.0    0  6.8 17 190   M    M   3 1      25 180
 2  83  67  75  15   0  10 0.00  0.0    0 11.4 20 210   M    M   5        28 210
 3  82  57  70  10   0   5 0.05  0.0    0 11.1 22 250   M    M   8 138    35 250
 4  65  42  54  -6  11   0 0.00  0.0    0  5.7 18  50   M    M   0 8      24  50
 5  58  42  50 -10  15   0 0.05  0.0    0  3.7  9 170   M    M   6        13 150
 6  78  56  67   6   0   2 0.01  0.0    0  7.2 17 190   M    M   7 1      24 170
 7  84  66  75  14   0  10 0.00  0.0    0  9.0 18 200   M    M   3        25 210
 8  85  66  76  15   0  11    T  0.0    0  9.2 18 200   M    M   3 1      27 190
 9  84  68  76  15   0  11 3.29  0.0    0  9.5 24 210   M    M   5 138    34 200
10  70  47  59  -3   6   0 0.54  0.0    0  5.0 15  50   M    M   2 13     22  50
11  75  43  59  -3   6   0 0.00  0.0    0  5.1 16  70   M    M   0        22  50
12  84  50  67   5   0   2 0.00  0.0    0  6.0 14 130   M    M   2        20 110
13  72  63  68   6   0   3 0.43  0.0    0  3.6  9  90   M    M   9 1      14 140
14  67  59  63   0   2   0 0.37  0.0    0  6.6 15  40   M    M  10 1      21  50
15  78  56  67   4   0   2 0.06  0.0    0  5.6 15 200   M    M   7 1      20 220
16  82  53  68   5   0   3 0.00  0.0    0  2.5 10 120   M    M   1 1      13 130
17  78  63  71   7   0   6 0.06  0.0    0  4.0 13  50   M    M   5 1      17  50
18  69  63  66   2   0   1 0.65  0.0    0  5.4 12  60   M    M   8 1      16 120
19  80  63  72   8   0   7 0.37  0.0    0  8.7 17 280   M    M   5 13     29 280
20  70  50  60  -4   5   0 0.00  0.0    0  7.4 17 320   M    M   0        27 300
21  74  44  59  -6   6   0 0.00  0.0    0  4.9 15 210   M    M   0        19 230
22  80  54  67   2   0   2 0.01  0.0    0  4.3 12 220   M    M   2        16 230
23  66  54  60  -5   5   0 0.88  0.0    0  8.1 18  60   M    M   6 13     23  60
24  63  55  59  -7   6   0 2.68  0.0    0  5.1 15  60   M    M   7 13     22 360
25  86  62  74   8   0   9 0.02  0.0    0  8.1 17 270   M    M   5 1      26 280
================================================================================
SM 1897 1400        62  90  9.47     0.0 164.0          M      109
================================================================================
AV 75.9 56.0                               6.6 FASTST   M    M   4    MAX(MPH)
                                 MISC ---->  # 24 210               # 35  250
================================================================================
NOTES:
# LAST OF SEVERAL OCCURRENCES

COLUMN 17 PEAK WIND IN M.P.H.

PRELIMINARY LOCAL CLIMATOLOGICAL DATA (WS FORM: F-6) , PAGE 2

                                          STATION:  Monticello
                                          MONTH:    APRIL
                                          YEAR:     2015
                                          LATITUDE:   33 37 N
                                          LONGITUDE:  91 45 W

[TEMPERATURE DATA]      [PRECIPITATION DATA]       SYMBOLS USED IN COLUMN 16

AVERAGE MONTHLY: 65.9   TOTAL FOR MONTH:   9.47    1 = FOG OR MIST
DPTR FM NORMAL:   3.4   DPTR FM NORMAL:    5.48    2 = FOG REDUCING VISIBILITY
HIGHEST:    86 ON 25    GRTST 24HR  3.29 ON  9- 9      TO 1/4 MILE OR LESS
LOWEST:     42 ON  5, 4                            3 = THUNDER
                        SNOW, ICE PELLETS, HAIL    4 = ICE PELLETS
                        TOTAL MONTH:   0.0 INCH    5 = HAIL
                        GRTST 24HR     0.0         6 = FREEZING RAIN OR DRIZZLE
                        GRTST DEPTH:   0           7 = DUSTSTORM OR SANDSTORM:
                                                       VSBY 1/2 MILE OR LESS
                                                   8 = SMOKE OR HAZE
[NO. OF DAYS WITH]      [WEATHER - DAYS WITH]      9 = BLOWING SNOW
                                                   X = TORNADO
MAX 32 OR BELOW:   0    0.01 INCH OR MORE:  15
MAX 90 OR ABOVE:   0    0.10 INCH OR MORE:   8
MIN 32 OR BELOW:   0    0.50 INCH OR MORE:   5
MIN  0 OR BELOW:   0    1.00 INCH OR MORE:   2

[HDD (BASE 65) ]
TOTAL THIS MO.    62    CLEAR  (SCALE 0-3)  10
DPTR FM NORMAL   -60    PTCLDY (SCALE 4-7)  13
TOTAL FM JUL 1  2922    CLOUDY (SCALE 8-10)  2
DPTR FM NORMAL   252

[CDD (BASE 65) ]
TOTAL THIS MO.    90
DPTR FM NORMAL    30    [PRESSURE DATA]
TOTAL FM JAN 1   107    HIGHEST SLP M ON M
DPTR FM NORMAL    19    LOWEST  SLP 29.51 ON 25

[REMARKS]
ALL SNOWFALL DATA IS FROM THE UNIVERSITY OF ARKANSAS AT MONTICELLO COOPERATIVE OBSERVER SITE
