000
CXUS53 KARX 010930
CF6LSE
PRELIMINARY LOCAL CLIMATOLOGICAL DATA (WS FORM: F-6)

                                          STATION:   LA CROSSE WI
                                          MONTH:     MARCH
                                          YEAR:      2015
                                          LATITUDE:   43 52 N
                                          LONGITUDE:  91 15 W

  TEMPERATURE IN F:       :PCPN:    SNOW:  WIND      :SUNSHINE: SKY     :PK WND
================================================================================
1   2   3   4   5  6A  6B    7    8   9   10  11  12  13   14  15   16   17  18
                                     12Z  AVG MX 2MIN
DY MAX MIN AVG DEP HDD CDD  WTR  SNW DPTH SPD SPD DIR MIN PSBL S-S WX    SPD DR
================================================================================

 1  28   9  19  -9  46   0    T    T    5  8.2 20 280   M    M   4 18     24 270
 2  27   5  16 -12  49   0 0.00  0.0    5  4.9 14 170   M    M   4        18 180
 3  34  14  24  -5  41   0 0.01    T    5 11.1 24 290   M    M   8 168    28 290
 4  18   2  10 -19  55   0 0.00  0.0    5 12.2 24 290   M    M   0        28 290
 5  16  -6   5 -25  60   0 0.00  0.0    4  4.9 13 170   M    M   0        15 170
 6  36   4  20 -10  45   0 0.00  0.0    4 10.3 21 210   M    M   1        23 210
 7  46  20  33   3  32   0 0.00  0.0    3  9.9 21 290   M    M   3        27 300
 8  50  29  40   9  25   0 0.00  0.0    3  7.3 20 290   M    M   3        24 280
 9  56  30  43  12  22   0 0.00  0.0    1  8.3 20 210   M    M   2        25 210
10  65  35  50  18  15   0 0.00  0.0    T  8.5 16 220   M    M   0 18     20 220
11  59  26  43  11  22   0 0.00  0.0    0  3.1  9 300   M    M   0        11 290
12  62  33  48  15  17   0 0.00  0.0    0 10.8 22 190   M    M   0        28 180
13  71  43  57  24   8   0 0.00  0.0    0 10.8 18 320   M    M   0 8      23 330
14  62  33  48  14  17   0 0.00  0.0    0  9.1 17 300   M    M   0        21 290
15  66  30  48  14  17   0 0.00  0.0    0 10.4 28 210   M    M   0        36 200
16  69  43  56  22   9   0 0.00  0.0    0 11.1 24 340   M    M   2        30 350
17  47  28  38   3  27   0 0.00  0.0    0  9.7 24 350   M    M   0        33 360
18  50  28  39   4  26   0 0.00  0.0    0  2.8  8 180   M    M   4        10  10
19  53  37  45   9  20   0 0.00  0.0    0  8.9 21 180   M    M  10        24 170
20  58  34  46  10  19   0 0.00  0.0    0  6.0 14 350   M    M   4        19 350
21  48  32  40   3  25   0 0.00  0.0    0  9.1 24 350   M    M   2        30 350
22  35  31  33  -4  32   0 0.38  4.8    0  5.8 13  70   M    M   9 12     16  70
23  36  24  30  -8  35   0 0.13  2.5    7  5.9 12 100   M    M   8 18     15 120
24  43  20  32  -6  33   0 0.18  1.2    6  9.3 21 140   M    M   3 1      25 140
25  41  31  36  -3  29   0 0.08  1.4    4 12.2 29 280   M    M  10 1      35 280
26  38  27  33  -6  32   0 0.00  0.0    1 11.9 21 310   M    M   9        25 310
27  37  17  27 -13  38   0 0.00  0.0    1  4.6 14  40   M    M   0        17  40
28  43  20  32  -8  33   0 0.00  0.0    T  8.1 20 170   M    M   1        27 170
29  53  34  44   4  21   0 0.03    T    T 16.1 33 280   M    M   5 6      43 270
30  60  30  45   4  20   0    T  0.0    0  5.6 14 340   M    M   5        16 330
31  66  31  49   7  16   0 0.00  0.0    0  4.3 16 330   M    M   3 12     20 330
================================================================================
SM 1473  774       886   0  0.81     9.9 261.2          M      100
================================================================================
AV 47.5 25.0                               8.4 FASTST   M    M   3    MAX(MPH)
                                 MISC ---->  # 33 280               # 43  270
================================================================================
NOTES:
# LAST OF SEVERAL OCCURRENCES

COLUMN 17 PEAK WIND IN M.P.H.

PRELIMINARY LOCAL CLIMATOLOGICAL DATA (WS FORM: F-6) , PAGE 2

                                          STATION:  LA CROSSE WI
                                          MONTH:    MARCH
                                          YEAR:     2015
                                          LATITUDE:   43 52 N
                                          LONGITUDE:  91 15 W

[TEMPERATURE DATA]      [PRECIPITATION DATA]       SYMBOLS USED IN COLUMN 16

AVERAGE MONTHLY: 36.2   TOTAL FOR MONTH:   0.81    1 = FOG OR MIST
DPTR FM NORMAL:   1.7   DPTR FM NORMAL:   -1.23    2 = FOG REDUCING VISIBILITY
HIGHEST:    71 ON 13    GRTST 24HR  0.38 ON 22-22      TO 1/4 MILE OR LESS
LOWEST:     -6 ON  5                               3 = THUNDER
                        SNOW, ICE PELLETS, HAIL    4 = ICE PELLETS
                        TOTAL MONTH:   9.9 INCHES  5 = HAIL
                        GRTST 24HR   4.8 ON   M    6 = FREEZING RAIN OR DRIZZLE
                        GRTST DEPTH:   7 ON 23     7 = DUSTSTORM OR SANDSTORM:
                                                       VSBY 1/2 MILE OR LESS
                                                   8 = SMOKE OR HAZE
[NO. OF DAYS WITH]      [WEATHER - DAYS WITH]      9 = BLOWING SNOW
                                                   X = TORNADO
MAX 32 OR BELOW:   4    0.01 INCH OR MORE:   6
MAX 90 OR ABOVE:   0    0.10 INCH OR MORE:   3
MIN 32 OR BELOW:  23    0.50 INCH OR MORE:   0
MIN  0 OR BELOW:   1    1.00 INCH OR MORE:   0

[HDD (BASE 65) ]
TOTAL THIS MO.   886    CLEAR  (SCALE 0-3)  17
DPTR FM NORMAL   -58    PTCLDY (SCALE 4-7)   8
TOTAL FM JUL 1  6492    CLOUDY (SCALE 8-10)  6
DPTR FM NORMAL    39

[CDD (BASE 65) ]
TOTAL THIS MO.     0
DPTR FM NORMAL     0    [PRESSURE DATA]
TOTAL FM JAN 1     0    HIGHEST SLP 30.64 ON  5
DPTR FM NORMAL     0    LOWEST  SLP 29.63 ON 29

[REMARKS]
#FINAL-03-15#
