000
CXUS55 KFSD 280905
CF6MHE
PRELIMINARY LOCAL CLIMATOLOGICAL DATA (WS FORM: F-6)

                                          STATION:   MITCHELL SD
                                          MONTH:     APRIL
                                          YEAR:      2015
                                          LATITUDE:   43 46 N
                                          LONGITUDE:  98  2 W

  TEMPERATURE IN F:       :PCPN:    SNOW:  WIND      :SUNSHINE: SKY     :PK WND
================================================================================
1   2   3   4   5  6A  6B    7    8   9   10  11  12  13   14  15   16   17  18
                                     12Z  AVG MX 2MIN
DY MAX MIN AVG DEP HDD CDD  WTR  SNW DPTH SPD SPD DIR MIN PSBL S-S WX    SPD DR
================================================================================

 1  79  49  64  23   1   0 0.00  0.0    0 17.1 30 310   M    M   0 8      37 310
 2  64  34  49   8  16   0 0.00  0.0    0 15.5 32 290   M    M   0        41 290
 3  52  22  37  -5  28   0 0.00  0.0    0 10.2 25  10   M    M   3        29 350
 4  71  27  49   7  16   0 0.00  0.0    0  9.9 23 250   M    M   0        30 210
 5  71  34  53  10  12   0 0.00  0.0    0 12.9 28  70   M    M   0        34  70
 6  44  38  41  -2  24   0 0.05  0.0    0 14.1 25  70   M    M   8 18     31  90
 7  43  38  41  -3  24   0 0.01  0.0    0  6.7 15  60   M    M  10 1      18  60
 8  46  38  42  -2  23   0 0.00  0.0    0  7.8 18 120   M    M  10 1      22 110
 9  59  37  48   3  17   0 0.20  0.0    0 17.5 32 350   M    M   8 1      43 340
10  60  31  46   1  19   0 0.00  0.0    0  9.5 18 270   M    M   0        23 280
11  79  39  59  13   6   0 0.00  0.0    0 18.6 32 190   M    M   0        43 170
12  77  43  60  14   5   0 0.00  0.0    0 17.0 32 320   M    M   0        39 320
13  69  35  52   5  13   0 0.00  0.0    0 12.3 30 300   M    M   0        39 280
14  78  36  57  10   8   0 0.00  0.0    0 16.4 30 170   M    M   0        39 150
15  69  44  57   9   8   0 0.00  0.0    0 18.2 31 150   M    M   5        43 140
16  73  47  60  12   5   0 0.00  0.0    0  5.5 12 330   M    M   4        16 190
17  76  40  58   9   7   0 0.00  0.0    0  7.0 14  20   M    M   2        27  30
18  62  53  58   9   7   0 0.22  0.0    0  6.9 15 120   M    M   9 1      20 110
19  57  44  51   1  14   0 0.01  0.0    0 22.3 36 320   M    M   8 1      43 340
20  57  30  44  -6  21   0 0.00  0.0    0 22.7 44 320   M    M   2        53 300
21  55  29  42  -8  23   0 0.00  0.0    0 14.9 31 340   M    M   3        40 340
22  57  24  41 -10  24   0 0.00  0.0    0  7.2 17 330   M    M   0        23 320
23  68  29  49  -2  16   0 0.00  0.0    0 15.2 26 150   M    M   2        33 140
24  81  53  67  15   0   2 0.85  0.0    0 16.0 28  60   M    M   4 3      33  50
25  61  48  55   3  10   0 0.08  0.0    0 10.9 26 100   M    M   8 18     33  90
26  67  37  52  -1  13   0 0.00  0.0    0  8.1 20 130   M    M   0 1      24 130
27  71  35  53   0  12   0 0.00  0.0    0  4.8 18 330   M    M   0        23 330
================================================================================
SM 1746 1014       372   2  1.42     0.0 345.2          M       86
================================================================================
AV 64.7 37.6                              12.8 FASTST   M    M   3    MAX(MPH)
                                 MISC ---->  # 44 320               # 53  300
================================================================================
NOTES:
# LAST OF SEVERAL OCCURRENCES

COLUMN 17 PEAK WIND IN M.P.H.

PRELIMINARY LOCAL CLIMATOLOGICAL DATA (WS FORM: F-6) , PAGE 2

                                          STATION:  MITCHELL SD
                                          MONTH:    APRIL
                                          YEAR:     2015
                                          LATITUDE:   43 46 N
                                          LONGITUDE:  98  2 W

[TEMPERATURE DATA]      [PRECIPITATION DATA]       SYMBOLS USED IN COLUMN 16

AVERAGE MONTHLY: 51.1   TOTAL FOR MONTH:   1.42    1 = FOG OR MIST
DPTR FM NORMAL:   4.0   DPTR FM NORMAL:   -0.46    2 = FOG REDUCING VISIBILITY
HIGHEST:    81 ON 24    GRTST 24HR  0.93 ON 24-25      TO 1/4 MILE OR LESS
LOWEST:     22 ON  3                               3 = THUNDER
                        SNOW, ICE PELLETS, HAIL    4 = ICE PELLETS
                        TOTAL MONTH:   0.0 INCH    5 = HAIL
                        GRTST 24HR     0.0         6 = FREEZING RAIN OR DRIZZLE
                        GRTST DEPTH:   0           7 = DUSTSTORM OR SANDSTORM:
                                                       VSBY 1/2 MILE OR LESS
                                                   8 = SMOKE OR HAZE
[NO. OF DAYS WITH]      [WEATHER - DAYS WITH]      9 = BLOWING SNOW
                                                   X = TORNADO
MAX 32 OR BELOW:   0    0.01 INCH OR MORE:   7
MAX 90 OR ABOVE:   0    0.10 INCH OR MORE:   3
MIN 32 OR BELOW:   7    0.50 INCH OR MORE:   1
MIN  0 OR BELOW:   0    1.00 INCH OR MORE:   0

[HDD (BASE 65) ]
TOTAL THIS MO.   372    CLEAR  (SCALE 0-3)  17
DPTR FM NORMAL  -112    PTCLDY (SCALE 4-7)   6
TOTAL FM JUL 1  6630    CLOUDY (SCALE 8-10)  4
DPTR FM NORMAL  -334

[CDD (BASE 65) ]
TOTAL THIS MO.     2
DPTR FM NORMAL     2    [PRESSURE DATA]
TOTAL FM JAN 1     6    HIGHEST SLP M ON M
DPTR FM NORMAL     6    LOWEST  SLP 29.43 ON 24

[REMARKS]
