000
CXUS55 KDVN 251237
CF6MLI
PRELIMINARY LOCAL CLIMATOLOGICAL DATA (WS FORM: F-6)

                                          STATION:   MOLINE IL
                                          MONTH:     APRIL
                                          YEAR:      2015
                                          LATITUDE:   41 27 N
                                          LONGITUDE:  90 31 W

  TEMPERATURE IN F:       :PCPN:    SNOW:  WIND      :SUNSHINE: SKY     :PK WND
================================================================================
1   2   3   4   5  6A  6B    7    8   9   10  11  12  13   14  15   16   17  18
                                     12Z  AVG MX 2MIN
DY MAX MIN AVG DEP HDD CDD  WTR  SNW DPTH SPD SPD DIR MIN PSBL S-S WX    SPD DR
================================================================================

 1  80  35  58  12   7   0 0.00  0.0    0 11.7 28 160   M    M   0        39 160
 2  71  45  58  12   7   0 0.01  0.0    0 10.2 23 310   M    M   5 1      37 230
 3  54  34  44  -3  21   0 0.00  0.0    0 14.5 28 310   M    M   4        35 320
 4  64  24  44  -3  21   0 0.00  0.0    0 12.7 26 270   M    M   1        32 280
 5  70  43  57   9   8   0 0.00  0.0    0 10.8 21 220   M    M   1        27 210
 6  65  39  52   4  13   0 0.03  0.0    0  6.4 16  60   M    M   8 18     20 130
 7  55  43  49   1  16   0    T  0.0    0 14.9 25  80   M    M   9 138    32  90
 8  61  47  54   5  11   0 0.00  0.0    0 10.9 21  90   M    M   9 1238   26  90
 9  79  41  60  11   5   0 0.09  0.0    0 17.0 40 260   M    M   7 138    56 270
10  63  34  49   0  16   0 0.00  0.0    0 16.5 40 310   M    M   1        50 270
11  68  28  48  -2  17   0 0.00  0.0    0  6.4 15 220   M    M   0        23 220
12  68  47  58   8   7   0    T  0.0    0 11.5 21 180   M    M   5 3      30 220
13  67  40  54   4  11   0 0.23  0.0    0 11.1 26 300   M    M   3 13     36 310
14  71  37  54   3  11   0 0.00  0.0    0  3.5 14  70   M    M   0        16  60
15  73  36  55   4  10   0 0.00  0.0    0 13.3 26 100   M    M   1        32  90
16  75  42  59   7   6   0 0.00  0.0    0  2.8  9  40   M    M   0        14  50
17  80  45  63  11   2   0 0.00  0.0    0  1.3  9 140   M    M   1 8      13 300
18  81  48  65  13   0   0 0.01  0.0    0  8.8 23 100   M    M   1        28 100
19  79  50  65  12   0   0 0.32  0.0    0  8.5 22 110   M    M   5 1      28 100
20  54  35  45  -8  20   0 0.01    M    0 18.2 35 280   M    M   8 18     43 300
21  57  38  48  -6  17   0 0.00  0.0    0 17.4 41 270   M    M   2        52 270
22  53  35  44 -10  21   0 0.00  0.0    0 16.3 29 270   M    M   1        43 280
23  59  29  44 -10  21   0 0.00  0.0    0  7.7 18 310   M    M   0        26 300
24  64  28  46  -9  19   0 0.21  0.0    0 11.9 25 150   M    M   8 38     31 160
================================================================================
SM 1611  923       287   0  0.91     0.0 264.3          M       80
================================================================================
AV 67.1 38.5                              11.0 FASTST   M    M   3    MAX(MPH)
                                 MISC ---->  # 41 270               # 56  270
================================================================================
NOTES:
# LAST OF SEVERAL OCCURRENCES

COLUMN 17 PEAK WIND IN M.P.H.

PRELIMINARY LOCAL CLIMATOLOGICAL DATA (WS FORM: F-6) , PAGE 2

                                          STATION:  MOLINE IL
                                          MONTH:    APRIL
                                          YEAR:     2015
                                          LATITUDE:   41 27 N
                                          LONGITUDE:  90 31 W

[TEMPERATURE DATA]      [PRECIPITATION DATA]       SYMBOLS USED IN COLUMN 16

AVERAGE MONTHLY: 52.8   TOTAL FOR MONTH:   0.91    1 = FOG OR MIST
DPTR FM NORMAL:   2.5   DPTR FM NORMAL:   -1.89    2 = FOG REDUCING VISIBILITY
HIGHEST:    81 ON 18    GRTST 24HR  0.33 ON 19-20      TO 1/4 MILE OR LESS
LOWEST:     24 ON  4                               3 = THUNDER
                        SNOW, ICE PELLETS, HAIL    4 = ICE PELLETS
                        TOTAL MONTH:   0.0 INCH    5 = HAIL
                        GRTST 24HR     0.0         6 = FREEZING RAIN OR DRIZZLE
                        GRTST DEPTH:   0           7 = DUSTSTORM OR SANDSTORM:
                                                       VSBY 1/2 MILE OR LESS
                                                   8 = SMOKE OR HAZE
[NO. OF DAYS WITH]      [WEATHER - DAYS WITH]      9 = BLOWING SNOW
                                                   X = TORNADO
MAX 32 OR BELOW:   0    0.01 INCH OR MORE:   8
MAX 90 OR ABOVE:   0    0.10 INCH OR MORE:   3
MIN 32 OR BELOW:   4    0.50 INCH OR MORE:   0
MIN  0 OR BELOW:   0    1.00 INCH OR MORE:   0

[HDD (BASE 65) ]
TOTAL THIS MO.   287    CLEAR  (SCALE 0-3)  14
DPTR FM NORMAL   -75    PTCLDY (SCALE 4-7)   8
TOTAL FM JUL 1  6388    CLOUDY (SCALE 8-10)  2
DPTR FM NORMAL   424

[CDD (BASE 65) ]
TOTAL THIS MO.     0
DPTR FM NORMAL    -8    [PRESSURE DATA]
TOTAL FM JAN 1     0    HIGHEST SLP M ON M
DPTR FM NORMAL    -9    LOWEST  SLP 29.32 ON 19

[REMARKS]
