000
CXUS51 KBTV 250700
CF6MPV
PRELIMINARY LOCAL CLIMATOLOGICAL DATA (WS FORM: F-6)

                                          STATION:   MONTPELIER VT
                                          MONTH:     APRIL
                                          YEAR:      2015
                                          LATITUDE:   44 12 N
                                          LONGITUDE:  72 34 W

  TEMPERATURE IN F:       :PCPN:    SNOW:  WIND      :SUNSHINE: SKY     :PK WND
================================================================================
1   2   3   4   5  6A  6B    7    8   9   10  11  12  13   14  15   16   17  18
                                     12Z  AVG MX 2MIN
DY MAX MIN AVG DEP HDD CDD  WTR  SNW DPTH SPD SPD DIR MIN PSBL S-S WX    SPD DR
================================================================================

 1  32  12  22 -14  43   0 0.00  0.0    0  5.7 21 300   M    M   0        28 290
 2  54  13  34  -2  31   0    T    M    0  6.4 18 150   M    M   5        23 160
 3  60  36  48  11  17   0 0.03    M    0  5.6 18 200   M    M   5        27 220
 4  42  25  34  -3  31   0 0.24    M    0  9.6 29 300   M    M   9 18     44 310
 5  37  22  30  -8  35   0 0.12    M    0  6.7 22 300   M    M   6 12     30 280
 6  34  20  27 -11  38   0 0.11    M    0  2.9 16 180   M    M   9 1268   21 170
 7  45  23  34  -5  31   0 0.03    M    0  3.0 12 360   M    M   5 126    15  20
 8  41  17  29 -10  36   0 0.19    M    0  5.6 16 200   M    M   5 12     23 200
 9  34  27  31  -9  34   0 0.04    M    0  9.2 24 170   M    M  10 18     34 180
10  52  32  42   2  23   0 0.16    M    0 10.7 20 260   M    M  10 136    34 250
11  45  29  37  -3  28   0    T    M    0 11.6 24 300   M    M   6        38 300
12  60  27  44   3  21   0 0.00  0.0    0  3.8 15 300   M    M   0        21 310
13  69  26  48   7  17   0    T    M    0  8.8 22 170   M    M   0        32 170
14  59  34  47   5  18   0 0.01    M    0  8.8 22 300   M    M   2        34 280
15  53  26  40  -2  25   0 0.00  0.0    0  6.6 23 300   M    M   0        32 290
16  66  24  45   2  20   0 0.00  0.0    0  4.4 15 160   M    M   0        20 220
17  63  45  54  11  11   0 0.15    M    0  6.3 16 290   M    M   6 1      23 290
18  64  33  49   5  16   0 0.01    M    0  6.8 23 310   M    M   4 1      31 280
19  55  35  45   1  20   0 0.00  0.0    0  4.1 14 310   M    M   3        17 300
20  45  35  40  -4  25   0 0.05    M    0 10.5 24 160   M    M   7 1      33 160
21  50  34  42  -3  23   0 0.32    M    0  4.5 14 260   M    M   7 1      20 260
22  54  31  43  -2  22   0 0.54    M    0  6.5 21 180   M    M   8 12     26 180
23  41  31  36 -10  29   0    T    M    0  6.0 16 290   M    M   8 18     23 310
24  35  31  33 -13  32   0    T    M    0 11.9 22 300   M    M  10 1      29 310
================================================================================
SM 1190  668       626   0  2.00     0.0 166.0          M      125
================================================================================
AV 49.6 27.8                               6.9 FASTST   M    M   5    MAX(MPH)
                                 MISC ---->  # 29 300               # 44  310
================================================================================
NOTES:
# LAST OF SEVERAL OCCURRENCES

COLUMN 17 PEAK WIND IN M.P.H.

PRELIMINARY LOCAL CLIMATOLOGICAL DATA (WS FORM: F-6) , PAGE 2

                                          STATION:  MONTPELIER VT
                                          MONTH:    APRIL
                                          YEAR:     2015
                                          LATITUDE:   44 12 N
                                          LONGITUDE:  72 34 W

[TEMPERATURE DATA]      [PRECIPITATION DATA]       SYMBOLS USED IN COLUMN 16

AVERAGE MONTHLY: 38.7   TOTAL FOR MONTH:   2.00    1 = FOG OR MIST
DPTR FM NORMAL:  -2.4   DPTR FM NORMAL:   -0.10    2 = FOG REDUCING VISIBILITY
HIGHEST:    69 ON 13    GRTST 24HR  0.54 ON 22-22      TO 1/4 MILE OR LESS
LOWEST:     12 ON  1                               3 = THUNDER
                        SNOW, ICE PELLETS, HAIL    4 = ICE PELLETS
                        TOTAL MONTH:   0.0 INCH    5 = HAIL
                        GRTST 24HR     0.0         6 = FREEZING RAIN OR DRIZZLE
                        GRTST DEPTH:   0           7 = DUSTSTORM OR SANDSTORM:
                                                       VSBY 1/2 MILE OR LESS
                                                   8 = SMOKE OR HAZE
[NO. OF DAYS WITH]      [WEATHER - DAYS WITH]      9 = BLOWING SNOW
                                                   X = TORNADO
MAX 32 OR BELOW:   1    0.01 INCH OR MORE:  14
MAX 90 OR ABOVE:   0    0.10 INCH OR MORE:   8
MIN 32 OR BELOW:  17    0.50 INCH OR MORE:   1
MIN  0 OR BELOW:   0    1.00 INCH OR MORE:   0

[HDD (BASE 65) ]
TOTAL THIS MO.   626    CLEAR  (SCALE 0-3)   6
DPTR FM NORMAL    53    PTCLDY (SCALE 4-7)  12
TOTAL FM JUL 1  8285    CLOUDY (SCALE 8-10)  6
DPTR FM NORMAL   687

[CDD (BASE 65) ]
TOTAL THIS MO.     0
DPTR FM NORMAL     0    [PRESSURE DATA]
TOTAL FM JAN 1     0    HIGHEST SLP M ON M
DPTR FM NORMAL     0    LOWEST  SLP 29.55 ON 23

[REMARKS]
