000
CXUS54 KHGX 271324
CF6PSX
PRELIMINARY LOCAL CLIMATOLOGICAL DATA (WS FORM: F-6)

                                          STATION:   PALACIOS
                                          MONTH:     APRIL
                                          YEAR:      2015
                                          LATITUDE:   28 43 N
                                          LONGITUDE:  96 15 W

  TEMPERATURE IN F:       :PCPN:    SNOW:  WIND      :SUNSHINE: SKY     :PK WND
================================================================================
1   2   3   4   5  6A  6B    7    8   9   10  11  12  13   14  15   16   17  18
                                     12Z  AVG MX 2MIN
DY MAX MIN AVG DEP HDD CDD  WTR  SNW DPTH SPD SPD DIR MIN PSBL S-S WX    SPD DR
================================================================================

 1  79  71  75   9   0  10 0.00  0.0    0 13.9 24 150   M    M   7 1      32 150
 2  79  72  76   9   0  11    T  0.0    0 15.4 23 160   M    M   9 1      27 170
 3  79  69  74   7   0   9 0.00  0.0    0 10.7 18 170   M    M   8 1      23 170
 4  73  65  69   2   0   4    T  0.0    0 12.5 23  10   M    M  10        28  10
 5  77  66  72   5   0   7    T  0.0    0 11.3 21 170   M    M   8 1      26 170
 6  80  71  76   8   0  11    T  0.0    0 12.9 23 150   M    M   4 1      28 140
 7  81  71  76   8   0  11 0.00  0.0    0 12.4 23 150   M    M   8 1      28 150
 8  80  74  77   9   0  12 0.00  0.0    0 13.8 20 160   M    M   9 1      24 180
 9  81  74  78  10   0  13 0.00  0.0    0 15.1 24 170   M    M   8 1      30 170
10  76  62  69   0   0   4 1.92  0.0    0  8.0 35 340   M    M  10 123    40 340
11  74  66  70   1   0   5    T  0.0    0  9.0 15  80   M    M  10 1      18  60
12  80  70  75   6   0  10    T  0.0    0 10.7 21 130   M    M   9 18     27 150
13  82  69  76   7   0  11 0.11  0.0    0  9.9 28 200   M    M   2 1      40 180
14  78  69  74   4   0   9 0.38  0.0    0  6.6 17 340   M    M   5 13     21 340
15  77  63  70   0   0   5 0.00  0.0    0  8.4 15  30   M    M   8        19  50
16  81  68  75   5   0  10 0.02  0.0    0  8.7 20 100   M    M   6 13     25  90
17  81  69  75   5   0  10 0.25  0.0    0 13.4 22 130   M    M   8 13     30 130
18  73  65  69  -1   0   4 0.34  0.0    0  9.7 30  90   M    M   6 13     36  90
19  79  62  71   0   0   6    T  0.0    0  8.6 21 360   M    M   3 3      24 360
20  72  61  67  -4   0   2 0.00  0.0    0 11.7 23  30   M    M   0        29  20
21  79  61  70  -1   0   5 0.00  0.0    0 10.0 20 120   M    M   2        26 100
22  79  70  75   3   0  10 0.34  0.0    0 10.8 24 130   M    M   7 13     30 140
23  84  71  78   6   0  13 0.00  0.0    0  6.9 15 170   M    M   8 1      17 180
24  84  74  79   7   0  14 0.01  0.0    0  9.6 24 150   M    M   9 1      28 160
25  80  68  74   2   0   9 0.16  0.0    0  9.1 28 340   M    M   3 13     33 340
26  82  75  79   7   0  14 0.05  0.0    0 10.2 20 120   M    M  10 138    25 130
================================================================================
SM 2050 1776         0 229  3.58     0.0 279.3          M      177
================================================================================
AV 78.8 68.3                              10.7 FASTST   M    M   7    MAX(MPH)
                                 MISC ---->  # 35 340               # 40  340
================================================================================
NOTES:
# LAST OF SEVERAL OCCURRENCES

COLUMN 17 PEAK WIND IN M.P.H.

PRELIMINARY LOCAL CLIMATOLOGICAL DATA (WS FORM: F-6) , PAGE 2

                                          STATION:  PALACIOS
                                          MONTH:    APRIL
                                          YEAR:     2015
                                          LATITUDE:   28 43 N
                                          LONGITUDE:  96 15 W

[TEMPERATURE DATA]      [PRECIPITATION DATA]       SYMBOLS USED IN COLUMN 16

AVERAGE MONTHLY: 73.6   TOTAL FOR MONTH:   3.58    1 = FOG OR MIST
DPTR FM NORMAL:   4.2   DPTR FM NORMAL:    1.35    2 = FOG REDUCING VISIBILITY
HIGHEST:    84 ON 24,23 GRTST 24HR  1.92 ON  9-10      TO 1/4 MILE OR LESS
LOWEST:     61 ON 21,20                            3 = THUNDER
                        SNOW, ICE PELLETS, HAIL    4 = ICE PELLETS
                        TOTAL MONTH:   0.0 INCH    5 = HAIL
                        GRTST 24HR     0.0         6 = FREEZING RAIN OR DRIZZLE
                        GRTST DEPTH:   0           7 = DUSTSTORM OR SANDSTORM:
                                                       VSBY 1/2 MILE OR LESS
                                                   8 = SMOKE OR HAZE
[NO. OF DAYS WITH]      [WEATHER - DAYS WITH]      9 = BLOWING SNOW
                                                   X = TORNADO
MAX 32 OR BELOW:   0    0.01 INCH OR MORE:  10
MAX 90 OR ABOVE:   0    0.10 INCH OR MORE:   7
MIN 32 OR BELOW:   0    0.50 INCH OR MORE:   1
MIN  0 OR BELOW:   0    1.00 INCH OR MORE:   1

[HDD (BASE 65) ]
TOTAL THIS MO.     0    CLEAR  (SCALE 0-3)   4
DPTR FM NORMAL   -28    PTCLDY (SCALE 4-7)  10
TOTAL FM JUL 1  1249    CLOUDY (SCALE 8-10) 12
DPTR FM NORMAL    56

[CDD (BASE 65) ]
TOTAL THIS MO.   229
DPTR FM NORMAL    85    [PRESSURE DATA]
TOTAL FM JAN 1   314    HIGHEST SLP M ON M
DPTR FM NORMAL    79    LOWEST  SLP 29.58 ON 26

[REMARKS]
