000
CXUS54 KEWX 280910
CF6SSF
PRELIMINARY LOCAL CLIMATOLOGICAL DATA (WS FORM: F-6)

                                          STATION:   SAN ANTONIO STINSON FIELD
                                          MONTH:     APRIL
                                          YEAR:      2015
                                          LATITUDE:   29 19 N
                                          LONGITUDE:  98 29 W

  TEMPERATURE IN F:       :PCPN:    SNOW:  WIND      :SUNSHINE: SKY     :PK WND
================================================================================
1   2   3   4   5  6A  6B    7    8   9   10  11  12  13   14  15   16   17  18
                                     12Z  AVG MX 2MIN
DY MAX MIN AVG DEP HDD CDD  WTR  SNW DPTH SPD SPD DIR MIN PSBL S-S WX    SPD DR
================================================================================

 1  83  65  74   7   0   9 0.00  0.0    0  8.0 17 140   M    M   7 13     21 140
 2  84  68  76   9   0  11 0.00  0.0    0  7.6 15 140   M    M   7        20 140
 3  80  68  74   7   0   9    T  0.0    0  7.0 21  20   M    M   8 18     26  20
 4  69  60  65  -3   0   0 0.00    M    0 11.0 23  30   M    M  10        32  40
 5  74  58  66  -2   0   1    T    M    0  4.7 15 130   M    M   9 1      19 130
 6  85  67  76   8   0  11 0.00  0.0    0  8.9 18 150   M    M   7        26 140
 7  86  66  76   8   0  11 0.00  0.0    0  9.4 18 130   M    M   4 1      24 170
 8  83  70  77   9   0  12 0.00  0.0    0 10.6 17 120   M    M   6        23 150
 9  85  67  76   7   0  11 0.00  0.0    0  7.8 17 160   M    M   3 1      22 150
10  72  60  66  -3   0   1 0.67  0.0    0  8.4 20  60   M    M   5 13     26  40
11  72  62  67  -2   0   2 0.25  0.0    0  6.1 12 110   M    M  10 13     14  90
12  80  66  73   4   0   8 0.63  0.0    M  6.6 24 230   M    M   9 13     35 230
13  81  63  72   2   0   7    T  0.0    0  4.9 13 110   M    M   4 1      16 120
14  76  64  70   0   0   5    T    M    0  5.8 15 360   M    M   6 3      20  10
15  78  59  69  -1   0   4 0.00    M    0  5.8 14 130   M    M   8        17 120
16  74  66  70   0   0   5 0.01  0.0    0  5.8 14  20   M    M   9 138    17  20
17  74  66  70   0   0   5 0.03  0.0    0  7.9 23  60   M    M   9 13     28  60
18  76  67  72   1   0   7    M  0.0    0  5.0 12 110   M    M   8 1      15 110
19  88  65  77   6   0  12    M  0.0    0  6.8 16  10   M    M   4 1      23  20
20  72  59  66  -5   0   1 0.00  0.0    0  8.4 18  60   M    M   0        24  50
21  81  53  67  -4   0   2 0.00  0.0    0  5.0 14 130   M    M   7        19 130
22  77  68  73   1   0   8 1.59  0.0    0  6.5 14 110   M    M  10 13     17 120
23  85  70  78   6   0  13    T  0.0    0  4.4 14 110   M    M   8 12     18 120
24  84  69  77   5   0  12 1.22    M    0  6.3 18 140   M    M   7 13     24 250
25  91  65  78   6   0  13 1.22    M    0  5.2 21 360   M    M   4 13     32 320
26  87  71  79   6   0  14 0.00  0.0    0  8.3 20 140   M    M   7 18     26 160
27  88  63  76   3   0  11 0.23  0.0    0  5.5 30 340   M    M   2 138    42 320
================================================================================
SM 2165 1745         0 205  5.85     0.0 187.7          M      178
================================================================================
AV 80.2 64.6                               7.0 FASTST   M    M   7    MAX(MPH)
                                 MISC ---->  # 30 340               # 42  320
================================================================================
NOTES:
# LAST OF SEVERAL OCCURRENCES

COLUMN 17 PEAK WIND IN M.P.H.

PRELIMINARY LOCAL CLIMATOLOGICAL DATA (WS FORM: F-6) , PAGE 2

                                          STATION:  SAN ANTONIO STINSON FIELD
                                          MONTH:    APRIL
                                          YEAR:     2015
                                          LATITUDE:   29 19 N
                                          LONGITUDE:  98 29 W

[TEMPERATURE DATA]      [PRECIPITATION DATA]       SYMBOLS USED IN COLUMN 16

AVERAGE MONTHLY: 72.4   TOTAL FOR MONTH:   5.85    1 = FOG OR MIST
DPTR FM NORMAL:   2.6   DPTR FM NORMAL:    3.91    2 = FOG REDUCING VISIBILITY
HIGHEST:    91 ON 25    GRTST 24HR  1.59 ON 22-22      TO 1/4 MILE OR LESS
LOWEST:     53 ON 21                               3 = THUNDER
                        SNOW, ICE PELLETS, HAIL    4 = ICE PELLETS
                        TOTAL MONTH:   0.0 INCH    5 = HAIL
                        GRTST 24HR     0.0         6 = FREEZING RAIN OR DRIZZLE
                        GRTST DEPTH:   0           7 = DUSTSTORM OR SANDSTORM:
                                                       VSBY 1/2 MILE OR LESS
                                                   8 = SMOKE OR HAZE
[NO. OF DAYS WITH]      [WEATHER - DAYS WITH]      9 = BLOWING SNOW
                                                   X = TORNADO
MAX 32 OR BELOW:   0    0.01 INCH OR MORE:   9
MAX 90 OR ABOVE:   1    0.10 INCH OR MORE:   7
MIN 32 OR BELOW:   0    0.50 INCH OR MORE:   5
MIN  0 OR BELOW:   0    1.00 INCH OR MORE:   3

[HDD (BASE 65) ]
TOTAL THIS MO.     0    CLEAR  (SCALE 0-3)   2
DPTR FM NORMAL   -28    PTCLDY (SCALE 4-7)  16
TOTAL FM JUL 1  1484    CLOUDY (SCALE 8-10)  9
DPTR FM NORMAL    76

[CDD (BASE 65) ]
TOTAL THIS MO.   205
DPTR FM NORMAL    47    [PRESSURE DATA]
TOTAL FM JAN 1   267    HIGHEST SLP M ON M
DPTR FM NORMAL     7    LOWEST  SLP 29.49 ON 26

[REMARKS]
