000
CXUS53 KMPX 190722
CF6STP
PRELIMINARY LOCAL CLIMATOLOGICAL DATA (WS FORM: F-6)

                                          STATION:   ST PAUL MN
                                          MONTH:     APRIL
                                          YEAR:      2015
                                          LATITUDE:   44 55 N
                                          LONGITUDE:  93  4 W

  TEMPERATURE IN F:       :PCPN:    SNOW:  WIND      :SUNSHINE: SKY     :PK WND
================================================================================
1   2   3   4   5  6A  6B    7    8   9   10  11  12  13   14  15   16   17  18
                                     12Z  AVG MX 2MIN
DY MAX MIN AVG DEP HDD CDD  WTR  SNW DPTH SPD SPD DIR MIN PSBL S-S WX    SPD DR
================================================================================

 1  82  43  63  21   2   0 0.28    M    M 14.9 33 180   M    M   1 13     51 200
 2  65  34  50   8  15   0 0.00    M    M 17.5 35 260   M    M   0        44 250
 3  43  28  36  -7  29   0 0.00    M    M 12.0 23 320   M    M   5        29 300
 4  53  31  42  -1  23   0 0.00    M    M  6.9 17 250   M    M   4        22 270
 5  52  35  44   0  21   0 0.00    M    M  9.4 23  60   M    M   4        27  50
 6  42  37  40  -4  25   0 0.18    M    M 10.8 22  50   M    M   9 1      30  50
 7  42  38  40  -5  25   0 0.01    M    M 10.8 22  80   M    M  10 1      28  70
 8  48  37  43  -2  22   0 0.00    M    M  7.9 20  80   M    M  10 18     24  80
 9  41  33  37  -9  28   0 0.59    M    M  9.4 21 360   M    M   9 1      26 360
10  57  29  43  -3  22   0    T    M    M  7.0 22 260   M    M   5 12     26 280
11  68  32  50   3  15   0 0.00    M    M 10.2 24 170   M    M   0 1      31 170
12  76  50  63  16   2   0 0.43    M    M 17.4 35 170   M    M   3 13     45 170
13  64  46  55   7  10   0 0.02    M    M 13.1 28 270   M    M   2 1      39 280
14  72  36  54   6  11   0 0.00    M    M  6.1 17 190   M    M   0        22 190
15  70  43  57   8   8   0 0.00    M    M  9.7 24 150   M    M   0        34 190
16  73  51  62  13   3   0 0.00    M    M  6.6 15 220   M    M   8        20 210
17  75  48  62  12   3   0 0.00    M    M  4.4 14 320   M    M   1        17 290
18  71  46  59   9   6   0 0.09    M    M  9.3 18 120   M    M   2 8      24  70
================================================================================
SM 1094  697       270   0  1.60    M    183.4          M       73
================================================================================
AV 60.8 38.7                              10.2 FASTST   M    M   4    MAX(MPH)
                                 MISC ---->  # 35 260               # 51  200
================================================================================
NOTES:
# LAST OF SEVERAL OCCURRENCES

COLUMN 17 PEAK WIND IN M.P.H.

PRELIMINARY LOCAL CLIMATOLOGICAL DATA (WS FORM: F-6) , PAGE 2

                                          STATION:  ST PAUL MN
                                          MONTH:    APRIL
                                          YEAR:     2015
                                          LATITUDE:   44 55 N
                                          LONGITUDE:  93  4 W

[TEMPERATURE DATA]      [PRECIPITATION DATA]       SYMBOLS USED IN COLUMN 16

AVERAGE MONTHLY: 49.8   TOTAL FOR MONTH:   1.60    1 = FOG OR MIST
DPTR FM NORMAL:   3.8   DPTR FM NORMAL:    0.68    2 = FOG REDUCING VISIBILITY
HIGHEST:    82 ON  1    GRTST 24HR  0.59 ON  9- 9      TO 1/4 MILE OR LESS
LOWEST:     28 ON  3                               3 = THUNDER
                        SNOW, ICE PELLETS, HAIL    4 = ICE PELLETS
                        TOTAL MONTH:    M          5 = HAIL
                        GRTST 24HR    M  ON   M    6 = FREEZING RAIN OR DRIZZLE
                        GRTST DEPTH:  M  ON   M    7 = DUSTSTORM OR SANDSTORM:
                                                       VSBY 1/2 MILE OR LESS
                                                   8 = SMOKE OR HAZE
[NO. OF DAYS WITH]      [WEATHER - DAYS WITH]      9 = BLOWING SNOW
                                                   X = TORNADO
MAX 32 OR BELOW:   0    0.01 INCH OR MORE:   7
MAX 90 OR ABOVE:   0    0.10 INCH OR MORE:   4
MIN 32 OR BELOW:   4    0.50 INCH OR MORE:   1
MIN  0 OR BELOW:   0    1.00 INCH OR MORE:   0

[HDD (BASE 65) ]
TOTAL THIS MO.   270    CLEAR  (SCALE 0-3)   9
DPTR FM NORMAL   -72    PTCLDY (SCALE 4-7)   5
TOTAL FM JUL 1  7175    CLOUDY (SCALE 8-10)  4
DPTR FM NORMAL   254

[CDD (BASE 65) ]
TOTAL THIS MO.     0
DPTR FM NORMAL     0    [PRESSURE DATA]
TOTAL FM JAN 1     0    HIGHEST SLP M ON M
DPTR FM NORMAL     0    LOWEST  SLP 29.41 ON  1

[REMARKS]
