000
CXUS54 KHGX 201415
CF6UTS
PRELIMINARY LOCAL CLIMATOLOGICAL DATA (WS FORM: F-6)

                                          STATION:   HUNTSVILLE_(ASOS)
                                          MONTH:     APRIL
                                          YEAR:      2015
                                          LATITUDE:   30 45 N
                                          LONGITUDE:  95 35 W

  TEMPERATURE IN F:       :PCPN:    SNOW:  WIND      :SUNSHINE: SKY     :PK WND
================================================================================
1   2   3   4   5  6A  6B    7    8   9   10  11  12  13   14  15   16   17  18
                                     12Z  AVG MX 2MIN
DY MAX MIN AVG DEP HDD CDD  WTR  SNW DPTH SPD SPD DIR MIN PSBL S-S WX    SPD DR
================================================================================

 1  79  67  73   9   0   8 0.07  0.0    0  7.2 16 180   M    M   6 13     23 190
 2  83  68  76  12   0  11 0.00  0.0    0 10.6 18 190   M    M   6 18     26 180
 3  83  66  75  10   0  10 0.01  0.0    0  8.1 16 200   M    M   7 18     25 190
 4  72  55  64  -1   1   0 0.01  0.0    0  4.4 13  70   M    M   6        22 360
 5  62  53  58  -7   7   0 0.67  0.0    0  3.9 15 170   M    M  10 13     23 190
 6  81  62  72   6   0   7 0.00  0.0    0  7.8 20 190   M    M   5 1      27 190
 7  86  68  77  11   0  12 0.00  0.0    0  8.6 17 180   M    M   3 1      23 190
 8  84  70  77  11   0  12 0.00  0.0    0  7.3 20 190   M    M   5 1      27 180
 9  83  70  77  11   0  12 0.00  0.0    0 11.0 20 180   M    M   6 18     29 180
10  72  56  64  -2   1   0 0.29  0.0    0  3.1  9 340   M    M   5 13     14 350
11  79  58  69   2   0   4 0.28  0.0    0  1.6  7 230   M    M   9 13      9  70
12  80  67  74   7   0   9    T  0.0    0  3.8 12 180   M    M   7 1      17 160
13  83  67  75   8   0  10 0.20  0.0    0  4.7 17 240   M    M   6 13     24 240
14  69  57  63  -5   2   0 0.01  0.0    0  4.4 12 290   M    M   7 128    16 310
15  79  53  66  -2   0   1 0.00  0.0    0  2.4  9 190   M    M   1 8      14 180
16  84  63  74   6   0   9 2.62  0.0    0  3.1 36 320   M    M   6 13     47 300
17  79  65  72   4   0   7 0.28  0.0    0  3.1  9 170   M    M   7 13     14 160
18  78  61  70   1   0   5 0.13  0.0    0  2.7 30 300   M    M   6 123    46 300
19  84  56  70   1   0   5 0.11  0.0    0  5.5 20 310   M    M   2 123    28 300
================================================================================
SM 1500 1182        11 122  4.68     0.0 103.3          M      110
================================================================================
AV 78.9 62.2                               5.4 FASTST   M    M   6    MAX(MPH)
                                 MISC ---->  # 36 320               # 47  300
================================================================================
NOTES:
# LAST OF SEVERAL OCCURRENCES

COLUMN 17 PEAK WIND IN M.P.H.

PRELIMINARY LOCAL CLIMATOLOGICAL DATA (WS FORM: F-6) , PAGE 2

                                          STATION:  HUNTSVILLE_(ASOS)
                                          MONTH:    APRIL
                                          YEAR:     2015
                                          LATITUDE:   30 45 N
                                          LONGITUDE:  95 35 W

[TEMPERATURE DATA]      [PRECIPITATION DATA]       SYMBOLS USED IN COLUMN 16

AVERAGE MONTHLY: 70.6   TOTAL FOR MONTH:   4.68    1 = FOG OR MIST
DPTR FM NORMAL:   4.1   DPTR FM NORMAL:    2.76    2 = FOG REDUCING VISIBILITY
HIGHEST:    86 ON  7    GRTST 24HR  2.62 ON 16-16      TO 1/4 MILE OR LESS
LOWEST:     53 ON 15, 5                            3 = THUNDER
                        SNOW, ICE PELLETS, HAIL    4 = ICE PELLETS
                        TOTAL MONTH:   0.0 INCH    5 = HAIL
                        GRTST 24HR     0.0         6 = FREEZING RAIN OR DRIZZLE
                        GRTST DEPTH:   0           7 = DUSTSTORM OR SANDSTORM:
                                                       VSBY 1/2 MILE OR LESS
                                                   8 = SMOKE OR HAZE
[NO. OF DAYS WITH]      [WEATHER - DAYS WITH]      9 = BLOWING SNOW
                                                   X = TORNADO
MAX 32 OR BELOW:   0    0.01 INCH OR MORE:  12
MAX 90 OR ABOVE:   0    0.10 INCH OR MORE:   8
MIN 32 OR BELOW:   0    0.50 INCH OR MORE:   2
MIN  0 OR BELOW:   0    1.00 INCH OR MORE:   1

[HDD (BASE 65) ]
TOTAL THIS MO.    11    CLEAR  (SCALE 0-3)   2
DPTR FM NORMAL   -34    PTCLDY (SCALE 4-7)  15
TOTAL FM JUL 1  1818    CLOUDY (SCALE 8-10)  2
DPTR FM NORMAL   131

[CDD (BASE 65) ]
TOTAL THIS MO.   122
DPTR FM NORMAL    47    [PRESSURE DATA]
TOTAL FM JAN 1   170    HIGHEST SLP M ON M
DPTR FM NORMAL    18    LOWEST  SLP 29.70 ON 19

[REMARKS]
