000
CDUS45 KABQ 210014
CLIABQ


CLIMATE REPORT
NATIONAL WEATHER SERVICE ALBUQUERQUE NM
613 PM MDT MON APR 20 2015


...................................

...THE ALBUQUERQUE  NM CLIMATE SUMMARY FOR APRIL 20 2015...
VALID TODAY AS OF 0500 PM LOCAL TIME.

CLIMATE NORMAL PERIOD 1981 TO 2010
CLIMATE RECORD PERIOD 1891 TO 2015


WEATHER ITEM   OBSERVED TIME   RECORD YEAR NORMAL DEPARTURE LAST
                VALUE   (LST)  VALUE       VALUE  FROM      YEAR
                                                  NORMAL
..................................................................
TEMPERATURE (F)
 TODAY
  MAXIMUM         72    408 PM  86    1989  70      2       77
  MINIMUM         43    547 AM  23    1917  44     -1       46
  AVERAGE         58                        57      1       62

PRECIPITATION (IN)
  TODAY            T             0.55 1952   0.02  -0.02
  MONTH TO DATE    T                         0.43  -0.43
  SINCE MAR 1      0.11                      1.00  -0.89
  SINCE JAN 1      1.42                      1.86  -0.44

SNOWFALL (IN)
  TODAY            0.0
  MONTH TO DATE    0.0
  SINCE MAR 1      0.0
  SINCE JUL 1     15.2
  SNOW DEPTH       0

DEGREE DAYS
 HEATING
  TODAY            7                         8     -1        3
  MONTH TO DATE  161                       213    -52      179
  SINCE MAR 1    525                       737   -212      649
  SINCE JUL 1   3446                      4040   -594     3792

 COOLING
  TODAY            0                         0      0        0
  MONTH TO DATE    0                         0      0        0
  SINCE MAR 1      0                         0      0        0
  SINCE JAN 1      0                         0      0        0
..................................................................


WIND (MPH)
  HIGHEST WIND SPEED    22   HIGHEST WIND DIRECTION    NW (310)
  HIGHEST GUST SPEED    33   HIGHEST GUST DIRECTION     E (90)
  AVERAGE WIND SPEED     5.4


SKY COVER
  POSSIBLE SUNSHINE  MM
  AVERAGE SKY COVER 0.2



RELATIVE HUMIDITY (PERCENT)
 HIGHEST    53           500 AM
 LOWEST     17           400 PM
 AVERAGE    35

..........................................................


THE ALBUQUERQUE  NM CLIMATE NORMALS FOR TOMORROW
                         NORMAL    RECORD    YEAR
 MAXIMUM TEMPERATURE (F)   71        89      1989
 MINIMUM TEMPERATURE (F)   45        20      1907


SUNRISE AND SUNSET
APRIL 20 2015.........SUNRISE   628 AM MDT   SUNSET   743 PM MDT
APRIL 21 2015.........SUNRISE   627 AM MDT   SUNSET   744 PM MDT


-  INDICATES NEGATIVE NUMBERS.
R  INDICATES RECORD WAS SET OR TIED.
MM INDICATES DATA IS MISSING.
T  INDICATES TRACE AMOUNT.




$$
