000
CDUS42 KTAE 180634
CLIABY


CLIMATE REPORT
NATIONAL WEATHER SERVICE TALLAHASSEE FL
231 AM EDT SAT APR 18 2015


...................................

...THE ALBANY CLIMATE SUMMARY FOR APRIL 17 2015...

CLIMATE NORMAL PERIOD 1981 TO 2010
CLIMATE RECORD PERIOD 1930 TO 2015


WEATHER ITEM   OBSERVED TIME   RECORD YEAR NORMAL DEPARTURE LAST
                VALUE   (LST)  VALUE       VALUE  FROM      YEAR
                                                  NORMAL
..................................................................
TEMPERATURE (F)
 YESTERDAY
  MAXIMUM         76    250 PM  92    1955  79     -3       69
  MINIMUM         60    750 AM  35    1962  54      6       48
  AVERAGE         68                        66      2       59

PRECIPITATION (IN)
  YESTERDAY        0.13                      0.11   0.02      T
  MONTH TO DATE    1.85                      2.40  -0.55     4.75
  SINCE MAR 1      4.02                      7.45  -3.43     7.55
  SINCE JAN 1     11.35                     16.43  -5.08    12.79

SNOWFALL (IN)
  YESTERDAY        0.0

DEGREE DAYS
 HEATING
  YESTERDAY        0                         2     -2        6
  MONTH TO DATE    0                        51    -51       50
  SINCE MAR 1    118                       260   -142      318
  SINCE JUL 1   1842                      1820     22     1914

 COOLING
  YESTERDAY        3                         3      0        0
  MONTH TO DATE  124                        43     81       36
  SINCE MAR 1    190                        72    118       39
  SINCE JAN 1    192                        81    111       43
..................................................................


WIND (MPH)
  HIGHEST WIND SPEED    13   HIGHEST WIND DIRECTION    SE (130)
  HIGHEST GUST SPEED    16   HIGHEST GUST DIRECTION    SE (120)
  AVERAGE WIND SPEED     5.9




RELATIVE HUMIDITY (PERCENT)
 HIGHEST    97
 LOWEST     64
 AVERAGE    81

..........................................................


THE ALBANY CLIMATE NORMALS FOR TODAY
                         NORMAL    RECORD    YEAR
 MAXIMUM TEMPERATURE (F)   80        90      2002
                                             1977
 MINIMUM TEMPERATURE (F)   54        37      1986


SUNRISE AND SUNSET
APRIL 18 2015.........SUNRISE   705 AM EDT   SUNSET   807 PM EDT
APRIL 19 2015.........SUNRISE   704 AM EDT   SUNSET   808 PM EDT


-  INDICATES NEGATIVE NUMBERS.
R  INDICATES RECORD WAS SET OR TIED.
MM INDICATES DATA IS MISSING.
T  INDICATES TRACE AMOUNT.




$$
