000
CDUS44 KLCH 060822
CLIAEX


CLIMATE REPORT
NATIONAL WEATHER SERVICE LAKE CHARLES, LA
320 AM CDT WED MAY 6 2015


...................................

...THE ALEXANDRIA CLIMATE SUMMARY FOR MAY 5 2015...

CLIMATE NORMAL PERIOD 1981 TO 2010
CLIMATE RECORD PERIOD 1892 TO 2015


WEATHER ITEM   OBSERVED TIME   RECORD YEAR NORMAL DEPARTURE LAST
                VALUE   (LST)  VALUE       VALUE  FROM      YEAR
                                                  NORMAL
..................................................................
TEMPERATURE (F)
 YESTERDAY
  MAXIMUM         85    301 PM  94    1952  83      2       87
  MINIMUM         65    536 AM  41    1954  61      4       55
  AVERAGE         75                        72      3       71

PRECIPITATION (IN)
  YESTERDAY        T             3.44 1960   0.15  -0.15     0.00
  MONTH TO DATE    0.07                      0.70  -0.63     0.00
  SINCE MAR 1     13.17                     10.30   2.87     7.70
  SINCE JAN 1     18.27                     19.98  -1.71    14.08

DEGREE DAYS
 COOLING
  YESTERDAY       10                         7      3        6
  MONTH TO DATE   35                        32      3       19
  SINCE MAR 1    231                       174     57      144
  SINCE JAN 1    232                       191     41      155
..................................................................


WIND (MPH)
  HIGHEST WIND SPEED    20   HIGHEST WIND DIRECTION    SE (140)
  HIGHEST GUST SPEED    24   HIGHEST GUST DIRECTION    SE (140)
  AVERAGE WIND SPEED     9.3


SKY COVER
  POSSIBLE SUNSHINE  MM
  AVERAGE SKY COVER 0.5


WEATHER CONDITIONS
 THE FOLLOWING WEATHER WAS RECORDED YESTERDAY.
  LIGHT RAIN


RELATIVE HUMIDITY (PERCENT)
 HIGHEST    93           300 AM
 LOWEST     44           300 PM
 AVERAGE    69

..........................................................


THE ALEXANDRIA CLIMATE NORMALS FOR TODAY
                         NORMAL    RECORD    YEAR
 MAXIMUM TEMPERATURE (F)   83        95      1906
 MINIMUM TEMPERATURE (F)   61        38      1954


SUNRISE AND SUNSET
MAY  6 2015...........SUNRISE   621 AM CDT   SUNSET   753 PM CDT
MAY  7 2015...........SUNRISE   620 AM CDT   SUNSET   754 PM CDT


-  INDICATES NEGATIVE NUMBERS.
R  INDICATES RECORD WAS SET OR TIED.
MM INDICATES DATA IS MISSING.
T  INDICATES TRACE AMOUNT.




$$
