000
CDUS41 KALY 020624
CLIALB


CLIMATE REPORT
NATIONAL WEATHER SERVICE ALBANY NY
223 AM EDT THU APR 2 2015


...................................

...THE ALBANY NY CLIMATE SUMMARY FOR APRIL 1 2015...

CLIMATE NORMAL PERIOD 1981 TO 2010
CLIMATE RECORD PERIOD 1874 TO 2015


WEATHER ITEM   OBSERVED TIME   RECORD YEAR NORMAL DEPARTURE LAST
                VALUE   (LST)  VALUE       VALUE  FROM      YEAR
                                                  NORMAL
..................................................................
TEMPERATURE (F)
 YESTERDAY
  MAXIMUM         47    234 PM  77    1986  52     -5       52
  MINIMUM         25   1145 PM   9    1923  32     -7       28
  AVERAGE         36                        42     -6       40

PRECIPITATION (IN)
  YESTERDAY        0.00          1.33 1976   0.10  -0.10     0.00
  MONTH TO DATE    0.00                      0.10  -0.10     0.00
  SINCE MAR 1      1.25                      3.31  -2.06     2.72
  SINCE JAN 1      5.57                      8.10  -2.53     8.51

SNOWFALL (IN)
  YESTERDAY        0.0           5.0  1924   0.1   -0.1      0.0
  MONTH TO DATE    0.0                       0.1   -0.1      0.0
  SINCE MAR 1      5.3                      10.3   -5.0      5.9
  SINCE JUL 1     75.9                      56.8   19.1     71.1
  SNOW DEPTH       0

DEGREE DAYS
 HEATING
  YESTERDAY       29                        23      6       25
  MONTH TO DATE   29                        23      6       25
  SINCE MAR 1   1114                       952    162     1172
  SINCE JUL 1   6244                      5896    348     6289

 COOLING
  YESTERDAY        0                         0      0        0
  MONTH TO DATE    0                         0      0        0
  SINCE MAR 1      0                         0      0        0
  SINCE JAN 1      0                         0      0        0
..................................................................


WIND (MPH)
  HIGHEST WIND SPEED    25   HIGHEST WIND DIRECTION     W (280)
  HIGHEST GUST SPEED    32   HIGHEST GUST DIRECTION     W (290)
  AVERAGE WIND SPEED     8.8


SKY COVER
  AVERAGE SKY COVER 0.2



RELATIVE HUMIDITY (PERCENT)
 HIGHEST    50
 LOWEST     19
 AVERAGE    35

..........................................................


THE ALBANY NY CLIMATE NORMALS FOR TODAY
                         NORMAL    RECORD    YEAR
 MAXIMUM TEMPERATURE (F)   52        77      2010
 MINIMUM TEMPERATURE (F)   32        17      1956


SUNRISE AND SUNSET
APRIL  2 2015.........SUNRISE   636 AM EDT   SUNSET   722 PM EDT
APRIL  3 2015.........SUNRISE   634 AM EDT   SUNSET   723 PM EDT


-  INDICATES NEGATIVE NUMBERS.
R  INDICATES RECORD WAS SET OR TIED.
MM INDICATES DATA IS MISSING.
T  INDICATES TRACE AMOUNT.




$$
