000
CDUS41 KALY 250622
CLIALB


CLIMATE REPORT
NATIONAL WEATHER SERVICE ALBANY NY
221 AM EDT SAT APR 25 2015


...................................

...THE ALBANY NY CLIMATE SUMMARY FOR APRIL 24 2015...

CLIMATE NORMAL PERIOD 1981 TO 2010
CLIMATE RECORD PERIOD 1874 TO 2015


WEATHER ITEM   OBSERVED TIME   RECORD YEAR NORMAL DEPARTURE LAST
                VALUE   (LST)  VALUE       VALUE  FROM      YEAR
                                                  NORMAL
..................................................................
TEMPERATURE (F)
 YESTERDAY
  MAXIMUM         44   1024 AM  81    2001  62    -18       59
                                      1885
  MINIMUM         34    505 AM  25    1965  40     -6       35
  AVERAGE         39                        51    -12       47

PRECIPITATION (IN)
  YESTERDAY        T             2.01 1968   0.09  -0.09     0.00
  MONTH TO DATE    2.08                      2.53  -0.45     1.12
  SINCE MAR 1      3.33                      5.74  -2.41     3.84
  SINCE JAN 1      7.65                     10.53  -2.88     9.63

SNOWFALL (IN)
  YESTERDAY        T             1.2  1967   0.0    0.0      0.0
  MONTH TO DATE    T                         2.1   -2.1      2.4
  SINCE MAR 1      5.3                      12.3   -7.0      8.3
  SINCE JUL 1     75.9                      58.8   17.1     73.5
  SNOW DEPTH       0

DEGREE DAYS
 HEATING
  YESTERDAY       26                        14     12       18
  MONTH TO DATE  437                       443     -6      422
  SINCE MAR 1   1522                      1372    150     1569
  SINCE JUL 1   6652                      6316    336     6686

 COOLING
  YESTERDAY        0                         0      0        0
  MONTH TO DATE    0                         0      0        6
  SINCE MAR 1      0                         0      0        6
  SINCE JAN 1      0                         0      0        6
..................................................................


WIND (MPH)
  HIGHEST WIND SPEED    25   HIGHEST WIND DIRECTION     W (280)
  HIGHEST GUST SPEED    35   HIGHEST GUST DIRECTION     W (280)
  AVERAGE WIND SPEED    16.1


SKY COVER
  AVERAGE SKY COVER 0.9



RELATIVE HUMIDITY (PERCENT)
 HIGHEST    61
 LOWEST     39
 AVERAGE    50

..........................................................


THE ALBANY NY CLIMATE NORMALS FOR TODAY
                         NORMAL    RECORD    YEAR
 MAXIMUM TEMPERATURE (F)   63        89      2009
 MINIMUM TEMPERATURE (F)   41        23      1965


SUNRISE AND SUNSET
APRIL 25 2015.........SUNRISE   559 AM EDT   SUNSET   748 PM EDT
APRIL 26 2015.........SUNRISE   557 AM EDT   SUNSET   750 PM EDT


-  INDICATES NEGATIVE NUMBERS.
R  INDICATES RECORD WAS SET OR TIED.
MM INDICATES DATA IS MISSING.
T  INDICATES TRACE AMOUNT.




$$
