000
CDUS43 KDMX 180630
CLIALO

CLIMATE REPORT
NATIONAL WEATHER SERVICE DES MOINES IA
127 AM CDT SAT APR 18 2015


...................................

...THE WATERLOO IA CLIMATE SUMMARY FOR APRIL 17 2015...

CLIMATE NORMAL PERIOD 1981 TO 2010
CLIMATE RECORD PERIOD 1895 TO 2015


WEATHER ITEM   OBSERVED TIME   RECORD YEAR NORMAL DEPARTURE LAST
                VALUE   (LST)  VALUE       VALUE  FROM      YEAR
                                                  NORMAL
..................................................................
TEMPERATURE (F)
 YESTERDAY
  MAXIMUM         80    301 PM  85    1985  61     19       49
  MINIMUM         44    446 AM  14    1921  38      6       28
  AVERAGE         62                        50     12       39

PRECIPITATION (IN)
  YESTERDAY        0.00          1.62 2013   0.13  -0.13     0.00
  MONTH TO DATE    1.79                      1.90  -0.11     4.70
  SINCE MAR 1      2.39                      3.96  -1.57     6.20
  SINCE JAN 1      4.43                      5.78  -1.35     8.83

SNOWFALL (IN)
  YESTERDAY        0.0           3.0  1960   0.0    0.0      0.0
  MONTH TO DATE    T                         1.4   -1.4      0.4
  SINCE MAR 1      0.7                       6.0   -5.3      6.2
  SINCE JUL 1     29.2                      34.9   -5.7     57.1
  SNOW DEPTH       0

DEGREE DAYS
 HEATING
  YESTERDAY        3                        16    -13       26
  MONTH TO DATE  246                       323    -77      368
  SINCE MAR 1   1155                      1229    -74     1500
  SINCE JUL 1   6916                      6648    268     7908

 COOLING
  YESTERDAY        0                         0      0        0
  MONTH TO DATE    0                         0      0        1
  SINCE MAR 1      0                         0      0        1
  SINCE JAN 1      0                         0      0        1
..................................................................


WIND (MPH)
  HIGHEST WIND SPEED    10   HIGHEST WIND DIRECTION    NW (330)
  HIGHEST GUST SPEED    16   HIGHEST GUST DIRECTION    NW (330)
  AVERAGE WIND SPEED     2.2


SKY COVER
  POSSIBLE SUNSHINE  MM
  AVERAGE SKY COVER 0.3


WEATHER CONDITIONS
 THE FOLLOWING WEATHER WAS RECORDED YESTERDAY.
  FOG
  HAZE


RELATIVE HUMIDITY (PERCENT)
 HIGHEST    93           600 AM
 LOWEST     32           300 PM
 AVERAGE    63

..........................................................


THE WATERLOO IA CLIMATE NORMALS FOR TODAY
                         NORMAL    RECORD    YEAR
 MAXIMUM TEMPERATURE (F)   62        92      1994
 MINIMUM TEMPERATURE (F)   38        20      1983


SUNRISE AND SUNSET
APRIL 18 2015.........SUNRISE   624 AM CDT   SUNSET   755 PM CDT
APRIL 19 2015.........SUNRISE   622 AM CDT   SUNSET   756 PM CDT


-  INDICATES NEGATIVE NUMBERS.
R  INDICATES RECORD WAS SET OR TIED.
MM INDICATES DATA IS MISSING.
T  INDICATES TRACE AMOUNT.




$$
