000
CDUS44 KAMA 050627
CLIAMA


CLIMATE REPORT
NATIONAL WEATHER SERVICE AMARILLO TX
127 AM CDT TUE MAY 5 2015


...................................

...THE AMARILLO CLIMATE SUMMARY FOR MAY 4 2015...

CLIMATE NORMAL PERIOD 1981 TO 2010
CLIMATE RECORD PERIOD 1892 TO 2015


WEATHER ITEM   OBSERVED TIME   RECORD YEAR NORMAL DEPARTURE LAST
                VALUE   (LST)  VALUE       VALUE  FROM      YEAR
                                                  NORMAL
..................................................................
TEMPERATURE (F)
 YESTERDAY
  MAXIMUM         79    146 PM  97    2014  76      3       97
  MINIMUM         55    527 AM  26    1907  48      7       58
  AVERAGE         67                        62      5       78

PRECIPITATION (IN)
  YESTERDAY        0.08          2.62 1974   0.05   0.03     0.00
  MONTH TO DATE    0.08                      0.20  -0.12     0.00
  SINCE MAR 1      3.26                      2.99   0.27     0.77
  SINCE JAN 1      5.34                      4.27   1.07     1.16

SNOWFALL (IN)
  YESTERDAY        0.0           2.2  1935   0.0    0.0      0.0
  MONTH TO DATE    0.0                       0.1   -0.1      0.0
  SINCE MAR 1      0.1                       3.7   -3.6      0.7
  SINCE JUL 1     23.9                      17.7    6.2     12.8
  SNOW DEPTH       0

DEGREE DAYS
 HEATING
  YESTERDAY        0                         5     -5        0
  MONTH TO DATE    1                        20    -19       20
  SINCE MAR 1    629                       831   -202      825
  SINCE JUL 1   3754                      4108   -354     4178

 COOLING
  YESTERDAY        2                         2      0       13
  MONTH TO DATE   13                         6      7       19
  SINCE MAR 1     35                        27      8       50
  SINCE JAN 1     35                        27      8       50
..................................................................


WIND (MPH)
  RESULTANT WIND SPEED  12   RESULTANT WIND DIRECTION  SE (150)
  HIGHEST WIND SPEED    28   HIGHEST WIND DIRECTION    SE (150)
  HIGHEST GUST SPEED    34   HIGHEST GUST DIRECTION    SE (150)
  AVERAGE WIND SPEED    12.6


SKY COVER
  AVERAGE SKY COVER 0.2


WEATHER CONDITIONS
 THE FOLLOWING WEATHER WAS RECORDED YESTERDAY.
  THUNDERSTORM
  LIGHT RAIN
  FOG


RELATIVE HUMIDITY (PERCENT)
 HIGHEST    93          1100 PM
 LOWEST     39           200 PM
 AVERAGE    66

..........................................................


THE AMARILLO CLIMATE NORMALS FOR TODAY
                         NORMAL    RECORD    YEAR
 MAXIMUM TEMPERATURE (F)   77        98      2014
                                             1940
 MINIMUM TEMPERATURE (F)   48        32      1917


SUNRISE AND SUNSET
MAY  5 2015...........SUNRISE   652 AM CDT   SUNSET   836 PM CDT
MAY  6 2015...........SUNRISE   651 AM CDT   SUNSET   837 PM CDT


-  INDICATES NEGATIVE NUMBERS.
R  INDICATES RECORD WAS SET OR TIED.
MM INDICATES DATA IS MISSING.
T  INDICATES TRACE AMOUNT.




$$
