000
CDAK48 PAFC 191245
CLIANC


CLIMATE REPORT
NATIONAL WEATHER SERVICE ANCHORAGE, AK
445 AM AKDT SUN APR 19 2015


...................................

...THE ANCHORAGE AK CLIMATE SUMMARY FOR APRIL 18 2015...

CLIMATE NORMAL PERIOD 1981 TO 2010
CLIMATE RECORD PERIOD 1952 TO 2015


WEATHER ITEM   OBSERVED RECORD YEAR NORMAL DEPARTURE LAST
                VALUE   VALUE       VALUE  FROM      YEAR
                                           NORMAL
...........................................................
TEMPERATURE (F)
 YESTERDAY
  MAXIMUM         51     59    1965  46      5       50
  MINIMUM         38      9    1963  30      8       36
  AVERAGE         45                 38      7       43

PRECIPITATION (IN)
  YESTERDAY        T      0.31 1972   0.01  -0.01
                               1961
  MONTH TO DATE    0.45               0.27   0.18
  SINCE MAR 1      1.22               0.87   0.35
  SINCE JAN 1      2.30               2.32  -0.02

SNOWFALL (IN)
  YESTERDAY        T      5.7  1972   0.1   -0.1
  MONTH TO DATE    2.2                3.0   -0.8
  SINCE MAR 1      2.4               12.9  -10.5
  SINCE JUL 1     22.9               73.2  -50.3
  SNOW DEPTH       0

DEGREE DAYS
 HEATING
  YESTERDAY       20                        -7
  MONTH TO DATE  466                       -84
  SINCE MAR 1   1556                      -186
  SINCE JUL 1   7908                     -1163

 COOLING
  YESTERDAY        0                         0
  MONTH TO DATE    0                         0
  SINCE MAR 1      0                         0
  SINCE JAN 1      0                         0
...........................................................


WIND (MPH)
  HIGHEST WIND SPEED    16   HIGHEST WIND DIRECTION    SE (150)
  HIGHEST GUST SPEED    30   HIGHEST GUST DIRECTION    NW (320)
  AVERAGE WIND SPEED     9.3




RELATIVE HUMIDITY (PERCENT)
 HIGHEST    76
 LOWEST     50
 AVERAGE    63

..........................................................


THE ANCHORAGE AK CLIMATE NORMALS FOR TODAY
                         NORMAL    RECORD    YEAR
 MAXIMUM TEMPERATURE (F)   46        57      1965
 MINIMUM TEMPERATURE (F)   30         9      1959


SUNRISE AND SUNSET
APRIL 19 2015.........SUNRISE   627 AM AKDT  SUNSET   933 PM AKDT
APRIL 20 2015.........SUNRISE   624 AM AKDT  SUNSET   935 PM AKDT


-  INDICATES NEGATIVE NUMBERS.
R  INDICATES RECORD WAS SET OR TIED.
MM INDICATES DATA IS MISSING.
T  INDICATES TRACE AMOUNT.




$$
