000
CDUS44 KLCH 030900
CLIARA


CLIMATE REPORT
NATIONAL WEATHER SERVICE LAKE CHARLES, LA
359 AM CDT SUN MAY 3 2015


...................................

...THE NEW IBERIA CLIMATE SUMMARY FOR MAY 2 2015...

CLIMATE NORMAL PERIOD 1981 TO 2010
CLIMATE RECORD PERIOD 1948 TO 2015


WEATHER ITEM   OBSERVED TIME   RECORD YEAR NORMAL DEPARTURE LAST
                VALUE   (LST)  VALUE       VALUE  FROM      YEAR
                                                  NORMAL
..................................................................
TEMPERATURE (F)
 YESTERDAY
  MAXIMUM         85    154 PM  89    1955  83      2       79
  MINIMUM         60    602 AM  50    1976  62     -2       55
                                      1971
  AVERAGE         73                        73      0       67

PRECIPITATION (IN)
  YESTERDAY        0.00          1.60 1956   0.13  -0.13     0.00
  MONTH TO DATE    0.00                      0.26  -0.26      T
  SINCE MAR 1     13.98                      8.10   5.88     3.78
  SINCE JAN 1     20.44                     17.51   2.93    12.12

SNOWFALL (IN)
  YESTERDAY        0.0           0.0    MM  MM               0.0
  MONTH TO DATE    0.0                      MM               0.0
  SINCE MAR 1      T                        MM               0.0
  SINCE JUL 1      T                        MM               0.1

DEGREE DAYS
 HEATING
  YESTERDAY        0                         0      0        0
  MONTH TO DATE    0                         0      0        2
  SINCE MAR 1     73                       192   -119      258
  SINCE JUL 1   1416                      1408      8     1782

 COOLING
  YESTERDAY        8                         8      0        2
  MONTH TO DATE   16                        15      1        2
  SINCE MAR 1    334                       204    130      180
  SINCE JAN 1    338                       235    103      198
..................................................................


WIND (MPH)
  RESULTANT WIND SPEED   1   RESULTANT WIND DIRECTION   S (160)
  HIGHEST WIND SPEED    10   HIGHEST WIND DIRECTION     S (200)
  HIGHEST GUST SPEED    14   HIGHEST GUST DIRECTION     E (100)
  AVERAGE WIND SPEED     3.8


SKY COVER
  POSSIBLE SUNSHINE  MM
  AVERAGE SKY COVER 0.4


WEATHER CONDITIONS
 THE FOLLOWING WEATHER WAS RECORDED YESTERDAY.
  NO SIGNIFICANT WEATHER WAS OBSERVED.


RELATIVE HUMIDITY (PERCENT)
 HIGHEST    84           500 AM
 LOWEST     37           200 PM
 AVERAGE    61

..........................................................


THE NEW IBERIA CLIMATE NORMALS FOR TODAY
                         NORMAL    RECORD    YEAR
 MAXIMUM TEMPERATURE (F)   83        92      2010
 MINIMUM TEMPERATURE (F)   63        49      2013
                                             2004


SUNRISE AND SUNSET
MAY  3 2015...........SUNRISE   623 AM CDT   SUNSET   746 PM CDT
MAY  4 2015...........SUNRISE   622 AM CDT   SUNSET   747 PM CDT


-  INDICATES NEGATIVE NUMBERS.
R  INDICATES RECORD WAS SET OR TIED.
MM INDICATES DATA IS MISSING.
T  INDICATES TRACE AMOUNT.




$$
