000
CDUS46 KPQR 060226
CLIAST


CLIMATE REPORT
NATIONAL WEATHER SERVICE PORTLAND OREGON
725 PM PDT TUE MAY 5 2015


...................................

...THE ASTORIA OR CLIMATE SUMMARY FOR MAY 5 2015...
VALID TODAY AS OF 0700 PM LOCAL TIME.

CLIMATE NORMAL PERIOD 1981 TO 2010
CLIMATE RECORD PERIOD 1892 TO 2015


WEATHER ITEM   OBSERVED TIME   RECORD YEAR NORMAL DEPARTURE LAST
                VALUE   (LST)  VALUE       VALUE  FROM      YEAR
                                                  NORMAL
..................................................................
TEMPERATURE (F)
 TODAY
  MAXIMUM         59    227 PM  85    2013  59      0       58
  MINIMUM         46    539 AM  33    1949  44      2       49
  AVERAGE         53                        51      2       54

PRECIPITATION (IN)
  TODAY            0.20          2.02 1948   0.13   0.07     0.10
  MONTH TO DATE    0.24                      0.63  -0.39     1.95
  SINCE OCT 1     51.23                     57.69  -6.46    46.81
  SINCE JAN 1     25.61                     30.67  -5.06    34.65

DEGREE DAYS
 HEATING
  TODAY           12                        14     -2       11
  MONTH TO DATE   62                        70     -8       43
  SINCE MAR 1    992                      1137   -145      996
  SINCE JUL 1   3532                      4479   -947     4425

 COOLING
  TODAY            0                         0      0        0
  MONTH TO DATE    0                         0      0        4
  SINCE MAR 1      2                         0      2        7
  SINCE JAN 1      2                         0      2        7
..................................................................


WIND (MPH)
  HIGHEST WIND SPEED    20   HIGHEST WIND DIRECTION     W (250)
  HIGHEST GUST SPEED    24   HIGHEST GUST DIRECTION     W (260)
  AVERAGE WIND SPEED    10.9


SKY COVER
  POSSIBLE SUNSHINE  MM
  AVERAGE SKY COVER 0.4


WEATHER CONDITIONS
 THE FOLLOWING WEATHER WAS RECORDED TODAY.
  RAIN
  LIGHT RAIN


RELATIVE HUMIDITY (PERCENT)
 HIGHEST    83           700 AM
 LOWEST     57           400 PM
 AVERAGE    70

..........................................................


THE ASTORIA OR CLIMATE NORMALS FOR TOMORROW
                         NORMAL    RECORD    YEAR
 MAXIMUM TEMPERATURE (F)   59        80      1987
                                             1949
 MINIMUM TEMPERATURE (F)   44        30      1907


SUNRISE AND SUNSET
MAY  5 2015...........SUNRISE   556 AM PDT   SUNSET   829 PM PDT
MAY  6 2015...........SUNRISE   555 AM PDT   SUNSET   830 PM PDT


-  INDICATES NEGATIVE NUMBERS.
R  INDICATES RECORD WAS SET OR TIED.
MM INDICATES DATA IS MISSING.
T  INDICATES TRACE AMOUNT.




$$
