000
CDUS43 KABR 012229
CLIATY


CLIMATE REPORT
NATIONAL WEATHER SERVICE ABERDEEN SD
529 PM CDT WED APR 1 2015


...................................

...THE WATERTOWN SD CLIMATE SUMMARY FOR APRIL 1 2015...
VALID TODAY AS OF 0500 PM LOCAL TIME.

CLIMATE NORMAL PERIOD 1981 TO 2010
CLIMATE RECORD PERIOD 1898 TO 2015


WEATHER ITEM   OBSERVED TIME   RECORD YEAR NORMAL DEPARTURE LAST
                VALUE   (LST)  VALUE       VALUE  FROM      YEAR
                                                  NORMAL
..................................................................
TEMPERATURE (F)
 TODAY
  MAXIMUM         72    153 PM  76    1963  47     25       28
  MINIMUM         49    615 AM  -2    1975  26     23        9
  AVERAGE         61                        37     24       19

PRECIPITATION (IN)
  TODAY            0.00          0.46 1905   0.05  -0.05     0.01
  MONTH TO DATE    0.00                      0.05  -0.05     0.01
  SINCE MAR 1      0.35                      1.16  -0.81     0.98
  SINCE JAN 1      1.00                      2.24  -1.24     1.41

SNOWFALL (IN)
  TODAY            0.0
  MONTH TO DATE    0.0
  SINCE OCT 1     25.3
  SINCE JUL 1     25.3
  SNOW DEPTH       0

DEGREE DAYS
 HEATING
  TODAY            4                        28    -24       46
  MONTH TO DATE    4                        28    -24       46
  SINCE MAR 1    966                      1132   -166     1295
  SINCE JUL 1   7358                      7543   -185     8261

 COOLING
  TODAY            0                         0      0        0
  MONTH TO DATE    0                         0      0        0
  SINCE MAR 1      0                         0      0        0
  SINCE JAN 1      0                         0      0        0
..................................................................


WIND (MPH)
  HIGHEST WIND SPEED    31   HIGHEST WIND DIRECTION     S (200)
  HIGHEST GUST SPEED    41   HIGHEST GUST DIRECTION     S (180)
  AVERAGE WIND SPEED    18.7


SKY COVER
  POSSIBLE SUNSHINE  MM
  AVERAGE SKY COVER 0.0


WEATHER CONDITIONS
 THE FOLLOWING WEATHER WAS RECORDED TODAY.
  NO SIGNIFICANT WEATHER WAS OBSERVED.


RELATIVE HUMIDITY (PERCENT)
 HIGHEST    52           400 AM
 LOWEST     31           200 PM
 AVERAGE    42

..........................................................


THE WATERTOWN SD CLIMATE NORMALS FOR TOMORROW
                         NORMAL    RECORD    YEAR
 MAXIMUM TEMPERATURE (F)   48        79      1928
 MINIMUM TEMPERATURE (F)   27         2      1899


SUNRISE AND SUNSET
APRIL  1 2015.........SUNRISE   710 AM CDT   SUNSET   756 PM CDT
APRIL  2 2015.........SUNRISE   708 AM CDT   SUNSET   757 PM CDT


-  INDICATES NEGATIVE NUMBERS.
R  INDICATES RECORD WAS SET OR TIED.
MM INDICATES DATA IS MISSING.
T  INDICATES TRACE AMOUNT.




$$
