000
CDUS43 KGRB 040720
CLIAUW


CLIMATE REPORT
NATIONAL WEATHER SERVICE GREEN BAY
219 AM CDT MON MAY 4 2015


...................................

...THE WAUSAU WI CLIMATE SUMMARY FOR MAY 3 2015...

CLIMATE NORMAL PERIOD 1981 TO 2010
CLIMATE RECORD PERIOD 1896 TO 2015


WEATHER ITEM   OBSERVED TIME   RECORD YEAR NORMAL DEPARTURE LAST
                VALUE   (LST)  VALUE       VALUE  FROM      YEAR
                                                  NORMAL
..................................................................
TEMPERATURE (F)
 YESTERDAY
  MAXIMUM         79    354 PM  87    1955  63     16       57
  MINIMUM         55    544 AM  21    1909  40     15       40
  AVERAGE         67                        52     15

PRECIPITATION (IN)
  YESTERDAY        0.29          1.64 1981   0.11   0.18     0.04
  MONTH TO DATE    0.29                      0.32  -0.03     0.17
  SINCE MAR 1      4.26                      4.81  -0.55     5.19
  SINCE JAN 1      5.01                      6.75  -1.74     8.13

SNOWFALL (IN)
  YESTERDAY        0.0           0.4  1954   0.1   -0.1      0.0
  MONTH TO DATE    0.0                       0.1   -0.1      0.0
  SINCE JUL 1     53.7                      59.5   -5.8     84.3
  SNOW DEPTH       0

DEGREE DAYS
 HEATING
  YESTERDAY        0                        14    -14       16
  MONTH TO DATE   12                        42    -30       55
  SINCE MAR 1   1613                      1758   -145     2150
  SINCE JUL 1   8193                      7894    299     9097

 COOLING
  YESTERDAY        2                         0      2        0
  MONTH TO DATE    2                         0      2        0
  SINCE MAR 1      2                         2      0        0
  SINCE JAN 1      2                         2      0        0
..................................................................


WIND (MPH)
  HIGHEST WIND SPEED    24   HIGHEST WIND DIRECTION    NW (310)
  HIGHEST GUST SPEED    38   HIGHEST GUST DIRECTION    NW (300)
  AVERAGE WIND SPEED     9.3


SKY COVER
  POSSIBLE SUNSHINE  MM
  AVERAGE SKY COVER 0.3


WEATHER CONDITIONS
 THE FOLLOWING WEATHER WAS RECORDED YESTERDAY.
  THUNDERSTORM
  HEAVY RAIN
  LIGHT RAIN
  FOG


RELATIVE HUMIDITY (PERCENT)
 HIGHEST    83           600 AM
 LOWEST     37           200 PM
 AVERAGE    60

..........................................................


THE WAUSAU WI CLIMATE NORMALS FOR TODAY
                         NORMAL    RECORD    YEAR
 MAXIMUM TEMPERATURE (F)   63        90      1952
 MINIMUM TEMPERATURE (F)   40        20      1907


SUNRISE AND SUNSET
MAY  4 2015...........SUNRISE   544 AM CDT   SUNSET   807 PM CDT
MAY  5 2015...........SUNRISE   543 AM CDT   SUNSET   809 PM CDT


-  INDICATES NEGATIVE NUMBERS.
R  INDICATES RECORD WAS SET OR TIED.
MM INDICATES DATA IS MISSING.
T  INDICATES TRACE AMOUNT.

$$
