000
CDUS42 KGSP 052033
CLIAVL

CLIMATE REPORT
NATIONAL WEATHER SERVICE GREENVILLE-SPARTANBURG SC
430 PM EDT TUE MAY 5 2015


...................................

...THE ASHEVILLE NC CLIMATE SUMMARY FOR MAY 5 2015...VALID TODAY AS
OF 430 PM LOCAL TIME.

CLIMATE NORMAL PERIOD 1981 TO 2010
CLIMATE RECORD PERIOD 1869 TO 2015


WEATHER ITEM   OBSERVED TIME   RECORD YEAR NORMAL DEPARTURE LAST
                VALUE   (LST)  VALUE       VALUE  FROM      YEAR
                                                  NORMAL
..................................................................
TEMPERATURE (F)
 TODAY
  MAXIMUM         79    223 PM  90    1950  72      7       88
  MINIMUM         51    551 AM  32    1997  48      3       49
  AVERAGE         65                        60      5       69

PRECIPITATION (IN)
  TODAY            0.00          3.40 2013   0.11  -0.11     0.00
  MONTH TO DATE    0.00                      0.57  -0.57      T
  SINCE MAR 1      7.06                      7.73  -0.67     7.39
  SINCE JAN 1     12.90                     15.16  -2.26    12.74

SNOWFALL (IN)
  TODAY            0.0           0.0    MM   0.0    0.0      0.0
  MONTH TO DATE    0.0                       0.0    0.0      0.0
  SINCE MAR 1      T                         2.6   -2.6      0.4
  SINCE JUL 1     13.3                       9.9    3.4      9.8
  SNOW DEPTH       0

DEGREE DAYS
 HEATING
  TODAY            0                         5     -5        0
  MONTH TO DATE   28                        28      0       21
  SINCE MAR 1    659                       883   -224      913
  SINCE JUL 1   3968                      4100   -132     4232

 COOLING
  TODAY            0                         1     -1        4
  MONTH TO DATE    0                         4     -4        4
  SINCE MAR 1     19                        12      7        6
  SINCE JAN 1     19                        12      7        6
..................................................................


WIND (MPH)
  HIGHEST WIND SPEED    17   HIGHEST WIND DIRECTION     N (340)
  HIGHEST GUST SPEED    22   HIGHEST GUST DIRECTION     N (340)
  AVERAGE WIND SPEED     4.6


SKY COVER
  POSSIBLE SUNSHINE  MM
  AVERAGE SKY COVER 0.3


WEATHER CONDITIONS
 THE FOLLOWING WEATHER WAS RECORDED TODAY.
  NO SIGNIFICANT WEATHER WAS OBSERVED.


RELATIVE HUMIDITY (PERCENT)
 HIGHEST    89           600 AM
 LOWEST     36           200 PM
 AVERAGE    63

..........................................................


THE ASHEVILLE NC CLIMATE NORMALS FOR TOMORROW
                         NORMAL    RECORD    YEAR
 MAXIMUM TEMPERATURE (F)   73        88      1950
                                             1943
 MINIMUM TEMPERATURE (F)   49        34      1973


SUNRISE AND SUNSET
MAY  5 2015...........SUNRISE   635 AM EDT   SUNSET   820 PM EDT
MAY  6 2015...........SUNRISE   634 AM EDT   SUNSET   820 PM EDT


-  INDICATES NEGATIVE NUMBERS.
R  INDICATES RECORD WAS SET OR TIED.
MM INDICATES DATA IS MISSING.
T  INDICATES TRACE AMOUNT.




$$
