000
CDUS43 KBIS 280052
CLIBIS


CLIMATE REPORT
NATIONAL WEATHER SERVICE BISMARCK ND
752 PM CDT MON APR 27 2015


...................................

...THE BISMARCK ND CLIMATE SUMMARY FOR APRIL 27 2015...
VALID TODAY AS OF 0700 PM LOCAL TIME.

CLIMATE NORMAL PERIOD 1981 TO 2010
CLIMATE RECORD PERIOD 1875 TO 2015


WEATHER ITEM   OBSERVED TIME   RECORD YEAR NORMAL DEPARTURE LAST
                VALUE   (LST)  VALUE       VALUE  FROM      YEAR
                                                  NORMAL
..................................................................
TEMPERATURE (F)
 TODAY
  MAXIMUM         51    532 PM  92    1952  62    -11       47
  MINIMUM         40    329 AM  18    1994  35      5       34
                                      1909
  AVERAGE         46                        49     -3       41

PRECIPITATION (IN)
  TODAY            0.00          1.12 1984   0.05  -0.05     0.73
                                      1935
  MONTH TO DATE    0.37                      1.09  -0.72     1.09
  SINCE MAR 1      0.82                      1.96  -1.14     1.91
  SINCE JAN 1      1.96                      2.90  -0.94     2.48

SNOWFALL (IN)
  TODAY            0.0          11.9  1984   0.0    0.0       T
  MONTH TO DATE    0.2                       4.0   -3.8      3.9
  SINCE MAR 1      1.0                      13.1  -12.1     15.0
  SINCE JUL 1     23.9                      50.6  -26.7     40.2
  SNOW DEPTH       0

DEGREE DAYS
 HEATING
  TODAY           19                        16      3       24
  MONTH TO DATE  548                       590    -42      640
  SINCE MAR 1   1437                      1678   -241     1804
  SINCE JUL 1   7798                      8109   -311     8656

 COOLING
  TODAY            0                         0      0        0
  MONTH TO DATE    0                         0      0        0
  SINCE MAR 1      0                         0      0        0
  SINCE JAN 1      0                         0      0        0
..................................................................


WIND (MPH)
  RESULTANT WIND SPEED   8   RESULTANT WIND DIRECTION   N (340)
  HIGHEST WIND SPEED    17   HIGHEST WIND DIRECTION    NW (330)
  HIGHEST GUST SPEED    22   HIGHEST GUST DIRECTION    NW (320)
  AVERAGE WIND SPEED     8.4


SKY COVER
  POSSIBLE SUNSHINE  MM
  AVERAGE SKY COVER 0.8


WEATHER CONDITIONS
 THE FOLLOWING WEATHER WAS RECORDED TODAY.
  FOG
  FOG W/VISIBILITY <= 1/4 MILE


RELATIVE HUMIDITY (PERCENT)
 HIGHEST   100          1200 AM
 LOWEST     66           200 PM
 AVERAGE    83

..........................................................


THE BISMARCK ND CLIMATE NORMALS FOR TOMORROW
                         NORMAL    RECORD    YEAR
 MAXIMUM TEMPERATURE (F)   63        92      1952
 MINIMUM TEMPERATURE (F)   36        18      2008


SUNRISE AND SUNSET
APRIL 27 2015.........SUNRISE   635 AM CDT   SUNSET   847 PM CDT
APRIL 28 2015.........SUNRISE   633 AM CDT   SUNSET   849 PM CDT


-  INDICATES NEGATIVE NUMBERS.
R  INDICATES RECORD WAS SET OR TIED.
MM INDICATES DATA IS MISSING.
T  INDICATES TRACE AMOUNT.




$$
