000
CDUS43 KGRR 050517
CLIBIV


CLIMATE REPORT
NATIONAL WEATHER SERVICE GRAND RAPIDS, MI
113 AM EDT TUE MAY 5 2015


...................................

...THE HOLLAND/TULIP CITY MI CLIMATE SUMMARY FOR MAY 4 2015...

CLIMATE NORMAL PERIOD 1981 TO 2010
CLIMATE RECORD PERIOD 1996 TO 2015


WEATHER ITEM   OBSERVED TIME   NORMAL DEPARTURE LAST
                VALUE   (LST)  VALUE  FROM      YEAR
                                      NORMAL
......................................................
TEMPERATURE (F)
 YESTERDAY
  MAXIMUM         64   1228 AM  65     -1       53
  MINIMUM         49   1145 PM  45      4       44
  AVERAGE         57            55      2       49

PRECIPITATION (IN)
  YESTERDAY        0.14          0.12   0.02     0.00
  MONTH TO DATE    0.14          0.47  -0.33     0.24
  SINCE MAR 1      4.68          5.99  -1.31     3.78
  SINCE JAN 1      6.16          9.88  -3.72     7.74

DEGREE DAYS
 HEATING
  YESTERDAY        8            11     -3       16
  MONTH TO DATE   32            44    -12       68
  SINCE MAR 1   1502          1423     79     1707
  SINCE JUL 1   6469          5923    546     6865

 COOLING
  YESTERDAY        0             0      0        0
  MONTH TO DATE    1             0      1        0
  SINCE MAR 1      1             4     -3        0
  SINCE JAN 1      1             4     -3        0
......................................................


WIND (MPH)
  RESULTANT WIND SPEED   6   RESULTANT WIND DIRECTION   W (260)
  HIGHEST WIND SPEED    18   HIGHEST WIND DIRECTION     W (250)
  HIGHEST GUST SPEED    25   HIGHEST GUST DIRECTION    NW (300)
  AVERAGE WIND SPEED     7.9


SKY COVER
  AVERAGE SKY COVER 0.4


WEATHER CONDITIONS
 THE FOLLOWING WEATHER WAS RECORDED YESTERDAY.
  THUNDERSTORM
  RAIN
  LIGHT RAIN
  FOG
  HAZE


RELATIVE HUMIDITY (PERCENT)
 HIGHEST    86          1100 AM
 LOWEST     60           600 AM
 AVERAGE    73

..........................................................


THE HOLLAND/TULIP CITY MI CLIMATE NORMALS FOR TODAY
                         NORMAL
 MAXIMUM TEMPERATURE (F)   65
 MINIMUM TEMPERATURE (F)   45


SUNRISE AND SUNSET
MAY  5 2015...........SUNRISE   634 AM EDT   SUNSET   850 PM EDT
MAY  6 2015...........SUNRISE   633 AM EDT   SUNSET   851 PM EDT


-  INDICATES NEGATIVE NUMBERS.
R  INDICATES RECORD WAS SET OR TIED.
MM INDICATES DATA IS MISSING.
T  INDICATES TRACE AMOUNT.




$$
