000
CDUS46 KBOI 060933
CLIBKE


CLIMATE REPORT
NATIONAL WEATHER SERVICE BOISE ID
332 AM MDT WED MAY 6 2015


...................................

...THE BAKER OR CLIMATE SUMMARY FOR MAY 5 2015...

CLIMATE NORMAL PERIOD 1981 TO 2010
CLIMATE RECORD PERIOD 1948 TO 2015


WEATHER ITEM   OBSERVED TIME   RECORD YEAR NORMAL DEPARTURE LAST
                VALUE   (LST)  VALUE       VALUE  FROM      YEAR
                                                  NORMAL
..................................................................
TEMPERATURE (F)
 YESTERDAY
  MAXIMUM         60    340 PM  89    1966  63     -3       55
  MINIMUM         34   1159 PM  21    1982  33      1       33
  AVERAGE         47                        48     -1       44

PRECIPITATION (IN)
  YESTERDAY        0.00          0.84 1983   0.05  -0.05      T
  MONTH TO DATE    0.00                      0.21  -0.21      T
  SINCE OCT 1      4.44                      5.77  -1.33     4.44
  SINCE JAN 1      2.24                      3.26  -1.02     3.27

DEGREE DAYS
 HEATING
  YESTERDAY       18                        17      1       21
  MONTH TO DATE   69                        87    -18       62
  SINCE MAR 1   1435                      1580   -145     1461
  SINCE JUL 1   6111                      7100   -989     6987

 COOLING
  YESTERDAY        0                         0      0        0
  MONTH TO DATE    0                         0      0        0
  SINCE MAR 1      0                         0      0        0
  SINCE JAN 1      0                         0      0        0
..................................................................


WIND (MPH)
  RESULTANT WIND SPEED  17   RESULTANT WIND DIRECTION  NW (330)
  HIGHEST WIND SPEED    28   HIGHEST WIND DIRECTION    NW (320)
  HIGHEST GUST SPEED    35   HIGHEST GUST DIRECTION     N (340)
  AVERAGE WIND SPEED    16.8


SKY COVER
  AVERAGE SKY COVER 0.2


WEATHER CONDITIONS
 THE FOLLOWING WEATHER WAS RECORDED YESTERDAY.
  NO SIGNIFICANT WEATHER WAS OBSERVED.


RELATIVE HUMIDITY (PERCENT)
 HIGHEST    76           500 AM
 LOWEST     28           200 PM
 AVERAGE    52

..........................................................


THE BAKER OR CLIMATE NORMALS FOR TODAY
                         NORMAL    RECORD    YEAR
 MAXIMUM TEMPERATURE (F)   63        88      1992
 MINIMUM TEMPERATURE (F)   34        22      1996


SUNRISE AND SUNSET
MAY  6 2015...........SUNRISE   534 AM PDT   SUNSET   802 PM PDT
MAY  7 2015...........SUNRISE   533 AM PDT   SUNSET   804 PM PDT


-  INDICATES NEGATIVE NUMBERS.
R  INDICATES RECORD WAS SET OR TIED.
MM INDICATES DATA IS MISSING.
T  INDICATES TRACE AMOUNT.




$$
