000
CDUS41 KRNK 260649
CLIBLF


CLIMATE REPORT
NATIONAL WEATHER SERVICE BLACKSBURG VA
246 AM EDT SUN APR 26 2015


...................................

...THE BLUEFIELD WV CLIMATE SUMMARY FOR APRIL 25 2015...

CLIMATE NORMAL PERIOD 1981 TO 2010
CLIMATE RECORD PERIOD 1959 TO 2015


WEATHER ITEM   OBSERVED TIME   RECORD YEAR NORMAL DEPARTURE LAST
                VALUE   (LST)  VALUE       VALUE  FROM      YEAR
                                                  NORMAL
..................................................................
TEMPERATURE (F)
 YESTERDAY
  MAXIMUM         59    600 PM  85    2009  68     -9       66
  MINIMUM         42   1237 PM  30    1983  48     -6       51
  AVERAGE         51                        58     -7

PRECIPITATION (IN)
  YESTERDAY        0.23          1.34 1978   0.12   0.11     0.57
  MONTH TO DATE    4.88                      2.75   2.13     2.17
  SINCE MAR 1      9.96                      6.26   3.70     4.13
  SINCE JAN 1     13.52                     11.92   1.60     8.26

SNOWFALL (IN)
  YESTERDAY        0.0
  MONTH TO DATE    0.0
  SINCE MAR 1      3.1
  SINCE JUL 1     39.7
  SNOW DEPTH       0

DEGREE DAYS
 HEATING
  YESTERDAY       14                         8      6
  MONTH TO DATE  196                       284    -88
  SINCE MAR 1    781                       900   -119
  SINCE JUL 1   4701                      4393    308

 COOLING
  YESTERDAY        0                         1     -1
  MONTH TO DATE   11                        23    -12
  SINCE MAR 1     11                        27    -16
  SINCE JAN 1     11                        27    -16
..................................................................


WIND (MPH)
  HIGHEST WIND SPEED    17   HIGHEST WIND DIRECTION     N (20)
  HIGHEST GUST SPEED    25   HIGHEST GUST DIRECTION    NE (30)
  AVERAGE WIND SPEED     5.0


SKY COVER
  POSSIBLE SUNSHINE  MM
  AVERAGE SKY COVER 0.8


WEATHER CONDITIONS
 THE FOLLOWING WEATHER WAS RECORDED YESTERDAY.
  THUNDERSTORM
  LIGHT RAIN
  FOG


RELATIVE HUMIDITY (PERCENT)
 HIGHEST    89          1000 PM
 LOWEST     21          1200 AM
 AVERAGE    55

..........................................................


THE BLUEFIELD WV CLIMATE NORMALS FOR TODAY
                         NORMAL    RECORD    YEAR
 MAXIMUM TEMPERATURE (F)   68        86      2009
 MINIMUM TEMPERATURE (F)   48        30      1972


SUNRISE AND SUNSET
APRIL 26 2015.........SUNRISE   636 AM EDT   SUNSET   810 PM EDT
APRIL 27 2015.........SUNRISE   635 AM EDT   SUNSET   811 PM EDT


-  INDICATES NEGATIVE NUMBERS.
R  INDICATES RECORD WAS SET OR TIED.
MM INDICATES DATA IS MISSING.
T  INDICATES TRACE AMOUNT.

$$
