000
CDUS45 KBOI 030125
CLIBOI


CLIMATE REPORT
NATIONAL WEATHER SERVICE BOISE ID
725 PM MDT SAT MAY 2 2015


...................................

...THE BOISE ID CLIMATE SUMMARY FOR MAY 2 2015...
VALID TODAY AS OF 0600 PM LOCAL TIME.

CLIMATE NORMAL PERIOD 1981 TO 2010
CLIMATE RECORD PERIOD 1878 TO 2015


WEATHER ITEM   OBSERVED TIME   RECORD YEAR NORMAL DEPARTURE LAST
                VALUE   (LST)  VALUE       VALUE  FROM      YEAR
                                                  NORMAL
..................................................................
TEMPERATURE (F)
 TODAY
  MAXIMUM         80    403 PM  91    1947  67     13       83
  MINIMUM         48    614 AM  23    1988  43      5       48
  AVERAGE         64                        55      9       66

PRECIPITATION (IN)
  TODAY            0.00          0.70 1893   0.04  -0.04     0.00
  MONTH TO DATE    0.00                      0.09  -0.09     0.00
  SINCE OCT 1      9.20                      8.59   0.61    10.41
  SINCE JAN 1      3.29                      4.94  -1.65     7.50

DEGREE DAYS
 HEATING
  TODAY            1                        11    -10        0
  MONTH TO DATE    5                        22    -17        3
  SINCE MAR 1    879                      1087   -208     1022
  SINCE JUL 1   4474                      5246   -772     5362

 COOLING
  TODAY            0                         1     -1        1
  MONTH TO DATE    0                         1     -1        1
  SINCE MAR 1      0                         4     -4        1
  SINCE JAN 1      0                         4     -4        1
..................................................................


WIND (MPH)
  HIGHEST WIND SPEED    20   HIGHEST WIND DIRECTION     N (350)
  HIGHEST GUST SPEED    23   HIGHEST GUST DIRECTION     N (360)
  AVERAGE WIND SPEED     5.8



WEATHER CONDITIONS
 THE FOLLOWING WEATHER WAS RECORDED TODAY.
  NO SIGNIFICANT WEATHER WAS OBSERVED.


RELATIVE HUMIDITY (PERCENT)
 HIGHEST    39           500 AM
 LOWEST     15           400 PM
 AVERAGE    27

..........................................................


THE BOISE ID CLIMATE NORMALS FOR TOMORROW
                         NORMAL    RECORD    YEAR
 MAXIMUM TEMPERATURE (F)   68        90      1966
 MINIMUM TEMPERATURE (F)   43        28      1969
                                             1965
                                             1959


SUNRISE AND SUNSET
MAY  2 2015...........SUNRISE   636 AM MDT   SUNSET   848 PM MDT
MAY  3 2015...........SUNRISE   635 AM MDT   SUNSET   849 PM MDT


-  INDICATES NEGATIVE NUMBERS.
R  INDICATES RECORD WAS SET OR TIED.
MM INDICATES DATA IS MISSING.
T  INDICATES TRACE AMOUNT.




$$
