000
CDUS44 KBRO 262128
CLIBRO


CLIMATE REPORT
NATIONAL WEATHER SERVICE BROWNSVILLE TX
428 PM CDT SUN APR 26 2015


...................................

...THE BROWNSVILLE CLIMATE SUMMARY FOR APRIL 26 2015...
VALID TODAY AS OF 0400 PM LOCAL TIME.

CLIMATE NORMAL PERIOD 1981 TO 2010
CLIMATE RECORD PERIOD 1878 TO 2015


WEATHER ITEM   OBSERVED TIME   RECORD YEAR NORMAL DEPARTURE LAST
                VALUE   (LST)  VALUE       VALUE  FROM      YEAR
                                                  NORMAL
..................................................................
TEMPERATURE (F)
 TODAY
  MAXIMUM         89    224 PM  98    1964  85      4       92
  MINIMUM         78   1246 AM  43    1881  68     10       74
  AVERAGE         84                        77      7       83

PRECIPITATION (IN)
  TODAY            0.00          2.15 1930   0.05  -0.05     0.00
  MONTH TO DATE    1.73                      1.34   0.39     0.28
  SINCE MAR 1      6.45                      2.57   3.88     1.74
  SINCE JAN 1     10.77                      4.92   5.85     2.50

SNOWFALL (IN)
  TODAY            0.0           0.0  2002   0.0
                                      2001
  MONTH TO DATE    0.0                       0.0
  SINCE MAR 1      0.0                       0.0
  SINCE JUL 1      0.0                       0.0

DEGREE DAYS
 HEATING
  TODAY            0                         0      0        0
  MONTH TO DATE    0                         6     -6       10
  SINCE MAR 1     67                        49     18      100
  SINCE JUL 1    690                       552    138      824

 COOLING
  TODAY           19                        12      7       18
  MONTH TO DATE  344                       253     91      243
  SINCE MAR 1    468                       427     41      366
  SINCE JAN 1    525                       568    -43      486
..................................................................


WIND (MPH)
  HIGHEST WIND SPEED    15   HIGHEST WIND DIRECTION    SE (150)
  HIGHEST GUST SPEED    17   HIGHEST GUST DIRECTION     S (160)
  AVERAGE WIND SPEED     7.3


SKY COVER
  POSSIBLE SUNSHINE  MM
  AVERAGE SKY COVER 0.9


WEATHER CONDITIONS
 THE FOLLOWING WEATHER WAS RECORDED TODAY.
  FOG
  HAZE


RELATIVE HUMIDITY (PERCENT)
 HIGHEST   100           300 AM
 LOWEST     72          1100 AM
 AVERAGE    86

..........................................................


THE BROWNSVILLE CLIMATE NORMALS FOR TOMORROW
                         NORMAL    RECORD    YEAR
 MAXIMUM TEMPERATURE (F)   85       102      1984
 MINIMUM TEMPERATURE (F)   69        47      1913


SUNRISE AND SUNSET
APRIL 26 2015.........SUNRISE   657 AM CDT   SUNSET   758 PM CDT
APRIL 27 2015.........SUNRISE   656 AM CDT   SUNSET   759 PM CDT


-  INDICATES NEGATIVE NUMBERS.
R  INDICATES RECORD WAS SET OR TIED.
MM INDICATES DATA IS MISSING.
T  INDICATES TRACE AMOUNT.




$$
