000
CDAK49 PABR 040910
CLIBRW

CLIMATE REPORT
NATIONAL WEATHER SERVICE BARROW, AK
110 AM AKDT MON MAY 4 2015

...................................
...THE BARROW WSO AP CLIMATE SUMMARY FOR MAY 3 2015...

CLIMATE NORMAL PERIOD  1981 TO  2010
CLIMATE RECORD PERIOD  1915 TO  2015

WEATHER ITEM   OBSERVED TIME    RECORD YEAR NORMAL DEPARTURE LAST
               VALUE    (LST)   VALUE       VALUE  FROM      YEAR
                                                   NORMAL
...................................................................
TEMPERATURE
YESTERDAY
 MAXIMUM            25   411 PM    37  1946     19       6     33
 MINIMUM            15   531 AM   -16  1992      8       7     26
 AVERAGE            20                          14       6     30

PRECIPITATION
(INCHES)
 YESTERDAY           T           0.30  1923   0.00       T   0.00
 MONTH TO DATE       T                        0.01   -0.01   0.05
 SINCE MAR 1      0.74                        0.26    0.48   0.40
 SINCE JAN 1      1.31                        0.53    0.78   0.77

SNOWFALL
(INCHES)
 YESTERDAY           T            4.5  1923    0.1    -0.1    0.0
 MONTH TO DATE     0.1                         0.3    -0.2    0.0
 SINCE MAR 1      10.7                         5.6     5.1    5.6
 SINCE JUL 1      53.8                        34.6    19.2   48.2
 SNOW DEPTH (IN)     7                                          3

DEGREE DAYS
 HEATING
  YESTERDAY         45                          51      -6     35
  MONTH TO DATE    144                         156     -12     95
  SINCE MAR 1     4233                        4455    -222   4079
  SINCE JUL 1    16376                       17303    -927  15802

 COOLING
  YESTERDAY          0                           0       0      0
  MONTH TO DATE      0                           0       0      0
  SINCE MAR 1        0                           0       0      0
  SINCE JAN 1        0                           0       0      0
...................................................................

WIND (MPH)
 HIGHEST WIND SPEED    13     HIGHEST WIND DIRECTION    300
 HIGHEST GUST SPEED    17     HIGHEST GUST DIRECTION    300
 AVERAGE WIND SPEED   5.5

SKY COVER
  POSSIBLE SUNSHINE    MM          AVERAGE SKY COVER     MM

WEATHER CONDITIONS
 THE FOLLOWING WEATHER WAS RECORDED YESTERDAY.
 FOG
 SNOW


RELATIVE HUMIDITY
 HIGHEST RH    100 PERCENT       126 AM
 LOWEST  RH     78 PERCENT      1125 AM
 AVERAGE RH     86 PERCENT
...................................................................

THE BARROW CLIMATE NORMALS FOR TODAY
                           NORMAL    RECORD   YEAR
 MAXIMUM TEMPERATURE (F)     20        38     1943
 MINIMUM TEMPERATURE (F)      9       -12     1984

SUNRISE AND SUNSET
 MAY 4 2015..........SUNRISE  4:12 AM      SUNSET 12:44 AM
 MAY 5 2015..........SUNRISE  4:04 AM      SUNSET 12:53 AM

-  INDICATES NEGATIVE NUMBERS.
R  INDICATES RECORD HAS BEEN SET OR TIED.
MM INDICATES DATA IS MISSING.
T  INDICATES TRACE OF PRECIPITATION.

&&
-------------------------------------------------------------------

AMOUNT OF DAYLIGHT TODAY  (HOUR:MIN)........20 HOURS 32 MINUTES
GAIN/LOSS SINCE YESTERDAY (HOUR:MIN:SEC)....+0:15:54

$$
JML MAY 15
