000
CDUS45 KMSO 040740
CLIBTM


CLIMATE REPORT
NATIONAL WEATHER SERVICE MISSOULA, MT
140 AM MDT MON MAY 4 2015


...................................

...THE BUTTE MT CLIMATE SUMMARY FOR MAY 3 2015...

CLIMATE NORMAL PERIOD 1981 TO 2010
CLIMATE RECORD PERIOD 1895 TO 2015


WEATHER ITEM   OBSERVED TIME   RECORD YEAR NORMAL DEPARTURE LAST
                VALUE   (LST)  VALUE       VALUE  FROM      YEAR
                                                  NORMAL
..................................................................
TEMPERATURE (F)
 YESTERDAY
  MAXIMUM         64    400 PM  81    1966  57      7       64
  MINIMUM         25    607 AM  18    1953  30     -5       37
  AVERAGE         45                        44      1       51

PRECIPITATION (IN)
  YESTERDAY        0.00          0.61 2007   0.05  -0.05     0.00
  MONTH TO DATE    0.00                      0.14  -0.14     0.00
  SINCE OCT 1      3.98                      4.86  -0.88     4.50
  SINCE JAN 1      1.59                      2.97  -1.38     3.46

SNOWFALL (IN)
  YESTERDAY       MM
  MONTH TO DATE   MM
  SINCE JAN 1     MM
  SINCE JUL 1     MM
  SNOW DEPTH      MM

DEGREE DAYS
 HEATING
  YESTERDAY       20                        21     -1       14
  MONTH TO DATE   53                        65    -12       42
  SINCE MAR 1   1677                      1887   -210     1885
  SINCE JUL 1   7558                      8456   -898     8263

 COOLING
  YESTERDAY        0                         0      0        0
  MONTH TO DATE    0                         0      0        0
  SINCE MAR 1      0                         0      0        0
  SINCE JAN 1      0                         0      0        0
..................................................................


WIND (MPH)
  HIGHEST WIND SPEED    16   HIGHEST WIND DIRECTION    SE (150)
  HIGHEST GUST SPEED    18   HIGHEST GUST DIRECTION     S (180)
  AVERAGE WIND SPEED     4.9


SKY COVER
  POSSIBLE SUNSHINE  MM
  AVERAGE SKY COVER 0.0


WEATHER CONDITIONS
 THE FOLLOWING WEATHER WAS RECORDED YESTERDAY.
  NO SIGNIFICANT WEATHER WAS OBSERVED.


RELATIVE HUMIDITY (PERCENT)
 HIGHEST    74           600 AM
 LOWEST     17           200 PM
 AVERAGE    46

..........................................................


THE BUTTE MT CLIMATE NORMALS FOR TODAY
                         NORMAL    RECORD    YEAR
 MAXIMUM TEMPERATURE (F)   58        83      1966
 MINIMUM TEMPERATURE (F)   30        15      1950


SUNRISE AND SUNSET
MAY  4 2015...........SUNRISE   613 AM MDT   SUNSET   842 PM MDT
MAY  5 2015...........SUNRISE   611 AM MDT   SUNSET   843 PM MDT


-  INDICATES NEGATIVE NUMBERS.
R  INDICATES RECORD WAS SET OR TIED.
MM INDICATES DATA IS MISSING.
T  INDICATES TRACE AMOUNT.




$$
