000
CDUS44 KLIX 062117
CLIBTR


CLIMATE REPORT
NATIONAL WEATHER SERVICE NEW ORLEANS
417 PM CDT WED MAY 6 2015


...................................

...THE BATON ROUGE  ASOS CLIMATE SUMMARY FOR MAY 6 2015...
VALID TODAY AS OF 0400 PM LOCAL TIME.

CLIMATE NORMAL PERIOD 1981 TO 2010
CLIMATE RECORD PERIOD 1894 TO 2015


WEATHER ITEM   OBSERVED TIME   RECORD YEAR NORMAL DEPARTURE LAST
                VALUE   (LST)  VALUE       VALUE  FROM      YEAR
                                                  NORMAL
..................................................................
TEMPERATURE (F)
 TODAY
  MAXIMUM         85    251 PM  94    1952  84      1       85
  MINIMUM         61    536 AM  46    1945  63     -2       59
  AVERAGE         73

PRECIPITATION (IN)
  TODAY            0.00          2.02 1960   0.15  -0.15     0.00
  MONTH TO DATE    0.00                      0.88  -0.88      T
  SINCE MAR 1     11.46                      9.75   1.71     6.75
  SINCE JAN 1     21.21                     20.51   0.70    16.02

SNOWFALL (IN)
  TODAY            0.0
  MONTH TO DATE    0.0
  SINCE MAR 1      T
  SINCE JUL 1      T
  SNOW DEPTH       0

DEGREE DAYS
 HEATING
  TODAY            0                         0      0        0
  MONTH TO DATE    0                         0      0        3
  SINCE MAR 1     99                       218   -119      275
  SINCE JUL 1   1641                      1553     88     1981

 COOLING
  TODAY            8                         8      0        7
  MONTH TO DATE   41                        47     -6       32
  SINCE MAR 1    348                       247    101      225
  SINCE JAN 1    352                       278     74      245
..................................................................


WIND (MPH)
  HIGHEST WIND SPEED    14   HIGHEST WIND DIRECTION     E (110)
  HIGHEST GUST SPEED    20   HIGHEST GUST DIRECTION    SE (120)
  AVERAGE WIND SPEED     6.1


SKY COVER
  POSSIBLE SUNSHINE  MM
  AVERAGE SKY COVER 0.3


WEATHER CONDITIONS
 THE FOLLOWING WEATHER WAS RECORDED TODAY.
  FOG


RELATIVE HUMIDITY (PERCENT)
 HIGHEST   100           300 AM
 LOWEST     48           100 PM
 AVERAGE    74

..........................................................


THE BATON ROUGE  ASOS CLIMATE NORMALS FOR TOMORROW
                         NORMAL    RECORD    YEAR
 MAXIMUM TEMPERATURE (F)   84        96      1922
 MINIMUM TEMPERATURE (F)   63        45      1992


SUNRISE AND SUNSET
MAY  6 2015...........SUNRISE   617 AM CDT   SUNSET   746 PM CDT
MAY  7 2015...........SUNRISE   616 AM CDT   SUNSET   747 PM CDT


-  INDICATES NEGATIVE NUMBERS.
R  INDICATES RECORD WAS SET OR TIED.
MM INDICATES DATA IS MISSING.
T  INDICATES TRACE AMOUNT.




$$
