000
CDUS41 KBUF 020706
CLIBUF


CLIMATE REPORT
NATIONAL WEATHER SERVICE BUFFALO NY
305 AM EDT THU APR 2 2015


...................................

...THE BUFFALO NY CLIMATE SUMMARY FOR APRIL 1 2015...

CLIMATE NORMAL PERIOD 1981 TO 2010
CLIMATE RECORD PERIOD 1871 TO 2015


WEATHER ITEM   OBSERVED TIME   RECORD YEAR NORMAL DEPARTURE LAST
                VALUE   (LST)  VALUE       VALUE  FROM      YEAR
                                                  NORMAL
..................................................................
TEMPERATURE (F)
 YESTERDAY
  MAXIMUM         44    405 PM  78    2010  49     -5       68
                                      1986
  MINIMUM         25    604 AM   5    1923  32     -7       34
  AVERAGE         35                        40     -5       51

PRECIPITATION (IN)
  YESTERDAY        T             0.68 1973   0.10  -0.10      T
  MONTH TO DATE    T                         0.10  -0.10      T
  SINCE MAR 1      1.44                      2.97  -1.53     2.55
  SINCE JAN 1      6.43                      8.64  -2.21     9.33

SNOWFALL (IN)
  YESTERDAY       MM             3.9  1992   0.2   MM        0.0
  MONTH TO DATE   MM                         0.2   MM        0.0
  SINCE MAR 1      9.6                      13.1   -3.5     24.5
  SINCE JUL 1    112.6                      91.9   20.7    128.7
  SNOW DEPTH       0

DEGREE DAYS
 HEATING
  YESTERDAY       30                        25      5       14
  MONTH TO DATE   30                        25      5       14
  SINCE MAR 1   1132                       986    146     1192
  SINCE JUL 1   6280                      5730    550     6298

 COOLING
  YESTERDAY        0                         0      0        0
  MONTH TO DATE    0                         0      0        0
  SINCE MAR 1      0                         0      0        0
  SINCE JAN 1      0                         0      0        0
..................................................................


WIND (MPH)
  HIGHEST WIND SPEED    13   HIGHEST WIND DIRECTION    SW (220)
  HIGHEST GUST SPEED    17   HIGHEST GUST DIRECTION    SW (210)
  AVERAGE WIND SPEED     4.4


SKY COVER
  AVERAGE SKY COVER 0.3


WEATHER CONDITIONS
 THE FOLLOWING WEATHER WAS RECORDED YESTERDAY.
  FOG
  HAZE


RELATIVE HUMIDITY (PERCENT)
 HIGHEST    92           100 AM
 LOWEST     29           400 PM
 AVERAGE    61

..........................................................


THE BUFFALO NY CLIMATE NORMALS FOR TODAY
                         NORMAL    RECORD    YEAR
 MAXIMUM TEMPERATURE (F)   49        79      2010
 MINIMUM TEMPERATURE (F)   32        17      1881


SUNRISE AND SUNSET
APRIL  2 2015.........SUNRISE   656 AM EDT   SUNSET   742 PM EDT
APRIL  3 2015.........SUNRISE   654 AM EDT   SUNSET   743 PM EDT


-  INDICATES NEGATIVE NUMBERS.
R  INDICATES RECORD WAS SET OR TIED.
MM INDICATES DATA IS MISSING.
T  INDICATES TRACE AMOUNT.




$$
