000
CDUS46 KLOX 261101
CLIBUR


CLIMATE REPORT
NATIONAL WEATHER SERVICE LOS ANGELES/OXNARD CA
401 AM PDT SUN APR 26 2015


...................................

...THE BOB HOPE AIRPORT (BURBANK) CA CLIMATE SUMMARY FOR APRIL 25 2015...

CLIMATE NORMAL PERIOD 1981 TO 2010
CLIMATE RECORD PERIOD 1939 TO 2015


WEATHER ITEM   OBSERVED TIME   RECORD YEAR NORMAL DEPARTURE LAST
                VALUE   (LST)  VALUE       VALUE  FROM      YEAR
                                                  NORMAL
..................................................................
TEMPERATURE (F)
 YESTERDAY
  MAXIMUM         62    530 PM  94    2004  74    -12       68
  MINIMUM         54   1152 PM  37    1974  52      2       53
  AVERAGE         58                        63     -5       61

PRECIPITATION (IN)
  YESTERDAY        0.15          0.45 1959   0.03   0.12      T
  MONTH TO DATE    0.25                      0.98  -0.73     0.04
  SINCE OCT 1      7.28                     16.40  -9.12     5.54
  SINCE JAN 1      2.78                     11.96  -9.18     4.91

SNOWFALL (IN)
  YESTERDAY        0.0
  MONTH TO DATE    0.0
  SINCE MAR 1      0.0
  SINCE JUL 1      0.0

DEGREE DAYS
 HEATING
  YESTERDAY        7                         4      3        4
  MONTH TO DATE   63                       123    -60       63
  SINCE MAR 1    112                       341   -229      151
  SINCE JUL 1    669                      1482   -813      628

 COOLING
  YESTERDAY        0                         2     -2        0
  MONTH TO DATE   23                        29     -6       53
  SINCE MAR 1    152                        39    113       73
  SINCE JAN 1    178                        45    133      133
..................................................................


WIND (MPH)
  HIGHEST WIND SPEED    14   HIGHEST WIND DIRECTION     S (180)
  HIGHEST GUST SPEED    17   HIGHEST GUST DIRECTION    NW (330)
  AVERAGE WIND SPEED     4.7


SKY COVER
  POSSIBLE SUNSHINE  MM
  AVERAGE SKY COVER 0.8


WEATHER CONDITIONS
 THE FOLLOWING WEATHER WAS RECORDED YESTERDAY.
  HEAVY RAIN
  RAIN
  LIGHT RAIN
  FOG


RELATIVE HUMIDITY (PERCENT)
 HIGHEST    86           200 PM
 LOWEST     56          1000 AM
 AVERAGE    71

..........................................................


THE BOB HOPE AIRPORT (BURBANK) CA CLIMATE NORMALS FOR TODAY
                         NORMAL    RECORD    YEAR
 MAXIMUM TEMPERATURE (F)   75        99      2004
 MINIMUM TEMPERATURE (F)   52        40      1964


SUNRISE AND SUNSET
APRIL 26 2015.........SUNRISE   610 AM PDT   SUNSET   734 PM PDT
APRIL 27 2015.........SUNRISE   608 AM PDT   SUNSET   734 PM PDT


-  INDICATES NEGATIVE NUMBERS.
R  INDICATES RECORD WAS SET OR TIED.
MM INDICATES DATA IS MISSING.
T  INDICATES TRACE AMOUNT.




$$
