000
CDUS41 KCAR 270550
CLICAR


CLIMATE REPORT
NATIONAL WEATHER SERVICE CARIBOU, ME
149 AM EDT MON APR 27 2015


...................................

...THE CARIBOU ME CLIMATE SUMMARY FOR APRIL 26 2015...

CLIMATE NORMAL PERIOD 1981 TO 2010
CLIMATE RECORD PERIOD 1939 TO 2015


WEATHER ITEM   OBSERVED TIME   RECORD YEAR NORMAL DEPARTURE LAST
                VALUE   (LST)  VALUE       VALUE  FROM      YEAR
                                                  NORMAL
..................................................................
TEMPERATURE (F)
 YESTERDAY
  MAXIMUM         49    238 PM  74    1979  54     -5       50
  MINIMUM         35    356 AM  20    1966  34      1       28
  AVERAGE         42                        44     -2       39

PRECIPITATION (IN)
  YESTERDAY        0.06          0.85 1946   0.09  -0.03      T
  MONTH TO DATE    2.24                      2.30  -0.06     4.37
  SINCE MAR 1      3.89                      4.81  -0.92     7.81
  SINCE JAN 1      7.99                      9.73  -1.74    14.03

SNOWFALL (IN)
  YESTERDAY        0.0           1.2  1975   0.1   -0.1      0.0
  MONTH TO DATE    8.6                       7.1    1.5      9.2
  SINCE MAR 1     33.5                      25.4    8.1     51.3
  SINCE JUL 1    141.8                     107.9   33.9    150.7
  SNOW DEPTH       0

DEGREE DAYS
 HEATING
  YESTERDAY       23                        21      2       26
  MONTH TO DATE  763                       715     48      737
  SINCE MAR 1   2165                      1969    196     2277
  SINCE JUL 1   8906                      8690    216     8931

 COOLING
  YESTERDAY        0                         0      0        0
  MONTH TO DATE    0                         0      0        0
  SINCE MAR 1      0                         0      0        0
  SINCE JAN 1      0                         0      0        0
..................................................................


WIND (MPH)
  HIGHEST WIND SPEED    15   HIGHEST WIND DIRECTION     N (20)
  HIGHEST GUST SPEED    20   HIGHEST GUST DIRECTION    NE (40)
  AVERAGE WIND SPEED     6.4


SKY COVER
  POSSIBLE SUNSHINE  MM
  AVERAGE SKY COVER 1.0


WEATHER CONDITIONS
 THE FOLLOWING WEATHER WAS RECORDED YESTERDAY.
  LIGHT RAIN
  FOG


RELATIVE HUMIDITY (PERCENT)
 HIGHEST    92          1200 AM
 LOWEST     61           200 PM
 AVERAGE    77

..........................................................


THE CARIBOU ME CLIMATE NORMALS FOR TODAY
                         NORMAL    RECORD    YEAR
 MAXIMUM TEMPERATURE (F)   54        86      1990
 MINIMUM TEMPERATURE (F)   34        17      1966


SUNRISE AND SUNSET
APRIL 27 2015.........SUNRISE   524 AM EDT   SUNSET   736 PM EDT
APRIL 28 2015.........SUNRISE   522 AM EDT   SUNSET   738 PM EDT


-  INDICATES NEGATIVE NUMBERS.
R  INDICATES RECORD WAS SET OR TIED.
MM INDICATES DATA IS MISSING.
T  INDICATES TRACE AMOUNT.




$$
