000
CDAK48 PACD 261110
CLICDB

CLIMATE REPORT
NATIONAL WEATHER SERVICE COLD BAY, AK
311 AM AKDT SUN APR 26 2015

...................................
...THE COLD BAY AP CLIMATE SUMMARY FOR APRIL 25 2015...

CLIMATE NORMAL PERIOD  1981 TO  2010
CLIMATE RECORD PERIOD  1942 TO  2015

WEATHER ITEM   OBSERVED TIME    RECORD YEAR NORMAL DEPARTURE LAST
               VALUE    (LST)   VALUE       VALUE  FROM      YEAR
                                                   NORMAL
...................................................................
TEMPERATURE
YESTERDAY
 MAXIMUM            43  0422 PM    56  1948     41       2     47
 MINIMUM            32  0141 AM    15  1976     31       1     39
 AVERAGE            38                          36       2     43

PRECIPITATION
(INCHES)
 YESTERDAY        0.03           1.34  2009   0.08   -0.05   0.05
 MONTH TO DATE    1.49                        2.04   -0.55   1.68
 SINCE MAR 1      4.64                        4.74   -0.10   3.07
 SINCE JAN 1      7.15                       10.88   -3.73  11.52

SNOWFALL
(INCHES)
 YESTERDAY           T            4.3  2006    0.2    -0.2    0.0
 MONTH TO DATE     8.0                         6.0     2.0    1.4
 SINCE MAR 1      13.6                        19.0    -5.4    8.2
 SINCE JUL 1      22.3                        71.2   -48.9   37.3
 SNOW DEPTH (IN)     0                                          0

DEGREE DAYS
 HEATING
  YESTERDAY         27                          29      -2     22
  MONTH TO DATE    775                         788     -13    659
  SINCE MAR 1     1717                        1867    -150   1623
  SINCE JUL 1     7090                        8091   -1001   6767

 COOLING
  YESTERDAY          0                           0       0      0
  MONTH TO DATE      0                           0       0      0
  SINCE MAR 1        0                           0       0      0
  SINCE JAN 1        0                           0       0      0
...................................................................

WIND (MPH)
 HIGHEST WIND SPEED    28     HIGHEST WIND DIRECTION    340
 HIGHEST GUST SPEED    33     HIGHEST GUST DIRECTION    340
 AVERAGE WIND SPEED  14.4


WEATHER CONDITIONS
 THE FOLLOWING WEATHER WAS RECORDED YESTERDAY.
  FOG
  RAIN
  SNOW

...................................................................

THE COLD BAY CLIMATE NORMALS FOR TODAY
                           NORMAL    RECORD   YEAR
 MAXIMUM TEMPERATURE (F)     41        60     1948
 MINIMUM TEMPERATURE (F)     31        13     2006

SUNRISE AND SUNSET
 APR 26 2015..........SUNRISE  7:22 AM      SUNSET 10:18 PM
 APR 27 2015..........SUNRISE  7:19 AM      SUNSET 10:20 PM

-  INDICATES NEGATIVE NUMBERS.
R  INDICATES RECORD HAS BEEN SET OR TIED.
MM INDICATES DATA IS MISSING.
T  INDICATES TRACE OF PRECIPITATION.

&&
-------------------------------------------------------------------

AMOUNT OF DAYLIGHT TODAY  (HOUR:MIN)........14 HOURS 56 MINUTES
GAIN SINCE YESTERDAY (HOUR:MIN:SEC).........+0:04:15

$$

RCS APR 15
