000
CDUS45 KSLC 281225
CLICDC


CLIMATE REPORT
NATIONAL WEATHER SERVICE SALT LAKE CITY UT
625 AM MDT TUE APR 28 2015


...................................

...THE CEDAR CITY UT CLIMATE SUMMARY FOR APRIL 27 2015...

CLIMATE NORMAL PERIOD 1981 TO 2010
CLIMATE RECORD PERIOD 1928 TO 2015


WEATHER ITEM   OBSERVED TIME   RECORD YEAR NORMAL DEPARTURE LAST
                VALUE   (LST)  VALUE       VALUE  FROM      YEAR
                                                  NORMAL
..................................................................
TEMPERATURE (F)
 YESTERDAY
  MAXIMUM         62    506 PM  83    2000  65     -3       56
  MINIMUM         29    617 AM  20    2011  35     -6       32
                                      2008
                                      1984
  AVERAGE         46                        50     -4       44

PRECIPITATION (IN)
  YESTERDAY        0.00          0.42 1952   0.03  -0.03     0.00
  MONTH TO DATE    0.64                      0.97  -0.33     0.69
  SINCE OCT 1      5.82                      7.29  -1.47     3.99
  SINCE JAN 1      3.69                      4.18  -0.49     2.05

DEGREE DAYS
 HEATING
  YESTERDAY       19                        15      4       21
  MONTH TO DATE  501                       509     -8      436
  SINCE MAR 1   1142                      1281   -139     1166
  SINCE JUL 1   4980                      5843   -863     5753

 COOLING
  YESTERDAY        0                         0      0        0
  MONTH TO DATE    0                         0      0        0
  SINCE MAR 1      0                         0      0        0
  SINCE JAN 1      0                         0      0        0
..................................................................


WIND (MPH)
  RESULTANT WIND SPEED   7   RESULTANT WIND DIRECTION   N (10)
  HIGHEST WIND SPEED    16   HIGHEST WIND DIRECTION     N (360)
  HIGHEST GUST SPEED    29   HIGHEST GUST DIRECTION    NW (330)
  AVERAGE WIND SPEED     7.2



WEATHER CONDITIONS
 THE FOLLOWING WEATHER WAS RECORDED YESTERDAY.
  NO SIGNIFICANT WEATHER WAS OBSERVED.


RELATIVE HUMIDITY (PERCENT)
 HIGHEST    85           400 AM
 LOWEST     32           400 PM
 AVERAGE    59

..........................................................


THE CEDAR CITY UT CLIMATE NORMALS FOR TODAY
                         NORMAL    RECORD    YEAR
 MAXIMUM TEMPERATURE (F)   65        83      1992
 MINIMUM TEMPERATURE (F)   35        21      1984


SUNRISE AND SUNSET
APRIL 28 2015.........SUNRISE   641 AM MDT   SUNSET   820 PM MDT
APRIL 29 2015.........SUNRISE   639 AM MDT   SUNSET   821 PM MDT


-  INDICATES NEGATIVE NUMBERS.
R  INDICATES RECORD WAS SET OR TIED.
MM INDICATES DATA IS MISSING.
T  INDICATES TRACE AMOUNT.




$$
