000
CDUS46 KLOX 250856
CLICMA


CLIMATE REPORT
NATIONAL WEATHER SERVICE LOS ANGELES/OXNARD CA
156 AM PDT SAT APR 25 2015


...................................

...THE CAMARILLO AIRPORT CA CLIMATE SUMMARY FOR APRIL 24 2015...

CLIMATE NORMAL PERIOD 1981 TO 2010
CLIMATE RECORD PERIOD 1948 TO 2015


WEATHER ITEM   OBSERVED TIME   RECORD YEAR NORMAL DEPARTURE LAST
                VALUE   (LST)  VALUE       VALUE  FROM      YEAR
                                                  NORMAL
..................................................................
TEMPERATURE (F)
 YESTERDAY
  MAXIMUM         66    213 PM  94    2001  70     -4       75
  MINIMUM         54   1141 PM  35    1964  48      6       48
  AVERAGE         60                        59      1       62

PRECIPITATION (IN)
  YESTERDAY        0.00          0.32 1989   0.03  -0.03     0.00
  MONTH TO DATE    0.11                      0.60  -0.49     0.05
  SINCE OCT 1      8.12                     14.43  -6.31     4.96
  SINCE JAN 1      3.21                     10.43  -7.22     4.18

SNOWFALL (IN)
  YESTERDAY        0.0
  MONTH TO DATE    0.0
  SINCE MAR 1      0.0
  SINCE JUL 1      0.0

DEGREE DAYS
 HEATING
  YESTERDAY        5                         6     -1        3
  MONTH TO DATE  107                       171    -64      126
  SINCE MAR 1    198                       448   -250      277
  SINCE JUL 1    855                      1784   -929     1230

 COOLING
  YESTERDAY        0                         0      0        0
  MONTH TO DATE    3                         0      3        2
  SINCE MAR 1     59                         4     55       14
  SINCE JAN 1     98                        13     85       42
..................................................................


WIND (MPH)
  HIGHEST WIND SPEED    13   HIGHEST WIND DIRECTION     W (270)
  HIGHEST GUST SPEED    15   HIGHEST GUST DIRECTION     W (270)
  AVERAGE WIND SPEED     4.0


SKY COVER
  POSSIBLE SUNSHINE  MM
  AVERAGE SKY COVER 0.8


WEATHER CONDITIONS
 THE FOLLOWING WEATHER WAS RECORDED YESTERDAY.
  NO SIGNIFICANT WEATHER WAS OBSERVED.


RELATIVE HUMIDITY (PERCENT)
 HIGHEST    86           300 AM
 LOWEST     56          1100 AM
 AVERAGE    71

..........................................................


THE CAMARILLO AIRPORT CA CLIMATE NORMALS FOR TODAY
                         NORMAL    RECORD    YEAR
 MAXIMUM TEMPERATURE (F)   70        90      1965
 MINIMUM TEMPERATURE (F)   48        38      1964


SUNRISE AND SUNSET
APRIL 25 2015.........SUNRISE   614 AM PDT   SUNSET   736 PM PDT
APRIL 26 2015.........SUNRISE   612 AM PDT   SUNSET   736 PM PDT


-  INDICATES NEGATIVE NUMBERS.
R  INDICATES RECORD WAS SET OR TIED.
MM INDICATES DATA IS MISSING.
T  INDICATES TRACE AMOUNT.




$$
