000
CDUS45 KRIW 030736
CLICPR


CLIMATE REPORT
NATIONAL WEATHER SERVICE RIVERTON WY
126 AM MDT SUN MAY 3 2015


...................................

...THE CASPER WY CLIMATE SUMMARY FOR MAY 2 2015...

CLIMATE NORMAL PERIOD 1981 TO 2010
CLIMATE RECORD PERIOD 1939 TO 2015


WEATHER ITEM   OBSERVED TIME   RECORD YEAR NORMAL DEPARTURE LAST
                VALUE   (LST)  VALUE       VALUE  FROM      YEAR
                                                  NORMAL
..................................................................
TEMPERATURE (F)
 YESTERDAY
  MAXIMUM         76    409 PM  84    1947  62     14       72
  MINIMUM         34    255 AM  17    2005  33      1       37
  AVERAGE         55                        48      7       55

PRECIPITATION (IN)
  YESTERDAY        T             0.93 1979   0.06  -0.06     0.00
  MONTH TO DATE    T                         0.12  -0.12     0.00
  SINCE MAR 1      2.30                      2.23   0.07     2.79
  SINCE JAN 1      3.61                      3.31   0.30     4.27

SNOWFALL (IN)
  YESTERDAY        0.0                       0.2   -0.2      0.0
  MONTH TO DATE    0.0                       0.4   -0.4      0.0
  SINCE MAR 1     14.0                      22.9   -8.9     24.5
  SINCE JUL 1     65.4                      72.3   -6.9     90.7
  SNOW DEPTH       0

DEGREE DAYS
 HEATING
  YESTERDAY       10                        17     -7       10
  MONTH TO DATE   25                        35    -10       33
  SINCE MAR 1   1426                      1629   -203     1605
  SINCE JUL 1   6477                      7077   -600     7369

 COOLING
  YESTERDAY        0                         0      0        0
  MONTH TO DATE    0                         0      0        0
  SINCE MAR 1      0                         0      0        0
  SINCE JAN 1      0                         0      0        0
..................................................................


WIND (MPH)
  HIGHEST WIND SPEED    33   HIGHEST WIND DIRECTION    SW (220)
  HIGHEST GUST SPEED    43   HIGHEST GUST DIRECTION    SW (210)
  AVERAGE WIND SPEED    13.7


SKY COVER
  POSSIBLE SUNSHINE  MM
  AVERAGE SKY COVER 0.1


WEATHER CONDITIONS
 THE FOLLOWING WEATHER WAS RECORDED YESTERDAY.
  NO SIGNIFICANT WEATHER WAS OBSERVED.


RELATIVE HUMIDITY (PERCENT)
 HIGHEST    76           100 AM
 LOWEST     15           200 PM
 AVERAGE    46

..........................................................


THE CASPER WY CLIMATE NORMALS FOR TODAY
                         NORMAL    RECORD    YEAR
 MAXIMUM TEMPERATURE (F)   63        83      1952
                                             1947
 MINIMUM TEMPERATURE (F)   33        17      1954


SUNRISE AND SUNSET
MAY  3 2015...........SUNRISE   557 AM MDT   SUNSET   809 PM MDT
MAY  4 2015...........SUNRISE   556 AM MDT   SUNSET   810 PM MDT


-  INDICATES NEGATIVE NUMBERS.
R  INDICATES RECORD WAS SET OR TIED.
MM INDICATES DATA IS MISSING.
T  INDICATES TRACE AMOUNT.




$$
