000
CDUS44 KCRP 050925
CLICRP

CLIMATE REPORT
NATIONAL WEATHER SERVICE CORPUS CHRISTI TX
423 AM CDT TUE MAY 5 2015


...................................

...THE CORPUS CHRISTI CLIMATE SUMMARY FOR MAY 4 2015...

CLIMATE NORMAL PERIOD 1981 TO 2010
CLIMATE RECORD PERIOD 1887 TO 2015


WEATHER ITEM   OBSERVED TIME   RECORD YEAR NORMAL DEPARTURE LAST
                VALUE   (LST)  VALUE       VALUE  FROM      YEAR
                                                  NORMAL
..................................................................
TEMPERATURE (F)
 YESTERDAY
  MAXIMUM         83    141 PM 100    1999  85     -2       89
  MINIMUM         72    603 AM  47    1970  68      4       54
  AVERAGE         78                        76      2       72

PRECIPITATION (IN)
  YESTERDAY        T             2.16 1966   0.09  -0.09     0.00
  MONTH TO DATE    0.22                      0.33  -0.11     0.08
  SINCE MAR 1     12.71                      4.06   8.65     2.23
  SINCE JAN 1     16.16                      7.53   8.63     3.14

SNOWFALL (IN)
  YESTERDAY        0.0
  MONTH TO DATE    0.0
  SINCE MAR 1      0.0
  SINCE JUL 1      0.0
  SNOW DEPTH       0

DEGREE DAYS
 HEATING
  YESTERDAY        0                         0      0        0
  MONTH TO DATE    0                         0      0        0
  SINCE MAR 1    116                        98     18      146
  SINCE JUL 1   1053                       898    155     1145

 COOLING
  YESTERDAY       13                        11      2        7
  MONTH TO DATE   32                        44    -12       24
  SINCE MAR 1    388                       396     -8      393
  SINCE JAN 1    416                       472    -56      470
..................................................................


WIND (MPH)
  HIGHEST WIND SPEED    24   HIGHEST WIND DIRECTION     E (110)
  HIGHEST GUST SPEED    32   HIGHEST GUST DIRECTION    SE (140)
  AVERAGE WIND SPEED    17.0


SKY COVER
  POSSIBLE SUNSHINE  MM
  AVERAGE SKY COVER 0.7


WEATHER CONDITIONS
 THE FOLLOWING WEATHER WAS RECORDED YESTERDAY.
  NO SIGNIFICANT WEATHER WAS OBSERVED.


RELATIVE HUMIDITY (PERCENT)
 HIGHEST    90           600 AM
 LOWEST     58           100 PM
 AVERAGE    74

..........................................................


THE CORPUS CHRISTI CLIMATE NORMALS FOR TODAY
                         NORMAL    RECORD    YEAR
 MAXIMUM TEMPERATURE (F)   85        96      2003
 MINIMUM TEMPERATURE (F)   68        50      1970


SUNRISE AND SUNSET
MAY  5 2015...........SUNRISE   647 AM CDT   SUNSET   806 PM CDT
MAY  6 2015...........SUNRISE   647 AM CDT   SUNSET   807 PM CDT


-  INDICATES NEGATIVE NUMBERS.
R  INDICATES RECORD WAS SET OR TIED.
MM INDICATES DATA IS MISSING.
T  INDICATES TRACE AMOUNT.




$$
