000
CDUS45 KTFX 211004
CLICTB


CLIMATE REPORT
NATIONAL WEATHER SERVICE GREAT FALLS MT
403 AM MDT TUE APR 21 2015


...................................

...THE CUT BANK MT CLIMATE SUMMARY FOR APRIL 20 2015...

CLIMATE NORMAL PERIOD 1981 TO 2010
CLIMATE RECORD PERIOD 1903 TO 2015


WEATHER ITEM   OBSERVED TIME   RECORD YEAR NORMAL DEPARTURE LAST
                VALUE   (LST)  VALUE       VALUE  FROM      YEAR
                                                  NORMAL
..................................................................
TEMPERATURE (F)
 YESTERDAY
  MAXIMUM         65    442 PM  81    1980  55     10       57
  MINIMUM         21    517 AM  -5    1927  30     -9       35
  AVERAGE         43                        42      1       46

PRECIPITATION (IN)
  YESTERDAY        0.00          0.50 1920   0.02  -0.02     0.00
  MONTH TO DATE    0.15                      0.45  -0.30     0.61
  SINCE OCT 1      3.82                      2.38   1.44     3.73
  SINCE JAN 1      1.29                      1.36  -0.07     2.53

SNOWFALL (IN)
  YESTERDAY       MM
  SNOW DEPTH       0

DEGREE DAYS
 HEATING
  YESTERDAY       22                        23     -1       19
  MONTH TO DATE  522                       509     13      489
  SINCE MAR 1   1296                      1547   -251     1711
  SINCE JUL 1   6958                      7607   -649     7917

 COOLING
  YESTERDAY        0                         0      0        0
  MONTH TO DATE    0                         0      0        0
  SINCE MAR 1      0                         0      0        0
  SINCE JAN 1      0                         0      0        0
..................................................................


WIND (MPH)
  HIGHEST WIND SPEED    16   HIGHEST WIND DIRECTION     N (360)
  HIGHEST GUST SPEED    20   HIGHEST GUST DIRECTION     N (340)
  AVERAGE WIND SPEED     6.5


SKY COVER
  AVERAGE SKY COVER 0.1


WEATHER CONDITIONS
 THE FOLLOWING WEATHER WAS RECORDED YESTERDAY.
  NO SIGNIFICANT WEATHER WAS OBSERVED.


RELATIVE HUMIDITY (PERCENT)
 HIGHEST    84           600 AM
 LOWEST     20           100 PM
 AVERAGE    52

..........................................................


THE CUT BANK MT CLIMATE NORMALS FOR TODAY
                         NORMAL    RECORD    YEAR
 MAXIMUM TEMPERATURE (F)   55        78      1911
 MINIMUM TEMPERATURE (F)   30         2      1951


SUNRISE AND SUNSET
APRIL 21 2015.........SUNRISE   628 AM MDT   SUNSET   830 PM MDT
APRIL 22 2015.........SUNRISE   626 AM MDT   SUNSET   831 PM MDT


-  INDICATES NEGATIVE NUMBERS.
R  INDICATES RECORD WAS SET OR TIED.
MM INDICATES DATA IS MISSING.
T  INDICATES TRACE AMOUNT.




$$
